{"id":1550,"date":"2017-11-01T06:44:13","date_gmt":"2017-11-01T06:44:13","guid":{"rendered":"http:\/\/www.ibagsbelts.com\/?page_id=1550"},"modified":"2020-07-30T19:03:53","modified_gmt":"2020-07-30T17:03:53","slug":"cinturones-cuero","status":"publish","type":"page","link":"https:\/\/www.ibagsbelts.com\/tienda\/cinturones-cuero\/","title":{"rendered":"Cinturones de cuero artesanal"},"content":{"rendered":"<p>[vc_row bg_color=&#8221;&#8221;][vc_column width=&#8221;1\/1&#8243;]<div class=\"woocommerce columns-3\"><ul class=\"products columns-3\">\n<li class=\"product-category product first col-md-4 col-sm-4 col-xs-6 col-lg-4\">\n\t<a aria-label=\"Visitar la categor\u00eda de producto Cinturones trenzados\" href=\"https:\/\/www.ibagsbelts.com\/tienda\/categoria-producto\/cinturon\/trenzados-cinturon\/\"><img loading=\"lazy\" decoding=\"async\" src=\"https:\/\/www.ibagsbelts.com\/wp-content\/uploads\/2018\/01\/RL-2407-C8-copia-e1576662259491-433x516.png\" alt=\"Cinturones trenzados\" width=\"433\" height=\"516\" \/>\t\t<h2 class=\"woocommerce-loop-category__title\">\n\t\t\tCinturones trenzados <mark class=\"count\">(144)<\/mark>\t\t<\/h2>\n\t\t<\/a><\/li>\n<li class=\"product-category product col-md-4 col-sm-4 col-xs-6 col-lg-4\">\n\t<a aria-label=\"Visitar la categor\u00eda de producto Cinturones de pelo\" href=\"https:\/\/www.ibagsbelts.com\/tienda\/categoria-producto\/cinturon\/cinturones-de-pelo\/\"><img loading=\"lazy\" decoding=\"async\" src=\"https:\/\/www.ibagsbelts.com\/wp-content\/uploads\/2022\/08\/image00025-1-433x516.jpeg\" alt=\"Cinturones de pelo\" width=\"433\" height=\"516\" \/>\t\t<h2 class=\"woocommerce-loop-category__title\">\n\t\t\tCinturones de pelo <mark class=\"count\">(7)<\/mark>\t\t<\/h2>\n\t\t<\/a><\/li>\n<li class=\"product-category product last col-md-4 col-sm-4 col-xs-6 col-lg-4\">\n\t<a aria-label=\"Visitar la categor\u00eda de producto Cinturones\" href=\"https:\/\/www.ibagsbelts.com\/tienda\/categoria-producto\/cinturon\/\"><img loading=\"lazy\" decoding=\"async\" src=\"https:\/\/www.ibagsbelts.com\/wp-content\/uploads\/2020\/09\/03-433x516.jpg\" alt=\"Cinturones\" width=\"433\" height=\"516\" \/>\t\t<h2 class=\"woocommerce-loop-category__title\">\n\t\t\tCinturones <mark class=\"count\">(326)<\/mark>\t\t<\/h2>\n\t\t<\/a><\/li>\n<li class=\"product-category product first col-md-4 col-sm-4 col-xs-6 col-lg-4\">\n\t<a aria-label=\"Visitar la categor\u00eda de producto Cinturones con tachas\" href=\"https:\/\/www.ibagsbelts.com\/tienda\/categoria-producto\/cinturon\/cinturon-con-tachas\/\"><img loading=\"lazy\" decoding=\"async\" src=\"https:\/\/www.ibagsbelts.com\/wp-content\/uploads\/2018\/01\/RLC-17-C1-433x516.png\" alt=\"Cinturones con tachas\" width=\"433\" height=\"516\" \/>\t\t<h2 class=\"woocommerce-loop-category__title\">\n\t\t\tCinturones con tachas <mark class=\"count\">(91)<\/mark>\t\t<\/h2>\n\t\t<\/a><\/li>\n<\/ul>\n<\/div>[\/vc_column][\/vc_row][vc_row bg_color=&#8221;&#8221;][vc_column][vc_column_text]<\/p>\n<h2><strong>Nuestros bolsos de cuero artesanales<\/strong><\/h2>\n<p>Cinturones de cuero para complementar tus outfit.<\/p>\n<p>Cinturones trenzados, liso.<\/p>\n<p>Con gran variedad de hebillas para sentirte mas c\u00f3moda, cinturones de cuero para dar un toque boho, los cl\u00e1sicos cinturones con hebilla que nunca pasan de moda.<\/p>\n<p>C\u00f3mo elegir el tipo de cintur\u00f3n que m\u00e1s se adapta a tu estilo solo depende de ti.<\/p>\n<p>Son complementos infalibles, perfectos compa\u00f1eros en cada temporada.<\/p>\n<p>Tenemos modelos para todas las ocasiones para completar un look especial.<\/p>\n<p>En IBAGSBELTS sabemos la importancia de combinar correctamente tus complementos para tener un look ganador, as\u00ed que te ofrecemos una amplia variedad de estilos para que tengas donde escoger, desde bolsos bandolera y mochilas, hasta tipo clutch, bolso de cuero<strong>,<a href=\"https:\/\/www.ibagsbelts.com\/tienda\/maletas-de-viajes\/\">\u00a0bolsos de viaje<\/a>\u00a0<\/strong>y<strong> <a href=\"https:\/\/www.ibagsbelts.com\/tienda\/shoppers\/\">shopping bags<\/a><\/strong>, \u00a1elije tu favorito!<\/p>\n<h3>Los<strong> Cinturones de cuero artesanal,\u00a0<\/strong> son un accesorio imprescindible en el armario femenino.<\/h3>\n<h3><strong>Los <a href=\"https:\/\/www.ibagsbelts.com\/tienda\/categoria-producto\/trenzados-cinturon\/\">cinturones trenzados<\/a>,<\/strong>\u00a0 son algunas de las destacadas\u00a0 que forman parte de nuestra selecci\u00f3n.<\/h3>\n<p>Juega a conjuntar tus\u00a0<strong><a href=\"https:\/\/www.ibagsbelts.com\/tienda\/categoria-producto\/calzado-cowboy-botas-vaqueras\/\">botines<\/a><\/strong>\u00a0con uno de nuestros<strong> <a href=\"https:\/\/www.ibagsbelts.com\/tienda\/bolsos-de-cuero\/\">bolsos<\/a> <\/strong>y seguro que triunfar\u00e1s con tu estilismo.<\/p>\n<p>No pierdas m\u00e1s el tiempo y descubre la extensa gama de<strong>\u00a0bolsos y <a href=\"https:\/\/www.ibagsbelts.com\/tienda\/mochilas-de-cuero\/\">mochilas<\/a> para mujer<\/strong>\u00a0que ponemos a tu disposici\u00f3n en IBAGSBELTS.<\/p>\n<p>Para salir de fiesta con tus amigos no tienes m\u00e1s que ponerte un<strong>\u00a0<a href=\"https:\/\/www.ibagsbelts.com\/tienda\/categoria-producto\/abrigos-cazadoras\/\">ABRIGOS O CAZADORAS<\/a><\/strong> y uno de nuestros originales bolsos de mujer.<\/p>\n<p>Para cargar con todos los trastos durante el d\u00eda a d\u00eda, las mochilas para mujer est\u00e1n totalmente de actualidad..<\/p>\n<p>El bolso para mujer que buscas est\u00e1 en esta selecci\u00f3n: solo tendr\u00e1s que navegar entre las decenas de art\u00edculos para adquirir tu modelo favorito.<\/p>\n<p>Hay bolsos amplios y grandes, aptos para llevarlos al trabajo o de visita tur\u00edstica.<\/p>\n<p>Tambi\u00e9n tienes<strong> <a href=\"https:\/\/www.ibagsbelts.com\/tienda\/bolsos-de-mano-clutchs\/\">bolsos de mano<\/a>,<\/strong> muy \u00fatiles cuando quieres salir con tu<strong>\u00a0<\/strong><a href=\"https:\/\/www.ibagsbelts.com\/tienda\/categoria-producto\/vestidos-boho-hippie-chic\/\"><strong>vestido<\/strong>\u00a0<\/a>\u00a0sin llevar demasiadas cosas encima.[\/vc_column_text][vc_column_text][\/vc_column_text][\/vc_column][\/vc_row]<\/p>\n<!-- AddThis Advanced Settings generic via filter on the_content --><!-- AddThis Share Buttons generic via filter on the_content -->","protected":false},"excerpt":{"rendered":"<p>[vc_row bg_color=&#8221;&#8221;][vc_column width=&#8221;1\/1&#8243;][\/vc_column][\/vc_row][vc_row bg_color=&#8221;&#8221;][vc_column][vc_column_text] Nuestros bolsos de cuero artesanales Cinturones de cuero para complementar tus&hellip;<!-- AddThis Advanced Settings generic via filter on get_the_excerpt --><!-- AddThis Share Buttons generic via filter on get_the_excerpt --><\/p>\n","protected":false},"author":1998,"featured_media":0,"parent":0,"menu_order":0,"comment_status":"closed","ping_status":"closed","template":"","meta":{"om_disable_all_campaigns":false,"_monsterinsights_skip_tracking":false,"_monsterinsights_sitenote_active":false,"_monsterinsights_sitenote_note":"","_monsterinsights_sitenote_category":0,"_uf_show_specific_survey":0,"_uf_disable_surveys":false,"footnotes":""},"class_list":["post-1550","page","type-page","status-publish","hentry"],"aioseo_notices":[],"_links":{"self":[{"href":"https:\/\/www.ibagsbelts.com\/tienda\/wp-json\/wp\/v2\/pages\/1550","targetHints":{"allow":["GET"]}}],"collection":[{"href":"https:\/\/www.ibagsbelts.com\/tienda\/wp-json\/wp\/v2\/pages"}],"about":[{"href":"https:\/\/www.ibagsbelts.com\/tienda\/wp-json\/wp\/v2\/types\/page"}],"author":[{"embeddable":true,"href":"https:\/\/www.ibagsbelts.com\/tienda\/wp-json\/wp\/v2\/users\/1998"}],"replies":[{"embeddable":true,"href":"https:\/\/www.ibagsbelts.com\/tienda\/wp-json\/wp\/v2\/comments?post=1550"}],"version-history":[{"count":0,"href":"https:\/\/www.ibagsbelts.com\/tienda\/wp-json\/wp\/v2\/pages\/1550\/revisions"}],"wp:attachment":[{"href":"https:\/\/www.ibagsbelts.com\/tienda\/wp-json\/wp\/v2\/media?parent=1550"}],"curies":[{"name":"wp","href":"https:\/\/api.w.org\/{rel}","templated":true}]}}