{"id":10487,"date":"2020-10-10T14:06:12","date_gmt":"2020-10-10T12:06:12","guid":{"rendered":"https:\/\/www.ibagsbelts.com\/tienda\/?post_type=product&#038;p=10487"},"modified":"2026-03-15T16:00:05","modified_gmt":"2026-03-15T15:00:05","slug":"bolso-de-mano-con-remaches","status":"publish","type":"product","link":"https:\/\/www.ibagsbelts.com\/tienda\/producto\/bolso-de-mano-con-remaches\/","title":{"rendered":"Bolso de mano con remaches Keyla"},"content":{"rendered":"<p style=\"text-align: left;\">\u00a1Eleva tu estilo con nuestro Bolso de Mano Vers\u00e1til y con Encanto Vintage! Este bolso no es solo un accesorio; es una declaraci\u00f3n de elegancia y funcionalidad.<\/p>\n<p style=\"text-align: left;\"><strong>Detalles Exclusivos:<\/strong><\/p>\n<ul style=\"text-align: left;\">\n<li><strong>Dos Correas, Doble Estilo:<\/strong> Ll\u00e9valo como bolso de mano o bandolera, adapt\u00e1ndolo a tu estilo y necesidades.<\/li>\n<li><strong>Amplio Espacio Interior:<\/strong> A pesar de su elegante dise\u00f1o compacto, ofrece suficiente espacio para tus esenciales diarios: llaves, monedero y smartphone.<\/li>\n<li><strong>Forro de Tela de Algod\u00f3n:<\/strong> No solo es pr\u00e1ctico, sino tambi\u00e9n c\u00f3modo al tacto, brindando protecci\u00f3n y estilo.<\/li>\n<li><strong>Cierre R\u00e1pido con Toque Vintage:<\/strong> El cierre r\u00e1pido no solo asegura tus pertenencias, sino que tambi\u00e9n a\u00f1ade un encanto vintage que no pasar\u00e1 desapercibido.<\/li>\n<\/ul>\n<p style=\"text-align: left;\">Este bolso es m\u00e1s que una pieza de moda; es un testimonio de tu elegancia atemporal. \u00a1Prep\u00e1rate para destacar con un toque vintage que nunca pasa de moda!<\/p>\n<p style=\"text-align: left;\"><strong>Aviso importante<\/strong><\/p>\n<p style=\"text-align: left;\">Todos nuestros productos de cuero est\u00e1n hechos a mano y su nueva bolsa de cuero puede estar sujeta a una variaci\u00f3n natural en tama\u00f1o y color.<br \/>\nPara los tama\u00f1os, permita 1-2 cm difiere debido a la medida manual.<br \/>\nLas im\u00e1genes son 100% reales.<br \/>\nDebido al monitor del ordenador y el brillo real de la toma y otras razones, habr\u00e1 una cierta diferencia de color.<\/p>\n<!-- AddThis Advanced Settings generic via filter on the_content --><!-- AddThis Share Buttons generic via filter on the_content -->","protected":false},"excerpt":{"rendered":"<h2>El compa\u00f1ero perfecto para el pr\u00f3ximo paseo por el parque.<\/h2>\n<h5>El bolso de mano con dos correas una de mano y otra para bandolera, tiene espacio suficiente para lo indispensable en su interior como tu llaves, monedero y tu smartphone su interior esta forrado con tela algod\u00f3n.<\/h5>\n<h5>Su estilo vintage hace que el bolso sea un compa\u00f1ero a temporal. Se cierra mediante un cierre r\u00e1pido que tambi\u00e9n le da un aspecto vintage que te encantar\u00e1.<\/h5>\n<h5>Forro interior. \u00a0Medidas: 30 cm X 20 cm.<\/h5>\n<h5 style=\"text-align: center;\"><strong>\u00bfAlguna duda? Ponte en contacto con nosotros a trav\u00e9s del bot\u00f3n del chat directo por whatsApp y te resolveremos las dudas al instante!<\/strong><\/h5>\n<p><!-- AddThis Advanced Settings generic via filter on get_the_excerpt --><!-- AddThis Share Buttons generic via filter on get_the_excerpt --><\/p>\n","protected":false},"featured_media":27665,"comment_status":"open","ping_status":"closed","template":"","meta":{"om_disable_all_campaigns":false,"_monsterinsights_skip_tracking":false,"_monsterinsights_sitenote_active":false,"_monsterinsights_sitenote_note":"","_monsterinsights_sitenote_category":0,"_uf_show_specific_survey":0,"_uf_disable_surveys":false},"product_brand":[1217],"product_cat":[240],"product_tag":[1096,301,877,736,737,266,303,299,305,316,313,255,257,302,281,749],"class_list":{"0":"post-10487","1":"product","2":"type-product","3":"status-publish","4":"has-post-thumbnail","6":"product_brand-ibags-belts","7":"product_cat-bolsos-bandoleras-de-cuero-artesanal","8":"product_tag-artesania","9":"product_tag-bandolera","10":"product_tag-bandoleras","11":"product_tag-boho","12":"product_tag-bohochic","13":"product_tag-bolso-bohemian-bolso-cuero-repujado-bolsos-cuero-retro-bolso-shopper-cuero-bolso-cuero-trenzado-bolso-cuero-troquelado","14":"product_tag-bolso-bohemian","15":"product_tag-bolso-cuero","16":"product_tag-bolso-cuero-artesanal","17":"product_tag-bolso-cuero-con-tachuelas","18":"product_tag-bolso-cuero-hecho-a-mano","19":"product_tag-bolso-cuero-mujer","20":"product_tag-bolso-cuero-bandolera-bolso-cuero-artesanal-bolso-cuero-artesanal-hombre-bolso-cuero-boho-bolso-cuero-con-tachuelas-bolsos-cuero-caballero-bolso-cuero-de-hombre","21":"product_tag-bolsos-de-cuero","22":"product_tag-bolso-bohemian-bolso-cuero-para-hombre-bolso-cuero-repujado-bolsos-cuero-retro-bolso-shopper-cuero-bolso-cuero-trenzado-bolso-cuero-troquelado-bolso-cuero-vaca-bolso-cuero-viaje-hombre","23":"product_tag-clutch","25":"first","26":"instock","27":"shipping-taxable","28":"purchasable","29":"product-type-variable","30":"has-default-attributes","31":"add-to-wishlist-after_add_to_cart","32":"layout-style-1","33":"col-md-4 col-sm-4 col-xs-6","34":"col-lg-3","35":"product-has-gallery","36":"product-style-default"},"aioseo_notices":[],"_links":{"self":[{"href":"https:\/\/www.ibagsbelts.com\/tienda\/wp-json\/wp\/v2\/product\/10487","targetHints":{"allow":["GET"]}}],"collection":[{"href":"https:\/\/www.ibagsbelts.com\/tienda\/wp-json\/wp\/v2\/product"}],"about":[{"href":"https:\/\/www.ibagsbelts.com\/tienda\/wp-json\/wp\/v2\/types\/product"}],"replies":[{"embeddable":true,"href":"https:\/\/www.ibagsbelts.com\/tienda\/wp-json\/wp\/v2\/comments?post=10487"}],"wp:featuredmedia":[{"embeddable":true,"href":"https:\/\/www.ibagsbelts.com\/tienda\/wp-json\/wp\/v2\/media\/27665"}],"wp:attachment":[{"href":"https:\/\/www.ibagsbelts.com\/tienda\/wp-json\/wp\/v2\/media?parent=10487"}],"wp:term":[{"taxonomy":"product_brand","embeddable":true,"href":"https:\/\/www.ibagsbelts.com\/tienda\/wp-json\/wp\/v2\/product_brand?post=10487"},{"taxonomy":"product_cat","embeddable":true,"href":"https:\/\/www.ibagsbelts.com\/tienda\/wp-json\/wp\/v2\/product_cat?post=10487"},{"taxonomy":"product_tag","embeddable":true,"href":"https:\/\/www.ibagsbelts.com\/tienda\/wp-json\/wp\/v2\/product_tag?post=10487"}],"curies":[{"name":"wp","href":"https:\/\/api.w.org\/{rel}","templated":true}]}}