{"id":10525,"date":"2020-10-21T17:42:35","date_gmt":"2020-10-21T15:42:35","guid":{"rendered":"https:\/\/www.ibagsbelts.com\/tienda\/?post_type=product&#038;p=10525"},"modified":"2026-03-15T15:58:58","modified_gmt":"2026-03-15T14:58:58","slug":"maletin-de-cuero-artesanal-dos-hebillas-marron","status":"publish","type":"product","link":"https:\/\/www.ibagsbelts.com\/tienda\/producto\/maletin-de-cuero-artesanal-dos-hebillas-marron\/","title":{"rendered":"Malet\u00edn de piel con cierre de llave color marr\u00f3n"},"content":{"rendered":"<p><span class=\"a-list-item\">Malet\u00edn\u00a0 de dise\u00f1o hecho en cuero suave de gran comodidad<\/span><\/p>\n<p><span class=\"a-list-item\">Es espacioso, ofrece suficiente espacio para almacenar dispositivos de hasta 15,6 pulgadas y blocs de notas en formato A4. La correa tiene 140 cm de largo, pero se puede acortar si es necesario.<\/span><\/p>\n<p><span class=\"a-list-item\">MEDIDAS 37 cm de largo, 30 cm de alto y 13 cm de profundidad.<\/span><\/p>\n<p>Cierre con llave y doble compartimento<\/p>\n<p><span class=\"a-list-item\">Este malet\u00edn fue fabricado por uno de nuestros artesanos.<\/span><\/p>\n<p>\u00a0<\/p>\n<p style=\"text-align: center;\"><strong>Aviso importante<\/strong><\/p>\n<p>Todos nuestros productos de cuero est\u00e1n hechos a mano y su nuevo bolso de cuero puede estar sujeta a una variaci\u00f3n natural en tama\u00f1o y color.<\/p>\n<p>Las pieles utilizadas han sido procesadas y curtidas en una de las curtidur\u00edas m\u00e1s antiguas utilizando t\u00e9cnicas centenarias para dar al cuero acabado un aspecto antiguo \/ vintage.<br \/>\nPara los tama\u00f1os, permita 1-2 cm diferencia debido a la medida manual.<br \/>\nLas im\u00e1genes son 100% reales.<br \/>\nDebido al monitor del ordenador y el brillo real de la toma y otras razones, habr\u00e1 una cierta diferencia de color.<\/p>\n<!-- AddThis Advanced Settings generic via filter on the_content --><!-- AddThis Share Buttons generic via filter on the_content -->","protected":false},"excerpt":{"rendered":"<p><span class=\"a-list-item\">Malet\u00edn\u00a0 de dise\u00f1o hecho en cuero suave de gran comodidad<\/span><\/p>\n<p><span class=\"a-list-item\">Es espacioso, ofrece suficiente espacio para almacenar dispositivos de hasta 15,6 pulgadas y blocs de notas en formato A4. La correa tiene 140 cm de largo, pero se puede acortar si es necesario.<\/span><\/p>\n<p><span class=\"a-list-item\">MEDIDAS 37 cm de largo, 30 cm de alto y 13 cm de profundidad.<\/span><\/p>\n<p>Cierre con llave y doble compartimento<\/p>\n<p><span class=\"a-list-item\">Este malet\u00edn fue fabricado por uno de nuestros artesanos.<\/span><\/p>\n<h5>\u00bfAlguna duda? Ponte en contacto con nosotros a trav\u00e9s del bot\u00f3n del chat directo por whatsapp y te resolveremos las dudas al instante!<\/h5>\n<p><!-- AddThis Advanced Settings generic via filter on get_the_excerpt --><!-- AddThis Share Buttons generic via filter on get_the_excerpt --><\/p>\n","protected":false},"featured_media":10529,"comment_status":"closed","ping_status":"closed","template":"","meta":{"om_disable_all_campaigns":false,"_monsterinsights_skip_tracking":false,"_monsterinsights_sitenote_active":false,"_monsterinsights_sitenote_note":"","_monsterinsights_sitenote_category":0,"_uf_show_specific_survey":0,"_uf_disable_surveys":false},"product_brand":[1217],"product_cat":[240,757,402],"product_tag":[305,885,905,875,928],"class_list":{"0":"post-10525","1":"product","2":"type-product","3":"status-publish","4":"has-post-thumbnail","6":"product_brand-ibags-belts","7":"product_cat-bolsos-bandoleras-de-cuero-artesanal","8":"product_cat-bolso-clutch","9":"product_cat-maletin-liso","10":"product_tag-bolso-cuero-artesanal","11":"product_tag-cartera","12":"product_tag-casual","13":"product_tag-maletin","14":"product_tag-portafolios","16":"first","17":"instock","18":"shipping-taxable","19":"purchasable","20":"product-type-simple","21":"add-to-wishlist-after_add_to_cart","22":"layout-style-1","23":"col-md-4 col-sm-4 col-xs-6","24":"col-lg-3","25":"product-has-gallery","26":"product-style-default"},"aioseo_notices":[],"_links":{"self":[{"href":"https:\/\/www.ibagsbelts.com\/tienda\/wp-json\/wp\/v2\/product\/10525","targetHints":{"allow":["GET"]}}],"collection":[{"href":"https:\/\/www.ibagsbelts.com\/tienda\/wp-json\/wp\/v2\/product"}],"about":[{"href":"https:\/\/www.ibagsbelts.com\/tienda\/wp-json\/wp\/v2\/types\/product"}],"replies":[{"embeddable":true,"href":"https:\/\/www.ibagsbelts.com\/tienda\/wp-json\/wp\/v2\/comments?post=10525"}],"wp:featuredmedia":[{"embeddable":true,"href":"https:\/\/www.ibagsbelts.com\/tienda\/wp-json\/wp\/v2\/media\/10529"}],"wp:attachment":[{"href":"https:\/\/www.ibagsbelts.com\/tienda\/wp-json\/wp\/v2\/media?parent=10525"}],"wp:term":[{"taxonomy":"product_brand","embeddable":true,"href":"https:\/\/www.ibagsbelts.com\/tienda\/wp-json\/wp\/v2\/product_brand?post=10525"},{"taxonomy":"product_cat","embeddable":true,"href":"https:\/\/www.ibagsbelts.com\/tienda\/wp-json\/wp\/v2\/product_cat?post=10525"},{"taxonomy":"product_tag","embeddable":true,"href":"https:\/\/www.ibagsbelts.com\/tienda\/wp-json\/wp\/v2\/product_tag?post=10525"}],"curies":[{"name":"wp","href":"https:\/\/api.w.org\/{rel}","templated":true}]}}

Maletín de piel con cierre de llave color marrón

<p><span class="a-list-item">Maletín  de diseño hecho en cuero suave de gran comodidad</span></p>
<p><span class="a-list-item">Es espacioso, ofrece suficiente espacio para almacenar dispositivos de hasta 15,6 pulgadas y blocs de notas en formato A4. La correa tiene 140 cm de largo, pero se puede acortar si es necesario.</span></p>
<p><span class="a-list-item">MEDIDAS 37 cm de largo, 30 cm de alto y 13 cm de profundidad.</span></p>
<p>Cierre con llave y doble compartimento</p>
<p><span class="a-list-item">Este maletín fue fabricado por uno de nuestros artesanos.</span></p>
<p> </p>
<p style="text-align: center;"><strong>Aviso importante</strong></p>
<p>Todos nuestros productos de cuero están hechos a mano y su nuevo bolso de cuero puede estar sujeta a una variación natural en tamaño y color.</p>
<p>Las pieles utilizadas han sido procesadas y curtidas en una de las curtidurías más antiguas utilizando técnicas centenarias para dar al cuero acabado un aspecto antiguo / vintage.<br />
Para los tamaños, permita 1-2 cm diferencia debido a la medida manual.<br />
Las imágenes son 100% reales.<br />
Debido al monitor del ordenador y el brillo real de la toma y otras razones, habrá una cierta diferencia de color.</p>
<!-- AddThis Advanced Settings generic via filter on the_content --><!-- AddThis Share Buttons generic via filter on the_content -->

<p><span class="a-list-item">Maletín  de diseño hecho en cuero suave de gran comodidad</span></p>
<p><span class="a-list-item">Es espacioso, ofrece suficiente espacio para almacenar dispositivos de hasta 15,6 pulgadas y blocs de notas en formato A4. La correa tiene 140 cm de largo, pero se puede acortar si es necesario.</span></p>
<p><span class="a-list-item">MEDIDAS 37 cm de largo, 30 cm de alto y 13 cm de profundidad.</span></p>
<p>Cierre con llave y doble compartimento</p>
<p><span class="a-list-item">Este maletín fue fabricado por uno de nuestros artesanos.</span></p>
<h5>¿Alguna duda? Ponte en contacto con nosotros a través del botón del chat directo por whatsapp y te resolveremos las dudas al instante!</h5>
<p><!-- AddThis Advanced Settings generic via filter on get_the_excerpt --><!-- AddThis Share Buttons generic via filter on get_the_excerpt --></p>
