{"id":10596,"date":"2020-11-02T20:53:48","date_gmt":"2020-11-02T19:53:48","guid":{"rendered":"https:\/\/www.ibagsbelts.com\/tienda\/?post_type=product&#038;p=10596"},"modified":"2026-03-15T15:57:26","modified_gmt":"2026-03-15T14:57:26","slug":"cinturon-boho-chic-hebilla-paz","status":"publish","type":"product","link":"https:\/\/www.ibagsbelts.com\/tienda\/producto\/cinturon-boho-chic-hebilla-paz\/","title":{"rendered":"Cintur\u00f3n marr\u00f3n trenzado boho chic  hebilla s\u00edmbolo de paz"},"content":{"rendered":"<p style=\"text-align: left;\">Descubre la esencia del estilo con nuestro Cintur\u00f3n Artesanal que a\u00f1adir\u00e1 el toque perfecto a tu atuendo. Este cintur\u00f3n no es solo un accesorio funcional, es una obra de arte en s\u00ed mismo.<\/p>\n<p style=\"text-align: left;\"><strong>Detalles Exclusivos:<\/strong><\/p>\n<ul style=\"text-align: left;\">\n<li><strong>Hebilla Artesanal:<\/strong> La pieza central es una hebilla artesanal con un dise\u00f1o del s\u00edmbolo de paz en dos tonos, que aporta un toque \u00fanico y significativo.<\/li>\n<li><strong>Trenzado Artesanal:<\/strong> Cada cent\u00edmetro de este cintur\u00f3n est\u00e1 tejido a mano con habilidad artesanal, a\u00f1adiendo textura y estilo.<\/li>\n<li><strong>Combinaci\u00f3n Perfecta:<\/strong> Dise\u00f1ado para complementar nuestros bolsos, busca la combinaci\u00f3n ideal para un conjunto armonioso y elegante.<\/li>\n<li><strong>Ancho Ideal:<\/strong> Con aproximadamente 7,5 cm de ancho, es el equilibrio perfecto entre declaraci\u00f3n de moda y comodidad.<\/li>\n<li><strong>Variedad de Tama\u00f1os:<\/strong> Desde 80 cm hasta 115 cm, encuentra el ajuste perfecto para tu cintura.<\/li>\n<\/ul>\n<p style=\"text-align: left;\"><strong>100% Cuero Artesanal:<\/strong> Este cintur\u00f3n est\u00e1 hecho con cuero de la m\u00e1s alta calidad, con un toque artesanal que lo distingue. Cada detalle cuenta una historia de habilidad y dedicaci\u00f3n.<\/p>\n<p style=\"text-align: left;\">Destaca tu estilo con este cintur\u00f3n \u00fanico y si\u00e9ntete seguro de que est\u00e1s llevando una pieza artesanal que agrega personalidad a tu look.<\/p>\n<p style=\"text-align: left;\"><strong>Aviso importante<\/strong><\/p>\n<p style=\"text-align: left;\">Todos nuestros productos de cuero est\u00e1n hechos a mano y su nuevo bolso de cuero puede estar sujeta a una variaci\u00f3n natural en tama\u00f1o y color.<\/p>\n<p style=\"text-align: left;\">Las pieles utilizadas han sido procesadas y curtidas en una de las curtidur\u00edas m\u00e1s antiguas utilizando t\u00e9cnicas centenarias para dar al cuero acabado un aspecto antiguo \/ vintage.<br \/>\nPara los tama\u00f1os, permita 1-2 cm diferencia debido a la medida manual.<br \/>\nLas im\u00e1genes son 100% reales.<br \/>\nDebido al monitor del ordenador y el brillo real de la toma y otras razones, habr\u00e1 una cierta diferencia de color.<\/p>\n<!-- AddThis Advanced Settings generic via filter on the_content --><!-- AddThis Share Buttons generic via filter on the_content -->","protected":false},"excerpt":{"rendered":"<h2>Cintur\u00f3n te va a dar ese estilo que estaba buscando y combinar con unos de nuestros bolsos.<\/h2>\n<p>Este lleva una hebilla \u00a0artesanal con dise\u00f1o del s\u00edmbolo de paz en dos tonos, \u00a0as\u00ed como su trenzado artesanal. Busca el bolso con elcin que combina y ll\u00e9vate los dos complementos.<\/p>\n<p>Ancho: aproximadamente 7,5 cm.\u00a0Largo: contamos con medidas que var\u00edan entre 80cm y 115cm<\/p>\n<p>100% CUERO ARTESANAL.<\/p>\n<h5><strong>\u00bfAlguna duda? Ponte en contacto con nosotros a trav\u00e9s del bot\u00f3n del chat directo por whatsApp y te resolveremos las dudas al instante!<\/strong><\/h5>\n<p><!-- AddThis Advanced Settings generic via filter on get_the_excerpt --><!-- AddThis Share Buttons generic via filter on get_the_excerpt --><\/p>\n","protected":false},"featured_media":14497,"comment_status":"open","ping_status":"closed","template":"","meta":{"om_disable_all_campaigns":false,"_monsterinsights_skip_tracking":false,"_monsterinsights_sitenote_active":false,"_monsterinsights_sitenote_note":"","_monsterinsights_sitenote_category":0,"_uf_show_specific_survey":0,"_uf_disable_surveys":false},"product_brand":[1217],"product_cat":[396,951],"product_tag":[1135,1087,290,258,332,340,341,264,333,1089,1067,31,753,1088,1048],"class_list":{"0":"post-10596","1":"product","2":"type-product","3":"status-publish","4":"has-post-thumbnail","6":"product_brand-ibags-belts","7":"product_cat-trenzados-cinturon","8":"product_cat-fajin","9":"product_tag-accesorios-y-complementos","10":"product_tag-cinto","11":"product_tag-cinturon","12":"product_tag-cinturon-cuero-cowboy-cinturon-cuero-de-vaca-cinturon-de-cuero-artesanal-bolso-de-cuero-cinturon-cuero-para-hombre-cinturon-para-mujer","13":"product_tag-cinturon-cuero","14":"product_tag-cinturon-cuero-ancho-bohemian","15":"product_tag-cinturon-cuero-boho-chic","16":"product_tag-cinturon-cuero-de-vaca-cuero-de-cuero-cinturon-de-cuero-chapa","17":"product_tag-cinturon-cuero-vaca","18":"product_tag-cinturon-piel","19":"product_tag-cinturon-trenzado","20":"product_tag-cinturon-trenzado-de-cuero","21":"product_tag-complementos-de-cuero","22":"product_tag-correa","23":"product_tag-trenzado","25":"first","26":"instock","27":"shipping-taxable","28":"purchasable","29":"product-type-simple","30":"add-to-wishlist-after_add_to_cart","31":"layout-style-1","32":"col-md-4 col-sm-4 col-xs-6","33":"col-lg-3","34":"product-has-gallery","35":"product-style-default"},"aioseo_notices":[],"_links":{"self":[{"href":"https:\/\/www.ibagsbelts.com\/tienda\/wp-json\/wp\/v2\/product\/10596","targetHints":{"allow":["GET"]}}],"collection":[{"href":"https:\/\/www.ibagsbelts.com\/tienda\/wp-json\/wp\/v2\/product"}],"about":[{"href":"https:\/\/www.ibagsbelts.com\/tienda\/wp-json\/wp\/v2\/types\/product"}],"replies":[{"embeddable":true,"href":"https:\/\/www.ibagsbelts.com\/tienda\/wp-json\/wp\/v2\/comments?post=10596"}],"wp:featuredmedia":[{"embeddable":true,"href":"https:\/\/www.ibagsbelts.com\/tienda\/wp-json\/wp\/v2\/media\/14497"}],"wp:attachment":[{"href":"https:\/\/www.ibagsbelts.com\/tienda\/wp-json\/wp\/v2\/media?parent=10596"}],"wp:term":[{"taxonomy":"product_brand","embeddable":true,"href":"https:\/\/www.ibagsbelts.com\/tienda\/wp-json\/wp\/v2\/product_brand?post=10596"},{"taxonomy":"product_cat","embeddable":true,"href":"https:\/\/www.ibagsbelts.com\/tienda\/wp-json\/wp\/v2\/product_cat?post=10596"},{"taxonomy":"product_tag","embeddable":true,"href":"https:\/\/www.ibagsbelts.com\/tienda\/wp-json\/wp\/v2\/product_tag?post=10596"}],"curies":[{"name":"wp","href":"https:\/\/api.w.org\/{rel}","templated":true}]}}