{"id":10609,"date":"2020-11-03T13:06:10","date_gmt":"2020-11-03T12:06:10","guid":{"rendered":"https:\/\/www.ibagsbelts.com\/tienda\/?post_type=product&#038;p=10609"},"modified":"2026-03-15T15:56:38","modified_gmt":"2026-03-15T14:56:38","slug":"mochila-de-cuero-para-mujer","status":"publish","type":"product","link":"https:\/\/www.ibagsbelts.com\/tienda\/producto\/mochila-de-cuero-para-mujer\/","title":{"rendered":"Mochilas de cuero peque\u00f1a para mujer"},"content":{"rendered":"<p style=\"text-align: left;\">Esta mochila combina un dise\u00f1o excepcional con la practicidad y comodidad.<\/p>\n<p style=\"text-align: left;\">La mochila es el compa\u00f1ero perfecto para tu tiempo libre. Deportivo y elegante, te ofrece espacio de almacenamiento para todas tus cosas. Ya sea para llevar en tu paseo por la ciudad, en un viaje de fin de semana, a la playa o para ir de excursi\u00f3n, siempre podr\u00e1s confiar en este accesorio.<\/p>\n<p style=\"text-align: left;\">El compartimento interior ofrece un mont\u00f3n de espacio para una c\u00e1mara o un impermeable. Adem\u00e1s, el interior est\u00e1 dise\u00f1ado con algod\u00f3n resistente. Tiene una c\u00f3moda correa que permite ajustarse a tus necesidades.<\/p>\n<p style=\"text-align: left;\"><strong>Aviso importante<\/strong><\/p>\n<p style=\"text-align: left;\">Todos nuestros productos de cuero est\u00e1n hechos a mano y su nueva bolsa de cuero puede estar sujeta a una variaci\u00f3n natural en tama\u00f1o y color.<br \/>\nPara los tama\u00f1os, permita 1-2 cm difiere debido a la medida manual.<br \/>\nLas im\u00e1genes son 100% reales.<br \/>\nDebido al monitor del ordenador y el brillo real de la toma y otras razones, habr\u00e1 una cierta diferencia de color.<\/p>\n<!-- AddThis Advanced Settings generic via filter on the_content --><!-- AddThis Share Buttons generic via filter on the_content -->","protected":false},"excerpt":{"rendered":"<p style=\"text-align: center;\">Esta mochila combina un dise\u00f1o excepcional con la practicidad y comodidad.<\/p>\n<p style=\"text-align: center;\">La mochila es el compa\u00f1ero perfecto para tu tiempo libre. Deportivo y elegante, te ofrece espacio de almacenamiento para todas tus cosas. Ya sea para llevar en tu paseo por la ciudad, en un viaje de fin de semana, a la playa o para ir de excursi\u00f3n, siempre podr\u00e1s confiar en este accesorio.<\/p>\n<p style=\"text-align: center;\">El compartimento interior ofrece un mont\u00f3n de espacio para una c\u00e1mara o un impermeable. Adem\u00e1s, el interior est\u00e1 dise\u00f1ado con algod\u00f3n resistente. Tiene una c\u00f3moda correa que permite ajustarse a tus necesidades.<\/p>\n<p style=\"text-align: center;\">Dimensiones\u00a0 \u00a020 cm x 24 cm x 8 cm<\/p>\n<h5 style=\"text-align: center;\"><strong>\u00bfAlguna duda? Ponte en contacto con nosotros a trav\u00e9s del bot\u00f3n del chat directo por whatsApp y te resolveremos las dudas al instante!<\/strong><\/h5>\n<p><!-- AddThis Advanced Settings generic via filter on get_the_excerpt --><!-- AddThis Share Buttons generic via filter on get_the_excerpt --><\/p>\n","protected":false},"featured_media":10610,"comment_status":"open","ping_status":"closed","template":"","meta":{"om_disable_all_campaigns":false,"_monsterinsights_skip_tracking":false,"_monsterinsights_sitenote_active":false,"_monsterinsights_sitenote_note":"","_monsterinsights_sitenote_category":0,"_uf_show_specific_survey":0,"_uf_disable_surveys":false},"product_brand":[1217],"product_cat":[399],"product_tag":[1135,1096,299,753,745,275,310,347,349,1136,325],"class_list":{"0":"post-10609","1":"product","2":"type-product","3":"status-publish","4":"has-post-thumbnail","6":"product_brand-ibags-belts","7":"product_cat-mochilas-pequenas","8":"product_tag-accesorios-y-complementos","9":"product_tag-artesania","10":"product_tag-bolso-cuero","11":"product_tag-complementos-de-cuero","12":"product_tag-estilo-hippie","13":"product_tag-mochila-de-cuero-para-hombre-bolso-de-cuero-para-mujer-bolso-de-cuero-hecho-a-mano-bolso-cuero-grabado-bolso-cuero-hombre-artesanal-bolso-cuero-hecho-a-mano-bolsos-cuero-y-kilim","14":"product_tag-mochila-cuero","15":"product_tag-mochila-hecho-a-mano","16":"product_tag-mochila-marruecos","17":"product_tag-mochila-piel","18":"product_tag-mochilas","20":"first","21":"instock","22":"shipping-taxable","23":"purchasable","24":"product-type-variable","25":"add-to-wishlist-after_add_to_cart","26":"layout-style-1","27":"col-md-4 col-sm-4 col-xs-6","28":"col-lg-3","29":"product-has-gallery","30":"product-style-default"},"aioseo_notices":[],"_links":{"self":[{"href":"https:\/\/www.ibagsbelts.com\/tienda\/wp-json\/wp\/v2\/product\/10609","targetHints":{"allow":["GET"]}}],"collection":[{"href":"https:\/\/www.ibagsbelts.com\/tienda\/wp-json\/wp\/v2\/product"}],"about":[{"href":"https:\/\/www.ibagsbelts.com\/tienda\/wp-json\/wp\/v2\/types\/product"}],"replies":[{"embeddable":true,"href":"https:\/\/www.ibagsbelts.com\/tienda\/wp-json\/wp\/v2\/comments?post=10609"}],"wp:featuredmedia":[{"embeddable":true,"href":"https:\/\/www.ibagsbelts.com\/tienda\/wp-json\/wp\/v2\/media\/10610"}],"wp:attachment":[{"href":"https:\/\/www.ibagsbelts.com\/tienda\/wp-json\/wp\/v2\/media?parent=10609"}],"wp:term":[{"taxonomy":"product_brand","embeddable":true,"href":"https:\/\/www.ibagsbelts.com\/tienda\/wp-json\/wp\/v2\/product_brand?post=10609"},{"taxonomy":"product_cat","embeddable":true,"href":"https:\/\/www.ibagsbelts.com\/tienda\/wp-json\/wp\/v2\/product_cat?post=10609"},{"taxonomy":"product_tag","embeddable":true,"href":"https:\/\/www.ibagsbelts.com\/tienda\/wp-json\/wp\/v2\/product_tag?post=10609"}],"curies":[{"name":"wp","href":"https:\/\/api.w.org\/{rel}","templated":true}]}}