{"id":10621,"date":"2020-11-03T16:24:06","date_gmt":"2020-11-03T15:24:06","guid":{"rendered":"https:\/\/www.ibagsbelts.com\/tienda\/?post_type=product&#038;p=10621"},"modified":"2026-03-15T15:55:50","modified_gmt":"2026-03-15T14:55:50","slug":"mochila-piel-de-vacuno-mediana","status":"publish","type":"product","link":"https:\/\/www.ibagsbelts.com\/tienda\/producto\/mochila-piel-de-vacuno-mediana\/","title":{"rendered":"Mochila piel de vacuno mediana"},"content":{"rendered":"<p style=\"text-align: left;\">Descubre la mochila perfecta para tus aventuras con nuestra opci\u00f3n resistente y duradera. Dise\u00f1ada para resistir cualquier desaf\u00edo, esta mochila es ideal para aquellos que buscan calidad y fiabilidad.<\/p>\n<p style=\"text-align: left;\">Con m\u00faltiples bolsillos con hebilla, incluido un compartimento principal con un segundo cierre con cord\u00f3n de cuero, esta mochila ofrece un amplio espacio para organizar tus pertenencias de forma segura. Adem\u00e1s, cuenta con un pr\u00e1ctico bolsillo con cremallera en la parte trasera para un acceso r\u00e1pido a tus art\u00edculos m\u00e1s importantes.<\/p>\n<p style=\"text-align: left;\">Las correas ajustables con hebillas te permiten llevar la mochila de forma c\u00f3moda y personalizada, mientras que sus dimensiones de 34cm x 30cm x 10cm la hacen perfecta para tus necesidades diarias.<\/p>\n<p style=\"text-align: left;\">Prep\u00e1rate para enfrentar el mundo con esta mochila resistente y duradera que te acompa\u00f1ar\u00e1 en todas tus aventuras.<\/p>\n<p style=\"text-align: left;\"><strong>Aviso importante<\/strong><\/p>\n<p style=\"text-align: left;\">Todos nuestros productos de cuero est\u00e1n hechos a mano y su nueva bolsa de cuero puede estar sujeta a una variaci\u00f3n natural en tama\u00f1o y color.<br \/>\nPara los tama\u00f1os, permita 1-2 cm difiere debido a la medida manual.<br \/>\nLas im\u00e1genes son 100% reales.<br \/>\nDebido al monitor del ordenador y el brillo real de la toma y otras razones, habr\u00e1 una cierta diferencia de color.<\/p>\n<!-- AddThis Advanced Settings generic via filter on the_content --><!-- AddThis Share Buttons generic via filter on the_content -->","protected":false},"excerpt":{"rendered":"<h2>De gran resistencia y durabilidad si es lo que buscas en una mochila<\/h2>\n<p>Todos sus bolsillos con hebilla y la principal con un segundo cierre con cord\u00f3n de cuero. En la parte de atr\u00e1s de la mochila tiene un bolsillo con cremallera.\u00a0Las correas de la mochila son ajustables con hebillas para ponerla mas c\u00f3moda posible y puedas disfrutar de tu salida<\/p>\n<p>Dimensiones\u00a0 34cm X 30cm X 10cm\u00a0100 % cuero de vaca<\/p>\n<h5><strong>\u00bfAlguna duda? Ponte en contacto con nosotros a trav\u00e9s del bot\u00f3n del chat directo por whatsApp y te resolveremos las dudas al instante!<\/strong><\/h5>\n<p><!-- AddThis Advanced Settings generic via filter on get_the_excerpt --><!-- AddThis Share Buttons generic via filter on get_the_excerpt --><\/p>\n","protected":false},"featured_media":10625,"comment_status":"closed","ping_status":"closed","template":"","meta":{"om_disable_all_campaigns":false,"_monsterinsights_skip_tracking":false,"_monsterinsights_sitenote_active":false,"_monsterinsights_sitenote_note":"","_monsterinsights_sitenote_category":0,"_uf_show_specific_survey":0,"_uf_disable_surveys":false},"product_brand":[1217],"product_cat":[400],"product_tag":[275,322,310,357,350,325],"class_list":{"0":"post-10621","1":"product","2":"type-product","3":"status-publish","4":"has-post-thumbnail","6":"product_brand-ibags-belts","7":"product_cat-mochilas-medianas","8":"product_tag-mochila-de-cuero-para-hombre-bolso-de-cuero-para-mujer-bolso-de-cuero-hecho-a-mano-bolso-cuero-grabado-bolso-cuero-hombre-artesanal-bolso-cuero-hecho-a-mano-bolsos-cuero-y-kilim","9":"product_tag-mochila-clasica-marroqui","10":"product_tag-mochila-cuero","11":"product_tag-mochila-lisa-marroqui","12":"product_tag-mochila-marrakech","13":"product_tag-mochilas","15":"first","16":"instock","17":"featured","18":"shipping-taxable","19":"purchasable","20":"product-type-variable","21":"add-to-wishlist-after_add_to_cart","22":"layout-style-1","23":"col-md-4 col-sm-4 col-xs-6","24":"col-lg-3","25":"product-has-gallery","26":"product-style-default"},"aioseo_notices":[],"_links":{"self":[{"href":"https:\/\/www.ibagsbelts.com\/tienda\/wp-json\/wp\/v2\/product\/10621","targetHints":{"allow":["GET"]}}],"collection":[{"href":"https:\/\/www.ibagsbelts.com\/tienda\/wp-json\/wp\/v2\/product"}],"about":[{"href":"https:\/\/www.ibagsbelts.com\/tienda\/wp-json\/wp\/v2\/types\/product"}],"replies":[{"embeddable":true,"href":"https:\/\/www.ibagsbelts.com\/tienda\/wp-json\/wp\/v2\/comments?post=10621"}],"wp:featuredmedia":[{"embeddable":true,"href":"https:\/\/www.ibagsbelts.com\/tienda\/wp-json\/wp\/v2\/media\/10625"}],"wp:attachment":[{"href":"https:\/\/www.ibagsbelts.com\/tienda\/wp-json\/wp\/v2\/media?parent=10621"}],"wp:term":[{"taxonomy":"product_brand","embeddable":true,"href":"https:\/\/www.ibagsbelts.com\/tienda\/wp-json\/wp\/v2\/product_brand?post=10621"},{"taxonomy":"product_cat","embeddable":true,"href":"https:\/\/www.ibagsbelts.com\/tienda\/wp-json\/wp\/v2\/product_cat?post=10621"},{"taxonomy":"product_tag","embeddable":true,"href":"https:\/\/www.ibagsbelts.com\/tienda\/wp-json\/wp\/v2\/product_tag?post=10621"}],"curies":[{"name":"wp","href":"https:\/\/api.w.org\/{rel}","templated":true}]}}