{"id":10985,"date":"2020-12-03T21:42:59","date_gmt":"2020-12-03T20:42:59","guid":{"rendered":"https:\/\/www.ibagsbelts.com\/tienda\/?post_type=product&#038;p=10985"},"modified":"2026-03-15T15:47:57","modified_gmt":"2026-03-15T14:47:57","slug":"bolso-tote-de-cuero-estilo-boho","status":"publish","type":"product","link":"https:\/\/www.ibagsbelts.com\/tienda\/producto\/bolso-tote-de-cuero-estilo-boho\/","title":{"rendered":"Bolso tote de cuero camel estilo boho Palma"},"content":{"rendered":"<p style=\"text-align: left;\">\u00a1Eleva tu Estilo con Nuestro Bolso de Cuero de Alta Calidad!<\/p>\n<p style=\"text-align: left;\"><strong>Caracter\u00edsticas Destacadas:<\/strong><\/p>\n<ul style=\"text-align: left;\">\n<li><strong>Durabilidad y Resistencia:<\/strong> Fabricado con cuero de alta resistencia y con un forro de algod\u00f3n aterciopelado, este bolso est\u00e1 dise\u00f1ado para perdurar en el tiempo y resistir el uso diario.<\/li>\n<li><strong>Detalles \u00danicos:<\/strong> Los apliques y costuras delicadas a\u00f1aden una decoraci\u00f3n \u00fanica que fusiona el estilo vintage con toques modernos, brindando un aspecto elegante y sofisticado al bolso.<\/li>\n<li><strong>Gran Capacidad:<\/strong> Con un compartimento principal con cierre de cremallera, este bolso ofrece suficiente espacio para tus elementos esenciales diarios, como tu tel\u00e9fono celular, iPad mini y maquillaje. Adem\u00e1s, cuenta con un peque\u00f1o bolsillo interior con cremallera para objetos de valor.<\/li>\n<li><strong>Versatilidad de Uso:<\/strong> Equipado con dos asas de quita y pon, este bolso ofrece m\u00faltiples opciones de transporte. Puedes llevarlo c\u00f3modamente en la mano o sobre el hombro, adapt\u00e1ndose a tus necesidades en diferentes situaciones.<\/li>\n<li><strong>Adaptable a Diversas Ocasiones:<\/strong> Desde el trabajo hasta eventos sociales como citas, fiestas o bodas, este elegante bolso de piel para mujer es la elecci\u00f3n perfecta. Su dise\u00f1o combina lo informal con lo formal, ofreciendo versatilidad para cualquier ocasi\u00f3n.<\/li>\n<\/ul>\n<p style=\"text-align: left;\">Con nuestro bolso de alta calidad, estar\u00e1s lista para enfrentar el d\u00eda con estilo y sofisticaci\u00f3n en cualquier ocasi\u00f3n. \u00a1Destaca tu elegancia con este magn\u00edfico bolso que fusiona lo cl\u00e1sico con lo moderno!<\/p>\n<p style=\"text-align: left;\"><strong>Aviso importante<\/strong><\/p>\n<p style=\"text-align: left;\">Todos nuestros productos de cuero est\u00e1n hechos a mano y su nueva bolsa de cuero puede estar sujeta a una variaci\u00f3n natural en tama\u00f1o y color.<br \/>\nPara los tama\u00f1os, permita 1-2 cm difiere debido a la medida manual.<br \/>\nLas im\u00e1genes son 100% reales.<br \/>\nDebido al monitor del ordenador y el brillo real de la toma y otras razones, habr\u00e1 una cierta diferencia de color.<\/p>\n<!-- AddThis Advanced Settings generic via filter on the_content --><!-- AddThis Share Buttons generic via filter on the_content -->","protected":false},"excerpt":{"rendered":"<h2><span class=\"a-list-item\">Bolso de alta calidad, hecho de cuero de alta resistencia con forro de algod\u00f3n aterciopelado. <\/span><\/h2>\n<p><span class=\"a-list-item\">Apliques y costuras delicadas para crear una decoraci\u00f3n \u00fanica que agregan un toque vintage y moderno al bolso. <\/span><span class=\"a-list-item\">De gran capacidad cuenta con 1 compartimento principal que cierra con cremallera. <\/span><span class=\"a-list-item\">Suficientemente amplio para su tel\u00e9fono celular, iPad mini, maquillaje y otros <\/span><span class=\"a-list-item\">art\u00edculos esenciales diarios. Peque\u00f1o bolsillo con cremallera interior.<\/span><\/p>\n<p><span class=\"a-list-item\">Viene con dos asas a mano de quita y pon, la\u00a0 longitud de sus asas son ideales para satisfacer sus diversas necesidades. Puede sostenerlo en sus manos o llevarlo sobre su hombro. <\/span><\/p>\n<p><span class=\"a-list-item\">Medidas : 38 cm de ancho y 30 cm de altura\u00a0 12 cm ancho<\/span><\/p>\n<p><strong>\u00bfAlguna duda? Ponte en contacto con nosotros a trav\u00e9s del bot\u00f3n del chat directo por whatsApp y te resolveremos las dudas al instante!<\/strong><!-- AddThis Advanced Settings generic via filter on get_the_excerpt --><!-- AddThis Share Buttons generic via filter on get_the_excerpt --><\/p>\n","protected":false},"featured_media":12049,"comment_status":"open","ping_status":"closed","template":"","meta":{"om_disable_all_campaigns":false,"_monsterinsights_skip_tracking":false,"_monsterinsights_sitenote_active":false,"_monsterinsights_sitenote_note":"","_monsterinsights_sitenote_category":0,"_uf_show_specific_survey":0,"_uf_disable_surveys":false},"product_brand":[1217],"product_cat":[240,40],"product_tag":[301,877,736,737,266,303,299,305,315,316,255,823,744],"class_list":{"0":"post-10985","1":"product","2":"type-product","3":"status-publish","4":"has-post-thumbnail","6":"product_brand-ibags-belts","7":"product_cat-bolsos-bandoleras-de-cuero-artesanal","8":"product_cat-bolsos-de-hombro","9":"product_tag-bandolera","10":"product_tag-bandoleras","11":"product_tag-boho","12":"product_tag-bohochic","13":"product_tag-bolso-bohemian-bolso-cuero-repujado-bolsos-cuero-retro-bolso-shopper-cuero-bolso-cuero-trenzado-bolso-cuero-troquelado","14":"product_tag-bolso-bohemian","15":"product_tag-bolso-cuero","16":"product_tag-bolso-cuero-artesanal","17":"product_tag-bolso-cuero-artesano","18":"product_tag-bolso-cuero-con-tachuelas","19":"product_tag-bolso-cuero-mujer","20":"product_tag-bolso-piel","21":"product_tag-estilo-bohochic","23":"first","24":"instock","25":"shipping-taxable","26":"purchasable","27":"product-type-simple","28":"add-to-wishlist-after_add_to_cart","29":"layout-style-1","30":"col-md-4 col-sm-4 col-xs-6","31":"col-lg-3","32":"product-has-gallery","33":"product-style-default"},"aioseo_notices":[],"_links":{"self":[{"href":"https:\/\/www.ibagsbelts.com\/tienda\/wp-json\/wp\/v2\/product\/10985","targetHints":{"allow":["GET"]}}],"collection":[{"href":"https:\/\/www.ibagsbelts.com\/tienda\/wp-json\/wp\/v2\/product"}],"about":[{"href":"https:\/\/www.ibagsbelts.com\/tienda\/wp-json\/wp\/v2\/types\/product"}],"replies":[{"embeddable":true,"href":"https:\/\/www.ibagsbelts.com\/tienda\/wp-json\/wp\/v2\/comments?post=10985"}],"wp:featuredmedia":[{"embeddable":true,"href":"https:\/\/www.ibagsbelts.com\/tienda\/wp-json\/wp\/v2\/media\/12049"}],"wp:attachment":[{"href":"https:\/\/www.ibagsbelts.com\/tienda\/wp-json\/wp\/v2\/media?parent=10985"}],"wp:term":[{"taxonomy":"product_brand","embeddable":true,"href":"https:\/\/www.ibagsbelts.com\/tienda\/wp-json\/wp\/v2\/product_brand?post=10985"},{"taxonomy":"product_cat","embeddable":true,"href":"https:\/\/www.ibagsbelts.com\/tienda\/wp-json\/wp\/v2\/product_cat?post=10985"},{"taxonomy":"product_tag","embeddable":true,"href":"https:\/\/www.ibagsbelts.com\/tienda\/wp-json\/wp\/v2\/product_tag?post=10985"}],"curies":[{"name":"wp","href":"https:\/\/api.w.org\/{rel}","templated":true}]}}