{"id":11571,"date":"2021-01-09T22:19:58","date_gmt":"2021-01-09T21:19:58","guid":{"rendered":"https:\/\/www.ibagsbelts.com\/tienda\/?post_type=product&#038;p=11571"},"modified":"2026-03-15T18:10:57","modified_gmt":"2026-03-15T17:10:57","slug":"bolso-de-hombro-de-piel-trenzado-mostaza","status":"publish","type":"product","link":"https:\/\/www.ibagsbelts.com\/tienda\/producto\/bolso-de-hombro-de-piel-trenzado-mostaza\/","title":{"rendered":"Bolso de hombro de piel trenzado italiano mostaza Greta"},"content":{"rendered":"<p style=\"text-align: left;\">Descubre la combinaci\u00f3n perfecta de estilo y funcionalidad con este encantador bolso bandolera, dise\u00f1ado para acompa\u00f1arte en tu d\u00eda a d\u00eda con elegancia y comodidad. Confeccionado con piel vintage tejida a mano, este bolso irradia un encanto \u00fanico y sofisticado, gracias a su dise\u00f1o suave y holgado.<\/p>\n<p style=\"text-align: left;\">El interior de este bolso est\u00e1 inteligentemente dividido en dos secciones por un gran bolsillo con cremallera, lo que te permite organizar tus pertenencias de manera ordenada y eficiente. Adem\u00e1s, cuenta con un amplio bolsillo lateral con cremallera y dos bolsillos abiertos, ideales para mantener tu tel\u00e9fono y tus llaves al alcance de la mano en todo momento.<\/p>\n<p style=\"text-align: left;\">Este bolso viene completo con una correa de cuero suave ajustable, que te permite llevarlo c\u00f3modamente en bandolera o en el hombro, adapt\u00e1ndose a tus necesidades y estilo personal. Sus correas de hebilla ajustables a\u00f1aden un toque de versatilidad y estilo.<\/p>\n<p style=\"text-align: left;\">Fabricado con cuero italiano vintage lavado suave, este bolso emana una sensaci\u00f3n de lujo y calidad artesanal. Sus medidas de 32cm x 15cm x 25cm lo convierten en el accesorio perfecto para llevar contigo todo lo que necesitas, sin sacrificar el estilo ni la elegancia.<\/p>\n<p style=\"text-align: left;\"><strong>Aviso importante<\/strong><\/p>\n<p style=\"text-align: left;\">Todos nuestros productos de cuero est\u00e1n hechos a mano y su nueva bolsa de cuero puede estar sujeta a una variaci\u00f3n natural en tama\u00f1o y color.<br \/>\nPara los tama\u00f1os, permita 1-2 cm difiere debido a la medida manual.<br \/>\nLas im\u00e1genes son 100% reales.<br \/>\nDebido al monitor del ordenador y el brillo real de la toma y otras razones, habr\u00e1 una cierta diferencia de color.<\/p>\n<!-- AddThis Advanced Settings generic via filter on the_content --><!-- AddThis Share Buttons generic via filter on the_content -->","protected":false},"excerpt":{"rendered":"<h2>Bolso bandolera de hermoso dise\u00f1o ideal para el d\u00eda a d\u00eda.<\/h2>\n<p>Piel vintage tejida a mano con un dise\u00f1o suave y holgado, correas con cintur\u00f3n y dos secciones interiores divididas por un gran bolsillo con cremallera.<\/p>\n<p>Dos secciones divididas por un gran bolsillo con cremallera.\u00a0Un gran bolsillo lateral con cremallera y dos bolsillos abiertos para mantener el tel\u00e9fono y las llaves al alcance de la mano<\/p>\n<p>Incluye correa de cuero suave ajustable para llevar en bandolera y de hombro: correas de hebilla ajustables.<\/p>\n<p>Cuero italiano vintage lavado suave. Piel lavada.<\/p>\n<p>Medidas: 32cm x 15cm x 25cm<\/p>\n<div class=\"woocommerce-product-details__short-description\">\n<h5><strong>\u00bfAlguna duda? Ponte en contacto con nosotros a trav\u00e9s del bot\u00f3n del chat directo por whatsApp y te resolveremos las dudas al instante!<\/strong><\/h5>\n<\/div>\n<p>&nbsp;<!-- AddThis Advanced Settings generic via filter on get_the_excerpt --><!-- AddThis Share Buttons generic via filter on get_the_excerpt --><\/p>\n","protected":false},"featured_media":11572,"comment_status":"open","ping_status":"closed","template":"","meta":{"om_disable_all_campaigns":false,"_monsterinsights_skip_tracking":false,"_monsterinsights_sitenote_active":false,"_monsterinsights_sitenote_note":"","_monsterinsights_sitenote_category":0,"_uf_show_specific_survey":0,"_uf_disable_surveys":false},"product_brand":[1217],"product_cat":[240,1035,40],"product_tag":[266,299,255,823,1036,784,727,1038],"class_list":{"0":"post-11571","1":"product","2":"type-product","3":"status-publish","4":"has-post-thumbnail","6":"product_brand-ibags-belts","7":"product_cat-bolsos-bandoleras-de-cuero-artesanal","8":"product_cat-bolso-de-cuero-italiano","9":"product_cat-bolsos-de-hombro","10":"product_tag-bolso-bohemian-bolso-cuero-repujado-bolsos-cuero-retro-bolso-shopper-cuero-bolso-cuero-trenzado-bolso-cuero-troquelado","11":"product_tag-bolso-cuero","12":"product_tag-bolso-cuero-mujer","13":"product_tag-bolso-piel","14":"product_tag-bolso-piel-italiano","15":"product_tag-bolso-trenzados","16":"product_tag-bolsos-bandoleras-cuero","17":"product_tag-piel-lavada","19":"first","20":"instock","21":"sale","22":"shipping-taxable","23":"purchasable","24":"product-type-simple","25":"add-to-wishlist-after_add_to_cart","26":"layout-style-1","27":"col-md-4 col-sm-4 col-xs-6","28":"col-lg-3","29":"product-has-gallery","30":"product-style-default"},"aioseo_notices":[],"_links":{"self":[{"href":"https:\/\/www.ibagsbelts.com\/tienda\/wp-json\/wp\/v2\/product\/11571","targetHints":{"allow":["GET"]}}],"collection":[{"href":"https:\/\/www.ibagsbelts.com\/tienda\/wp-json\/wp\/v2\/product"}],"about":[{"href":"https:\/\/www.ibagsbelts.com\/tienda\/wp-json\/wp\/v2\/types\/product"}],"replies":[{"embeddable":true,"href":"https:\/\/www.ibagsbelts.com\/tienda\/wp-json\/wp\/v2\/comments?post=11571"}],"wp:featuredmedia":[{"embeddable":true,"href":"https:\/\/www.ibagsbelts.com\/tienda\/wp-json\/wp\/v2\/media\/11572"}],"wp:attachment":[{"href":"https:\/\/www.ibagsbelts.com\/tienda\/wp-json\/wp\/v2\/media?parent=11571"}],"wp:term":[{"taxonomy":"product_brand","embeddable":true,"href":"https:\/\/www.ibagsbelts.com\/tienda\/wp-json\/wp\/v2\/product_brand?post=11571"},{"taxonomy":"product_cat","embeddable":true,"href":"https:\/\/www.ibagsbelts.com\/tienda\/wp-json\/wp\/v2\/product_cat?post=11571"},{"taxonomy":"product_tag","embeddable":true,"href":"https:\/\/www.ibagsbelts.com\/tienda\/wp-json\/wp\/v2\/product_tag?post=11571"}],"curies":[{"name":"wp","href":"https:\/\/api.w.org\/{rel}","templated":true}]}}