{"id":11654,"date":"2021-01-10T20:06:13","date_gmt":"2021-01-10T19:06:13","guid":{"rendered":"https:\/\/www.ibagsbelts.com\/tienda\/?post_type=product&#038;p=11654"},"modified":"2026-03-15T14:04:54","modified_gmt":"2026-03-15T13:04:54","slug":"cartera-billetera-trenzada-de-piel-lavada-en-marron","status":"publish","type":"product","link":"https:\/\/www.ibagsbelts.com\/tienda\/producto\/cartera-billetera-trenzada-de-piel-lavada-en-marron\/","title":{"rendered":"Cartera billetera trenzada de piel lavada en marr\u00f3n Axel"},"content":{"rendered":"<p style=\"text-align: left;\">\u00a1Descubre nuestra nueva cartera, billetera y tarjetero, todo en uno! Este impresionante accesorio est\u00e1 hecho a mano en suave cuero italiano vintage, con hermosos detalles de tejido de cuero tradicional que le dan un toque de elegancia y estilo \u00fanico.<\/p>\n<p style=\"text-align: left;\">Con espacio suficiente para tu smartphone y m\u00e1s, esta cartera es perfecta para llevar todo lo esencial en tus salidas diarias. Adem\u00e1s, cuenta con una correa de cuero para la mu\u00f1eca que se convierte en un bolso de mano ideal para una salida nocturna o eventos especiales.<\/p>\n<p style=\"text-align: left;\">El cierre de cremallera asegura la protecci\u00f3n de tus pertenencias, mientras que el interior est\u00e1 dividido en dos secciones por un gran bolsillo con cremallera, facilitando la organizaci\u00f3n. La piel suave y el algod\u00f3n lavado garantizan una sensaci\u00f3n de lujo y comodidad al tacto.<\/p>\n<p style=\"text-align: left;\">Con 12 compartimentos para tarjetas, tendr\u00e1s espacio m\u00e1s que suficiente para mantener todas tus tarjetas organizadas y accesibles. Adem\u00e1s, la cremallera tiene una mu\u00f1equera de cuero que la hace f\u00e1cil de llevar y lo suficientemente grande para un tel\u00e9fono m\u00f3vil.<\/p>\n<p style=\"text-align: left;\">Completa con un tirador de piel extra\u00edble en la cremallera, esta cartera es el accesorio perfecto para llevar contigo a todas partes.<\/p>\n<p style=\"text-align: left;\">Medidas: 21cm \u00d7 3cm \u00d7 11.5 cm<\/p>\n<p style=\"text-align: left;\"><strong>Aviso importante<\/strong><\/p>\n<p style=\"text-align: left;\">Todos nuestros productos de cuero est\u00e1n hechos a mano y su nueva bolsa de cuero puede estar sujeta a una variaci\u00f3n natural en tama\u00f1o y color.<br \/>\nPara los tama\u00f1os, permita 1-2 cm difiere debido a la medida manual.<br \/>\nLas im\u00e1genes son 100% reales.<br \/>\nDebido al monitor del ordenador y el brillo real de la toma y otras razones, habr\u00e1 una cierta diferencia de color.<\/p>\n<!-- AddThis Advanced Settings generic via filter on the_content --><!-- AddThis Share Buttons generic via filter on the_content -->","protected":false},"excerpt":{"rendered":"<p class=\"p1\">Hecho a mano en suave cuero italiano vintage con hermosos detalles de tejido de cuero tradicional.<\/p>\n<p>Nuestra nueva cartera, billetera, tarjetero es lo suficientemente espaciosa para su smartphone y tiene una correa de cuero para la mu\u00f1eca que sirve como bolso de mano para una salida nocturna.\u00a0Cierre de cremallera. Dos secciones divididas por un gran bolsillo con cremallera.\u00a0Piel suave y algod\u00f3n lavado.\u00a012 compartimentos para tarjetas para la organizaci\u00f3n de sus tarjetas.\u00a0La cremallera tiene una mu\u00f1equera de cuero y es lo suficientemente grande para un tel\u00e9fono\u00a0m\u00f3vil.<\/p>\n<p class=\"p1\">Tirador de piel extra\u00edble en la cremallera.\u00a0Medidas:\u00a0 21cm \u00d7\u00a0 3cm \u00d7\u00a0 11.5 cm.<\/p>\n<div class=\"woocommerce-product-details__short-description\">\n<h5><strong>\u00bfAlguna duda? Ponte en contacto con nosotros a trav\u00e9s del bot\u00f3n del chat directo por whatsApp y te resolveremos las dudas al instante!<\/strong><\/h5>\n<\/div>\n<p><!-- AddThis Advanced Settings generic via filter on get_the_excerpt --><!-- AddThis Share Buttons generic via filter on get_the_excerpt --><\/p>\n","protected":false},"featured_media":11651,"comment_status":"open","ping_status":"closed","template":"","meta":{"om_disable_all_campaigns":false,"_monsterinsights_skip_tracking":false,"_monsterinsights_sitenote_active":false,"_monsterinsights_sitenote_note":"","_monsterinsights_sitenote_category":0,"_uf_show_specific_survey":0,"_uf_disable_surveys":false},"product_brand":[1217],"product_cat":[1301,757,1035,1299,1302,1303],"product_tag":[1135,881,823,1036,885,753,873,1102,1038,1037],"class_list":{"0":"post-11654","1":"product","2":"type-product","3":"status-publish","4":"has-post-thumbnail","6":"product_brand-ibags-belts","7":"product_cat-billeteras","8":"product_cat-bolso-clutch","9":"product_cat-bolso-de-cuero-italiano","10":"product_cat-carteras","11":"product_cat-monederos-largos","12":"product_cat-tarjeteros","13":"product_tag-accesorios-y-complementos","14":"product_tag-billetero","15":"product_tag-bolso-piel","16":"product_tag-bolso-piel-italiano","17":"product_tag-cartera","18":"product_tag-complementos-de-cuero","19":"product_tag-monedero","20":"product_tag-piel","21":"product_tag-piel-lavada","22":"product_tag-tarjetero","24":"first","25":"instock","26":"sale","27":"shipping-taxable","28":"purchasable","29":"product-type-simple","30":"add-to-wishlist-after_add_to_cart","31":"layout-style-1","32":"col-md-4 col-sm-4 col-xs-6","33":"col-lg-3","34":"product-has-gallery","35":"product-style-default"},"aioseo_notices":[],"_links":{"self":[{"href":"https:\/\/www.ibagsbelts.com\/tienda\/wp-json\/wp\/v2\/product\/11654","targetHints":{"allow":["GET"]}}],"collection":[{"href":"https:\/\/www.ibagsbelts.com\/tienda\/wp-json\/wp\/v2\/product"}],"about":[{"href":"https:\/\/www.ibagsbelts.com\/tienda\/wp-json\/wp\/v2\/types\/product"}],"replies":[{"embeddable":true,"href":"https:\/\/www.ibagsbelts.com\/tienda\/wp-json\/wp\/v2\/comments?post=11654"}],"wp:featuredmedia":[{"embeddable":true,"href":"https:\/\/www.ibagsbelts.com\/tienda\/wp-json\/wp\/v2\/media\/11651"}],"wp:attachment":[{"href":"https:\/\/www.ibagsbelts.com\/tienda\/wp-json\/wp\/v2\/media?parent=11654"}],"wp:term":[{"taxonomy":"product_brand","embeddable":true,"href":"https:\/\/www.ibagsbelts.com\/tienda\/wp-json\/wp\/v2\/product_brand?post=11654"},{"taxonomy":"product_cat","embeddable":true,"href":"https:\/\/www.ibagsbelts.com\/tienda\/wp-json\/wp\/v2\/product_cat?post=11654"},{"taxonomy":"product_tag","embeddable":true,"href":"https:\/\/www.ibagsbelts.com\/tienda\/wp-json\/wp\/v2\/product_tag?post=11654"}],"curies":[{"name":"wp","href":"https:\/\/api.w.org\/{rel}","templated":true}]}}