{"id":12219,"date":"2021-03-05T01:18:06","date_gmt":"2021-03-05T00:18:06","guid":{"rendered":"https:\/\/www.ibagsbelts.com\/tienda\/?post_type=product&#038;p=12219"},"modified":"2026-03-15T13:33:30","modified_gmt":"2026-03-15T12:33:30","slug":"pulseras-para-hombre-hecha-en-cuero-c3","status":"publish","type":"product","link":"https:\/\/www.ibagsbelts.com\/tienda\/producto\/pulseras-para-hombre-hecha-en-cuero-c3\/","title":{"rendered":"Pulseras para hombre hecha en cuero c3"},"content":{"rendered":"<div>Pulsera de cuero con 6,5 cm de ancho, cierre de hebillas f\u00e1cil de colocar<\/div>\n<div>Es un producto de gran calidad, tanto por el tipo de cuero como por la fornitura escogida es resistible al agua.<\/div>\n<div>La piel es un producto natural y como tal, usted puede nutrirla con cualquier crema neutra e incolora<\/div>\n<div>(pero lo aconsejable es la grasa de caballo).<\/div>\n<div><\/div>\n<div>Para saber la medida de tu talla deber\u00e1s medir el contorno o circunferencia<br \/>\nde tu mu\u00f1eca y a\u00f1adirle de 1 cm a 2 cm seg\u00fan\u00a0si quieres que te quede m\u00e1s justa o que est\u00e9 m\u00e1s suelta.<\/div>\n<div><\/div>\n<div>\n<p>\u00a0<\/p>\n<p style=\"text-align: center;\"><strong>Aviso importante<\/strong><\/p>\n<p>Todos nuestros productos de cuero est\u00e1n hechos a mano y su nueva bolsa de cuero puede estar sujeta a una variaci\u00f3n natural en tama\u00f1o y color.<br \/>\nPara los tama\u00f1os, permita 1-2 cm difiere debido a la medida manual.<br \/>\nLas im\u00e1genes son 100% reales.<br \/>\nDebido al monitor del ordenador y el brillo real de la toma y otras razones, habr\u00e1 una cierta diferencia de color.<\/p>\n<\/div>\n<!-- AddThis Advanced Settings generic via filter on the_content --><!-- AddThis Share Buttons generic via filter on the_content -->","protected":false},"excerpt":{"rendered":"<div>Pulsera de cuero con\u00a06,5 cm de ancho con cierre de hebillas f\u00e1cil de colocar de 6cm de ancho<\/div>\n<div>Es un producto de gran calidad, tanto por el tipo de cuero como por la fornitura escogida es resistible al agua.<\/div>\n<div>La piel es un producto natural y como tal, usted puede nutrirla con cualquier crema neutra e incolora<\/div>\n<div>(pero lo aconsejable es la grasa de caballo).<\/div>\n<div><\/div>\n<div>\n<h5><strong>\u00bfAlguna duda? Ponte en contacto con nosotros a trav\u00e9s del bot\u00f3n del chat directo por whatsapp y te resolveremos las dudas al instante!<\/strong><\/h5>\n<\/div>\n<p><!-- AddThis Advanced Settings generic via filter on get_the_excerpt --><!-- AddThis Share Buttons generic via filter on get_the_excerpt --><\/p>\n","protected":false},"featured_media":12224,"comment_status":"open","ping_status":"closed","template":"","meta":{"om_disable_all_campaigns":false,"_monsterinsights_skip_tracking":false,"_monsterinsights_sitenote_active":false,"_monsterinsights_sitenote_note":"","_monsterinsights_sitenote_category":0,"_uf_show_specific_survey":0,"_uf_disable_surveys":false},"product_brand":[1217],"product_cat":[971,955],"product_tag":[753,751,821],"class_list":{"0":"post-12219","1":"product","2":"type-product","3":"status-publish","4":"has-post-thumbnail","6":"product_brand-ibags-belts","7":"product_cat-hombre","8":"product_cat-pulsera","9":"product_tag-complementos-de-cuero","10":"product_tag-moda","11":"product_tag-pulseras","13":"first","14":"instock","15":"shipping-taxable","16":"purchasable","17":"product-type-variable","18":"add-to-wishlist-after_add_to_cart","19":"layout-style-1","20":"col-md-4 col-sm-4 col-xs-6","21":"col-lg-3","22":"product-style-default"},"aioseo_notices":[],"_links":{"self":[{"href":"https:\/\/www.ibagsbelts.com\/tienda\/wp-json\/wp\/v2\/product\/12219","targetHints":{"allow":["GET"]}}],"collection":[{"href":"https:\/\/www.ibagsbelts.com\/tienda\/wp-json\/wp\/v2\/product"}],"about":[{"href":"https:\/\/www.ibagsbelts.com\/tienda\/wp-json\/wp\/v2\/types\/product"}],"replies":[{"embeddable":true,"href":"https:\/\/www.ibagsbelts.com\/tienda\/wp-json\/wp\/v2\/comments?post=12219"}],"wp:featuredmedia":[{"embeddable":true,"href":"https:\/\/www.ibagsbelts.com\/tienda\/wp-json\/wp\/v2\/media\/12224"}],"wp:attachment":[{"href":"https:\/\/www.ibagsbelts.com\/tienda\/wp-json\/wp\/v2\/media?parent=12219"}],"wp:term":[{"taxonomy":"product_brand","embeddable":true,"href":"https:\/\/www.ibagsbelts.com\/tienda\/wp-json\/wp\/v2\/product_brand?post=12219"},{"taxonomy":"product_cat","embeddable":true,"href":"https:\/\/www.ibagsbelts.com\/tienda\/wp-json\/wp\/v2\/product_cat?post=12219"},{"taxonomy":"product_tag","embeddable":true,"href":"https:\/\/www.ibagsbelts.com\/tienda\/wp-json\/wp\/v2\/product_tag?post=12219"}],"curies":[{"name":"wp","href":"https:\/\/api.w.org\/{rel}","templated":true}]}}