{"id":12603,"date":"2021-04-07T23:45:04","date_gmt":"2021-04-07T21:45:04","guid":{"rendered":"https:\/\/www.ibagsbelts.com\/tienda\/?post_type=product&#038;p=12603"},"modified":"2026-03-15T13:17:08","modified_gmt":"2026-03-15T12:17:08","slug":"bolso-bandolera-de-piel-con-flecos-camel","status":"publish","type":"product","link":"https:\/\/www.ibagsbelts.com\/tienda\/producto\/bolso-bandolera-de-piel-con-flecos-camel\/","title":{"rendered":"Bolso bandolera de piel con flecos camel"},"content":{"rendered":"<p>Bolso bandolera\u00a0 de piel con flecos 100% artesanal.<\/p>\n<p>\u00a1Conoce la bolsa perfecta y ag\u00e1rrala! Con un dise\u00f1o ligero y el tama\u00f1o adecuado para ser usado c\u00f3modamente todo el d\u00eda como bandolera o tambi\u00e9n para bailar toda la noche con las manos libres, este bolso seguramente se convertir\u00e1 en un favorito personal.<\/p>\n<p>No importa cu\u00e1l sea tu estilo, \u00a1este bolso seguro que te encantara!<\/p>\n<p>Medidas 29cm de alto x 24cm largo<\/p>\n<p style=\"text-align: center;\"><strong>Aviso importante<\/strong><\/p>\n<p>Todos nuestros productos de cuero est\u00e1n hechos a mano y su nueva bolsa de cuero puede estar sujeta a una variaci\u00f3n natural en tama\u00f1o y color.<br \/>\nPara los tama\u00f1os, permita 1-2 cm difiere debido a la medida manual.<br \/>\nLas im\u00e1genes son 100% reales.<br \/>\nDebido al monitor del ordenador y el brillo real de la toma y otras razones, habr\u00e1 una cierta diferencia de color.<\/p>\n<!-- AddThis Advanced Settings generic via filter on the_content --><!-- AddThis Share Buttons generic via filter on the_content -->","protected":false},"excerpt":{"rendered":"<p>Bolso bandolera\u00a0 de piel con flecos y decoraci\u00f3n, chap\u00f3n de aleaci\u00f3n metal hecho a mano.<\/p>\n<p>\u00a1Conoce la bolsa perfecta y ag\u00e1rrala! Con un dise\u00f1o ligero y el tama\u00f1o adecuado para ser usado c\u00f3modamente todo el d\u00eda como bandolera o tambi\u00e9n para bailar toda la noche con las manos libres, este bolso seguramente se convertir\u00e1 en un favorito personal.<\/p>\n<p>No importa cu\u00e1l sea tu estilo, \u00a1este bolso seguro que te encantara!<\/p>\n<p>Medidas 29 cm de alto x 24 cm largo &#8211; mas 19 cm de flecos<\/p>\n<h5><strong>\u00bfAlguna duda? Ponte en contacto con nosotros a trav\u00e9s del bot\u00f3n del chat directo por whatsApp y te resolveremos las dudas al instante!<\/strong><\/h5>\n<p><!-- AddThis Advanced Settings generic via filter on get_the_excerpt --><!-- AddThis Share Buttons generic via filter on get_the_excerpt --><\/p>\n","protected":false},"featured_media":14290,"comment_status":"open","ping_status":"closed","template":"","meta":{"om_disable_all_campaigns":false,"_monsterinsights_skip_tracking":false,"_monsterinsights_sitenote_active":false,"_monsterinsights_sitenote_note":"","_monsterinsights_sitenote_category":0,"_uf_show_specific_survey":0,"_uf_disable_surveys":false},"product_brand":[1217],"product_cat":[240],"product_tag":[877,303,1020,315,777,313,309,744],"class_list":{"0":"post-12603","1":"product","2":"type-product","3":"status-publish","4":"has-post-thumbnail","6":"product_brand-ibags-belts","7":"product_cat-bolsos-bandoleras-de-cuero-artesanal","8":"product_tag-bandoleras","9":"product_tag-bolso-bohemian","10":"product_tag-bolso-boho","11":"product_tag-bolso-cuero-artesano","12":"product_tag-bolso-cuero-bandoleras","13":"product_tag-bolso-cuero-hecho-a-mano","14":"product_tag-bolso-cuero-mano","15":"product_tag-estilo-bohochic","17":"first","18":"instock","19":"sale","20":"shipping-taxable","21":"purchasable","22":"product-type-simple","23":"add-to-wishlist-after_add_to_cart","24":"layout-style-1","25":"col-md-4 col-sm-4 col-xs-6","26":"col-lg-3","27":"product-has-gallery","28":"product-style-default"},"aioseo_notices":[],"_links":{"self":[{"href":"https:\/\/www.ibagsbelts.com\/tienda\/wp-json\/wp\/v2\/product\/12603","targetHints":{"allow":["GET"]}}],"collection":[{"href":"https:\/\/www.ibagsbelts.com\/tienda\/wp-json\/wp\/v2\/product"}],"about":[{"href":"https:\/\/www.ibagsbelts.com\/tienda\/wp-json\/wp\/v2\/types\/product"}],"replies":[{"embeddable":true,"href":"https:\/\/www.ibagsbelts.com\/tienda\/wp-json\/wp\/v2\/comments?post=12603"}],"wp:featuredmedia":[{"embeddable":true,"href":"https:\/\/www.ibagsbelts.com\/tienda\/wp-json\/wp\/v2\/media\/14290"}],"wp:attachment":[{"href":"https:\/\/www.ibagsbelts.com\/tienda\/wp-json\/wp\/v2\/media?parent=12603"}],"wp:term":[{"taxonomy":"product_brand","embeddable":true,"href":"https:\/\/www.ibagsbelts.com\/tienda\/wp-json\/wp\/v2\/product_brand?post=12603"},{"taxonomy":"product_cat","embeddable":true,"href":"https:\/\/www.ibagsbelts.com\/tienda\/wp-json\/wp\/v2\/product_cat?post=12603"},{"taxonomy":"product_tag","embeddable":true,"href":"https:\/\/www.ibagsbelts.com\/tienda\/wp-json\/wp\/v2\/product_tag?post=12603"}],"curies":[{"name":"wp","href":"https:\/\/api.w.org\/{rel}","templated":true}]}}