{"id":13439,"date":"2021-07-06T23:15:53","date_gmt":"2021-07-06T21:15:53","guid":{"rendered":"https:\/\/www.ibagsbelts.com\/tienda\/?post_type=product&#038;p=13439"},"modified":"2026-03-15T12:24:54","modified_gmt":"2026-03-15T11:24:54","slug":"bolso-de-cuero-con-flecos-borlas-etnico-beige","status":"publish","type":"product","link":"https:\/\/www.ibagsbelts.com\/tienda\/producto\/bolso-de-cuero-con-flecos-borlas-etnico-beige\/","title":{"rendered":"Bolso de cuero con flecos  borlas tribal \u00e9tnico beige Ken"},"content":{"rendered":"<p style=\"text-align: left;\">Esta elegante bandolera de cuero presenta una solapa cosida y trenzada a mano, adornada con un exquisito dise\u00f1o artesanal de estampado animal en el centro, rodeado de detalles de chanchas.<\/p>\n<p style=\"text-align: left;\">Destacando en la parte frontal con piel de pelo de leopardo, este bolso combina estilo y sofisticaci\u00f3n a la perfecci\u00f3n. Viene equipado con una correa ajustable para el hombro, ofreciendo comodidad y versatilidad en su uso.<\/p>\n<p style=\"text-align: left;\">Con un cierre magn\u00e9tico para mayor seguridad, este bolso cuenta con un pr\u00e1ctico bolsillo con cremallera en el exterior, as\u00ed como un bolsillo adicional con cremallera en su interior para mantener tus objetos organizados.<\/p>\n<p style=\"text-align: left;\">Con dimensiones de 28cm de alto, 29cm de largo y 5cm de ancho, este bolso bandolera es el complemento ideal para cualquier ocasi\u00f3n.<\/p>\n<p style=\"text-align: left;\"><strong>Aviso importante<\/strong><\/p>\n<p style=\"text-align: left;\">Todos nuestros productos de cuero est\u00e1n hechos a mano y su nueva bolsa de cuero puede estar sujeta a una variaci\u00f3n natural en tama\u00f1o y color.<br \/>\nPara los tama\u00f1os, permita 1-2 cm difiere debido a la medida manual.<br \/>\nLas im\u00e1genes son 100% reales.<br \/>\nDebido al monitor del ordenador y el brillo real de la toma y otras razones, habr\u00e1 una cierta diferencia de color.<\/p>\n<!-- AddThis Advanced Settings generic via filter on the_content --><!-- AddThis Share Buttons generic via filter on the_content -->","protected":false},"excerpt":{"rendered":"<p>Este bolso bandolera en el cuero en la solapa cosido trenzado\u00a0 a mano y decorado con animal print artesanal central rodeados con chanchas.<\/p>\n<p>Est\u00e1 decorado con piel de pelo Leopardo en la parte frontal . Incluye una correa ajustable para el hombro.\u00a0Este bolso tiene un cierre magn\u00e9tico , incluyendo un bolsillo con un cierre de cremallera y un bolsillo interior adicional con cremallera.<\/p>\n<p>Medidas 28cm de alto x 29cm largo X 5cm ancho,<\/p>\n<h5><strong>\u00bfAlguna duda? Ponte en contacto con nosotros a trav\u00e9s del bot\u00f3n del chat directo por whatsApp y te resolveremos las dudas al instante!<\/strong><\/h5>\n<p><!-- AddThis Advanced Settings generic via filter on get_the_excerpt --><!-- AddThis Share Buttons generic via filter on get_the_excerpt --><\/p>\n","protected":false},"featured_media":13442,"comment_status":"open","ping_status":"closed","template":"","meta":{"om_disable_all_campaigns":false,"_monsterinsights_skip_tracking":false,"_monsterinsights_sitenote_active":false,"_monsterinsights_sitenote_note":"","_monsterinsights_sitenote_category":0,"_uf_show_specific_survey":0,"_uf_disable_surveys":false},"product_brand":[1217],"product_cat":[240],"product_tag":[301,877,736,737,266,327,303,315,316,312,329,314,824,727,744,746,1102],"class_list":{"0":"post-13439","1":"product","2":"type-product","3":"status-publish","4":"has-post-thumbnail","6":"product_brand-ibags-belts","7":"product_cat-bolsos-bandoleras-de-cuero-artesanal","8":"product_tag-bandolera","9":"product_tag-bandoleras","10":"product_tag-boho","11":"product_tag-bohochic","12":"product_tag-bolso-bohemian-bolso-cuero-repujado-bolsos-cuero-retro-bolso-shopper-cuero-bolso-cuero-trenzado-bolso-cuero-troquelado","13":"product_tag-bolso-bandolera-cuero-bicolor","14":"product_tag-bolso-bohemian","15":"product_tag-bolso-cuero-artesano","16":"product_tag-bolso-cuero-con-tachuelas","17":"product_tag-bolso-cuero-flecos","18":"product_tag-bolso-cuero-hippie","19":"product_tag-bolso-cuero-pelo-vaca","20":"product_tag-bolso-flecos","21":"product_tag-bolsos-bandoleras-cuero","22":"product_tag-estilo-bohochic","23":"product_tag-estilo-hippiechic","24":"product_tag-piel","26":"first","27":"instock","28":"shipping-taxable","29":"purchasable","30":"product-type-simple","31":"add-to-wishlist-after_add_to_cart","32":"layout-style-1","33":"col-md-4 col-sm-4 col-xs-6","34":"col-lg-3","35":"product-has-gallery","36":"product-style-default"},"aioseo_notices":[],"_links":{"self":[{"href":"https:\/\/www.ibagsbelts.com\/tienda\/wp-json\/wp\/v2\/product\/13439","targetHints":{"allow":["GET"]}}],"collection":[{"href":"https:\/\/www.ibagsbelts.com\/tienda\/wp-json\/wp\/v2\/product"}],"about":[{"href":"https:\/\/www.ibagsbelts.com\/tienda\/wp-json\/wp\/v2\/types\/product"}],"replies":[{"embeddable":true,"href":"https:\/\/www.ibagsbelts.com\/tienda\/wp-json\/wp\/v2\/comments?post=13439"}],"wp:featuredmedia":[{"embeddable":true,"href":"https:\/\/www.ibagsbelts.com\/tienda\/wp-json\/wp\/v2\/media\/13442"}],"wp:attachment":[{"href":"https:\/\/www.ibagsbelts.com\/tienda\/wp-json\/wp\/v2\/media?parent=13439"}],"wp:term":[{"taxonomy":"product_brand","embeddable":true,"href":"https:\/\/www.ibagsbelts.com\/tienda\/wp-json\/wp\/v2\/product_brand?post=13439"},{"taxonomy":"product_cat","embeddable":true,"href":"https:\/\/www.ibagsbelts.com\/tienda\/wp-json\/wp\/v2\/product_cat?post=13439"},{"taxonomy":"product_tag","embeddable":true,"href":"https:\/\/www.ibagsbelts.com\/tienda\/wp-json\/wp\/v2\/product_tag?post=13439"}],"curies":[{"name":"wp","href":"https:\/\/api.w.org\/{rel}","templated":true}]}}