{"id":14859,"date":"2022-01-14T20:37:57","date_gmt":"2022-01-14T19:37:57","guid":{"rendered":"https:\/\/www.ibagsbelts.com\/tienda\/?post_type=product&#038;p=14859"},"modified":"2026-03-14T22:14:16","modified_gmt":"2026-03-14T21:14:16","slug":"mochila-de-cuero-autentico-unisex-moto-teja","status":"publish","type":"product","link":"https:\/\/www.ibagsbelts.com\/tienda\/producto\/mochila-de-cuero-autentico-unisex-moto-teja\/","title":{"rendered":"Mochila de cuero aut\u00e9ntico unisex moto color teja Charlie"},"content":{"rendered":"<p>\u00a1Descubre la aut\u00e9ntica artesan\u00eda marroqu\u00ed con nuestra mochila de cuero natural!<\/p>\n<p>Fabricada con cuero curtido de forma natural, esta mochila presenta un dise\u00f1o tradicional con un toque moderno. Su amplio compartimento interior se cierra con cord\u00f3n y solapa con mosquet\u00f3n, ofreciendo espacio m\u00e1s que suficiente para tus objetos diarios. Adem\u00e1s, cuenta con un pr\u00e1ctico bolsillo exterior con cierre de hebilla para un acceso r\u00e1pido y seguro.<\/p>\n<p>Esta mochila es perfecta para mujeres, adolescentes y hombres que buscan un estilo \u00fanico y funcionalidad en su d\u00eda a d\u00eda. Ya sea para pasear por la ciudad, ir a la discoteca o simplemente como un regalo especial, esta mochila es una opci\u00f3n vers\u00e1til y elegante.<\/p>\n<p>Elaborada en cuero de color teja, esta mochila a\u00f1adir\u00e1 un toque de estilo y autenticidad a cualquier outfit. Con medidas exteriores de 35 cm de ancho, 40 cm de alto y 13 cm de profundidad, es lo suficientemente espaciosa para llevar todo lo que necesitas sin sacrificar el estilo.<\/p>\n<p>Descubre la belleza y la calidad de la artesan\u00eda marroqu\u00ed con nuestra mochila de cuero natural. \u00a1Hazte con la tuya y marca la diferencia con tu estilo \u00fanico y sofisticado!<\/p>\n<p style=\"text-align: left;\"><strong>Aviso importante<\/strong><\/p>\n<p style=\"text-align: left;\">Todos nuestros productos de cuero est\u00e1n hechos a mano y su nueva bolsa de cuero puede estar sujeta a una variaci\u00f3n natural en tama\u00f1o y color.<br \/>\nPara los tama\u00f1os, permita 1-2 cm difiere debido a la medida manual.<br \/>\nLas im\u00e1genes son 100% reales.<br \/>\nDebido al monitor del ordenador y el brillo real de la toma y otras razones, habr\u00e1 una cierta diferencia de color.<\/p>\n<!-- AddThis Advanced Settings generic via filter on the_content --><!-- AddThis Share Buttons generic via filter on the_content -->","protected":false},"excerpt":{"rendered":"<p style=\"text-align: left;\">La mochila de fabricaci\u00f3n Marroqu\u00ed est\u00e1 hecha de cuero curtido naturalmente.<\/p>\n<p style=\"text-align: left;\">Tiene un compartimiento interior muy amplio cierra con cord\u00f3n y solapa con mosquet\u00f3n. Un bolsillo en el exterior con cierra con hebilla la mochila de un modo mas seguro.<\/p>\n<p style=\"text-align: left;\"><span class=\"a-list-item\">Esta mochila de cuero confeccionado a mano, de estilo retro con un toque verdaderamente vintage, es un accesorio ideal ya que puede usarse como bolso diario para la universidad, el trabajo, la oficina, para citas de negocios.<\/span><\/p>\n<p style=\"text-align: left;\">Medidas: \u00a0 \u00a0 35 cm \u00d7 14 cm \u00d7 40 cm.<\/p>\n<p style=\"text-align: center;\"><strong>\u00bfAlguna duda? Ponte en contacto con nosotros a trav\u00e9s del bot\u00f3n del chat directo por whatsApp y te resolveremos las dudas al instante!<\/strong><\/p>\n<p><!-- AddThis Advanced Settings generic via filter on get_the_excerpt --><!-- AddThis Share Buttons generic via filter on get_the_excerpt --><\/p>\n","protected":false},"featured_media":14864,"comment_status":"open","ping_status":"closed","template":"","meta":{"om_disable_all_campaigns":false,"_monsterinsights_skip_tracking":false,"_monsterinsights_sitenote_active":false,"_monsterinsights_sitenote_note":"","_monsterinsights_sitenote_category":0,"_uf_show_specific_survey":0,"_uf_disable_surveys":false},"product_brand":[1217],"product_cat":[985],"product_tag":[905,275,322,310,354,325,304],"class_list":{"0":"post-14859","1":"product","2":"type-product","3":"status-publish","4":"has-post-thumbnail","6":"product_brand-ibags-belts","7":"product_cat-mochilas-grandes","8":"product_tag-casual","9":"product_tag-mochila-de-cuero-para-hombre-bolso-de-cuero-para-mujer-bolso-de-cuero-hecho-a-mano-bolso-cuero-grabado-bolso-cuero-hombre-artesanal-bolso-cuero-hecho-a-mano-bolsos-cuero-y-kilim","10":"product_tag-mochila-clasica-marroqui","11":"product_tag-mochila-cuero","12":"product_tag-mochila-moto-cuero","13":"product_tag-mochilas","14":"product_tag-mochilas-cuero-con-cremalleras","16":"first","17":"instock","18":"shipping-taxable","19":"purchasable","20":"product-type-simple","21":"add-to-wishlist-after_add_to_cart","22":"layout-style-1","23":"col-md-4 col-sm-4 col-xs-6","24":"col-lg-3","25":"product-has-gallery","26":"product-style-default"},"aioseo_notices":[],"_links":{"self":[{"href":"https:\/\/www.ibagsbelts.com\/tienda\/wp-json\/wp\/v2\/product\/14859","targetHints":{"allow":["GET"]}}],"collection":[{"href":"https:\/\/www.ibagsbelts.com\/tienda\/wp-json\/wp\/v2\/product"}],"about":[{"href":"https:\/\/www.ibagsbelts.com\/tienda\/wp-json\/wp\/v2\/types\/product"}],"replies":[{"embeddable":true,"href":"https:\/\/www.ibagsbelts.com\/tienda\/wp-json\/wp\/v2\/comments?post=14859"}],"wp:featuredmedia":[{"embeddable":true,"href":"https:\/\/www.ibagsbelts.com\/tienda\/wp-json\/wp\/v2\/media\/14864"}],"wp:attachment":[{"href":"https:\/\/www.ibagsbelts.com\/tienda\/wp-json\/wp\/v2\/media?parent=14859"}],"wp:term":[{"taxonomy":"product_brand","embeddable":true,"href":"https:\/\/www.ibagsbelts.com\/tienda\/wp-json\/wp\/v2\/product_brand?post=14859"},{"taxonomy":"product_cat","embeddable":true,"href":"https:\/\/www.ibagsbelts.com\/tienda\/wp-json\/wp\/v2\/product_cat?post=14859"},{"taxonomy":"product_tag","embeddable":true,"href":"https:\/\/www.ibagsbelts.com\/tienda\/wp-json\/wp\/v2\/product_tag?post=14859"}],"curies":[{"name":"wp","href":"https:\/\/api.w.org\/{rel}","templated":true}]}}