{"id":17250,"date":"2022-08-01T18:30:54","date_gmt":"2022-08-01T16:30:54","guid":{"rendered":"https:\/\/www.ibagsbelts.com\/tienda\/?post_type=product&#038;p=17250"},"modified":"2026-03-14T20:35:07","modified_gmt":"2026-03-14T19:35:07","slug":"bolso-de-cuero-con-tachas-americano-marron","status":"publish","type":"product","link":"https:\/\/www.ibagsbelts.com\/tienda\/producto\/bolso-de-cuero-con-tachas-americano-marron\/","title":{"rendered":"Bolso de cuero marr\u00f3n con tachas Americano"},"content":{"rendered":"<p style=\"text-align: left;\">\u00a1Prep\u00e1rate para destacar en cualquier concierto de heavy metal o rock con nuestro incre\u00edble bolso adornado con tachas! Este bolso es el complemento perfecto para tu estilo rebelde y audaz, y har\u00e1 juego a la perfecci\u00f3n con tu chupa de cuero.<\/p>\n<p style=\"text-align: left;\">Con un amplio bolsillo con cremallera en la parte posterior, este bolso te ofrece espacio m\u00e1s que suficiente para guardar tus pertenencias de forma segura mientras disfrutas de tus eventos favoritos. Adem\u00e1s, su asa larga te brinda la opci\u00f3n de llevarlo c\u00f3modamente al hombro, y puedes quitarla f\u00e1cilmente cuando prefieras llevarlo de otra manera.<\/p>\n<p style=\"text-align: left;\">No importa cu\u00e1l sea tu estilo, este bolso se convertir\u00e1 r\u00e1pidamente en tu favorito gracias a su combinaci\u00f3n de estilo \u00fanico y funcionalidad impecable. \u00a1No te pierdas la oportunidad de lucir este bolso y mostrar tu amor por la m\u00fasica heavy y el rock en cada ocasi\u00f3n!<\/p>\n<p style=\"text-align: left;\"><strong>Aviso importante<\/strong><\/p>\n<p>Todos nuestros productos de cuero est\u00e1n hechos a mano y su nueva bolsa de cuero puede estar sujeta a una variaci\u00f3n natural en tama\u00f1o y color.<br \/>\nPara los tama\u00f1os, permita 1-2 cm difiere debido a la medida manual.<br \/>\nLas im\u00e1genes son 100% reales.<br \/>\nDebido al monitor del ordenador y el brillo real de la toma y otras razones, habr\u00e1 una cierta diferencia de color.<\/p>\n<!-- AddThis Advanced Settings generic via filter on the_content --><!-- AddThis Share Buttons generic via filter on the_content -->","protected":false},"excerpt":{"rendered":"<p>\u00a1Prep\u00e1rate para destacar en cualquier concierto de heavy metal o rock con nuestro incre\u00edble bolso adornado con tachas! Este bolso es el complemento perfecto para tu estilo rebelde y audaz, y har\u00e1 juego a la perfecci\u00f3n con tu chupa de cuero.<\/p>\n<p>Con un amplio bolsillo con cremallera en la parte posterior, este bolso te ofrece espacio m\u00e1s que suficiente para guardar tus pertenencias de forma segura mientras disfrutas de tus eventos favoritos. Adem\u00e1s, su asa larga te brinda la opci\u00f3n de llevarlo c\u00f3modamente al hombro, y puedes quitarla f\u00e1cilmente cuando prefieras llevarlo de otra manera.<\/p>\n<p>No importa cu\u00e1l sea tu estilo, este bolso se convertir\u00e1 r\u00e1pidamente en tu favorito gracias a su combinaci\u00f3n de estilo \u00fanico y funcionalidad impecable. \u00a1No te pierdas la oportunidad de lucir este bolso y mostrar tu amor por la m\u00fasica heavy y el rock en cada ocasi\u00f3n!<\/p>\n<p><strong>Medidas:\u00a0<\/strong>33 cm de largo X 35 cm de alto X 14 cm fondo<\/p>\n<h5><strong>\u00bfAlguna duda? Ponte en contacto con nosotros a trav\u00e9s del bot\u00f3n del chat directo por whatsApp y te resolveremos las dudas al instante!<\/strong><\/h5>\n<p><!-- AddThis Advanced Settings generic via filter on get_the_excerpt --><!-- AddThis Share Buttons generic via filter on get_the_excerpt --><\/p>\n","protected":false},"featured_media":955,"comment_status":"open","ping_status":"closed","template":"","meta":{"om_disable_all_campaigns":false,"_monsterinsights_skip_tracking":false,"_monsterinsights_sitenote_active":false,"_monsterinsights_sitenote_note":"","_monsterinsights_sitenote_category":0,"_uf_show_specific_survey":0,"_uf_disable_surveys":false},"product_brand":[1217],"product_cat":[240,40,41],"product_tag":[301,877,266,303,299,315,316,255,298,1050,727,1049,744],"class_list":{"0":"post-17250","1":"product","2":"type-product","3":"status-publish","4":"has-post-thumbnail","6":"product_brand-ibags-belts","7":"product_cat-bolsos-bandoleras-de-cuero-artesanal","8":"product_cat-bolsos-de-hombro","9":"product_cat-shoppers","10":"product_tag-bandolera","11":"product_tag-bandoleras","12":"product_tag-bolso-bohemian-bolso-cuero-repujado-bolsos-cuero-retro-bolso-shopper-cuero-bolso-cuero-trenzado-bolso-cuero-troquelado","13":"product_tag-bolso-bohemian","14":"product_tag-bolso-cuero","15":"product_tag-bolso-cuero-artesano","16":"product_tag-bolso-cuero-con-tachuelas","17":"product_tag-bolso-cuero-mujer","18":"product_tag-bolso-cuero-natural","19":"product_tag-bolso-remaches","20":"product_tag-bolsos-bandoleras-cuero","21":"product_tag-bolsos-remaches","22":"product_tag-estilo-bohochic","24":"first","25":"instock","26":"shipping-taxable","27":"purchasable","28":"product-type-simple","29":"add-to-wishlist-after_add_to_cart","30":"layout-style-1","31":"col-md-4 col-sm-4 col-xs-6","32":"col-lg-3","33":"product-has-gallery","34":"product-style-default"},"aioseo_notices":[],"_links":{"self":[{"href":"https:\/\/www.ibagsbelts.com\/tienda\/wp-json\/wp\/v2\/product\/17250","targetHints":{"allow":["GET"]}}],"collection":[{"href":"https:\/\/www.ibagsbelts.com\/tienda\/wp-json\/wp\/v2\/product"}],"about":[{"href":"https:\/\/www.ibagsbelts.com\/tienda\/wp-json\/wp\/v2\/types\/product"}],"replies":[{"embeddable":true,"href":"https:\/\/www.ibagsbelts.com\/tienda\/wp-json\/wp\/v2\/comments?post=17250"}],"wp:featuredmedia":[{"embeddable":true,"href":"https:\/\/www.ibagsbelts.com\/tienda\/wp-json\/wp\/v2\/media\/955"}],"wp:attachment":[{"href":"https:\/\/www.ibagsbelts.com\/tienda\/wp-json\/wp\/v2\/media?parent=17250"}],"wp:term":[{"taxonomy":"product_brand","embeddable":true,"href":"https:\/\/www.ibagsbelts.com\/tienda\/wp-json\/wp\/v2\/product_brand?post=17250"},{"taxonomy":"product_cat","embeddable":true,"href":"https:\/\/www.ibagsbelts.com\/tienda\/wp-json\/wp\/v2\/product_cat?post=17250"},{"taxonomy":"product_tag","embeddable":true,"href":"https:\/\/www.ibagsbelts.com\/tienda\/wp-json\/wp\/v2\/product_tag?post=17250"}],"curies":[{"name":"wp","href":"https:\/\/api.w.org\/{rel}","templated":true}]}}