{"id":18013,"date":"2022-09-01T13:38:23","date_gmt":"2022-09-01T11:38:23","guid":{"rendered":"https:\/\/www.ibagsbelts.com\/tienda\/?post_type=product&#038;p=18013"},"modified":"2026-03-14T20:07:46","modified_gmt":"2026-03-14T19:07:46","slug":"venecia-shoppers-de-cuero-camel-trenzado","status":"publish","type":"product","link":"https:\/\/www.ibagsbelts.com\/tienda\/producto\/venecia-shoppers-de-cuero-camel-trenzado\/","title":{"rendered":"shoppers de cuero camel trenzado Venecia"},"content":{"rendered":"<p>Bolso elegante y pr\u00e1ctico te acompa\u00f1ar\u00e1 en tu camino por la ciudad. Un gran dise\u00f1o que hacen de este bolso un gran compa\u00f1ero. Est\u00e1 hecha de cuero artesanal que convence por su elegancia encanto natural. Su trenzado elaborado a mano lo convierte en \u00fanico .<\/p>\n<p>En su interior puedes encontrar un mont\u00f3n de espacio para tu libreta, una botella de agua. Adem\u00e1s tiene un peque\u00f1o bolsillo interior d\u00f3nde podr\u00e1s llevar cosm\u00e9ticos y tu smartphone. Se cierra con cremallera para llevarlo todo mas seguro. Forro interior.<\/p>\n<p><strong>Aviso importante<\/strong><\/p>\n<p>Todos nuestros productos de cuero est\u00e1n hechos a mano y su nueva bolsa de cuero puede estar sujeta a una variaci\u00f3n natural en tama\u00f1o y color.<br \/>\nPara los tama\u00f1os, permita 1-2 cm difiere debido a la medida manual.<br \/>\nLas im\u00e1genes son 100% reales.<br \/>\nDebido al monitor del ordenador y el brillo real de la toma y otras razones, habr\u00e1 una cierta diferencia de color.<\/p>\n<p>&nbsp;<\/p>\n<!-- AddThis Advanced Settings generic via filter on the_content --><!-- AddThis Share Buttons generic via filter on the_content -->","protected":false},"excerpt":{"rendered":"<h5 style=\"text-align: center;\">Bolso elegante y pr\u00e1ctico te acompa\u00f1ar\u00e1 en tu camino por la ciudad. Un gran dise\u00f1o que hacen de este bolso un gran compa\u00f1ero. Est\u00e1 hecha de cuero artesanal que convence por su elegancia encanto natural. Su trenzado elaborado a mano lo convierte en \u00fanico .<\/h5>\n<h5 style=\"text-align: center;\">En su interior puedes encontrar un mont\u00f3n de espacio para tu libreta, una botella de agua. Adem\u00e1s tiene un peque\u00f1o bolsillo interior d\u00f3nde podr\u00e1s llevar cosm\u00e9ticos y tu smartphone. Se cierra con cremallera para llevarlo todo mas seguro.<\/h5>\n<h5 style=\"text-align: center;\">Forro interior.<\/h5>\n<h4><b>\u00bfAlguna duda? Ponte en contacto con nosotros a trav\u00e9s del bot\u00f3n del chat directo por WhatsApp y te resolveremos las dudas al instante!<\/b><\/h4>\n<p><!-- AddThis Advanced Settings generic via filter on get_the_excerpt --><!-- AddThis Share Buttons generic via filter on get_the_excerpt --><\/p>\n","protected":false},"featured_media":3508,"comment_status":"open","ping_status":"closed","template":"","meta":{"om_disable_all_campaigns":false,"_monsterinsights_skip_tracking":false,"_monsterinsights_sitenote_active":false,"_monsterinsights_sitenote_note":"","_monsterinsights_sitenote_category":0,"_uf_show_specific_survey":0,"_uf_disable_surveys":false},"product_brand":[1217],"product_cat":[40,41],"product_tag":[299,305,315,268,313,255,823,784,31,744],"class_list":{"0":"post-18013","1":"product","2":"type-product","3":"status-publish","4":"has-post-thumbnail","6":"product_brand-ibags-belts","7":"product_cat-bolsos-de-hombro","8":"product_cat-shoppers","9":"product_tag-bolso-cuero","10":"product_tag-bolso-cuero-artesanal","11":"product_tag-bolso-cuero-artesano","12":"product_tag-bolso-cuero-boho-bolso-cuero-con-tachuelas-bolsos-cuero-caballero-bolso-cuero-de-hombre-bolso-cuero-de-viaje-bolso-cuero-de-vaca-bolso-de-cuero-artesanal-bolso-de-cuero","13":"product_tag-bolso-cuero-hecho-a-mano","14":"product_tag-bolso-cuero-mujer","15":"product_tag-bolso-piel","16":"product_tag-bolso-trenzados","17":"product_tag-cinturon-trenzado-de-cuero","18":"product_tag-estilo-bohochic","20":"first","21":"outofstock","22":"shipping-taxable","23":"purchasable","24":"product-type-simple","25":"add-to-wishlist-after_add_to_cart","26":"layout-style-1","27":"col-md-4 col-sm-4 col-xs-6","28":"col-lg-3","29":"product-has-gallery","30":"product-style-default"},"aioseo_notices":[],"_links":{"self":[{"href":"https:\/\/www.ibagsbelts.com\/tienda\/wp-json\/wp\/v2\/product\/18013","targetHints":{"allow":["GET"]}}],"collection":[{"href":"https:\/\/www.ibagsbelts.com\/tienda\/wp-json\/wp\/v2\/product"}],"about":[{"href":"https:\/\/www.ibagsbelts.com\/tienda\/wp-json\/wp\/v2\/types\/product"}],"replies":[{"embeddable":true,"href":"https:\/\/www.ibagsbelts.com\/tienda\/wp-json\/wp\/v2\/comments?post=18013"}],"wp:featuredmedia":[{"embeddable":true,"href":"https:\/\/www.ibagsbelts.com\/tienda\/wp-json\/wp\/v2\/media\/3508"}],"wp:attachment":[{"href":"https:\/\/www.ibagsbelts.com\/tienda\/wp-json\/wp\/v2\/media?parent=18013"}],"wp:term":[{"taxonomy":"product_brand","embeddable":true,"href":"https:\/\/www.ibagsbelts.com\/tienda\/wp-json\/wp\/v2\/product_brand?post=18013"},{"taxonomy":"product_cat","embeddable":true,"href":"https:\/\/www.ibagsbelts.com\/tienda\/wp-json\/wp\/v2\/product_cat?post=18013"},{"taxonomy":"product_tag","embeddable":true,"href":"https:\/\/www.ibagsbelts.com\/tienda\/wp-json\/wp\/v2\/product_tag?post=18013"}],"curies":[{"name":"wp","href":"https:\/\/api.w.org\/{rel}","templated":true}]}}