{"id":18843,"date":"2022-10-02T15:00:31","date_gmt":"2022-10-02T13:00:31","guid":{"rendered":"https:\/\/www.ibagsbelts.com\/tienda\/?post_type=product&#038;p=18843"},"modified":"2026-03-14T19:48:47","modified_gmt":"2026-03-14T18:48:47","slug":"bolso-bandolera-de-cuero-con-flecos-y-tachas-camel-caoba","status":"publish","type":"product","link":"https:\/\/www.ibagsbelts.com\/tienda\/producto\/bolso-bandolera-de-cuero-con-flecos-y-tachas-camel-caoba\/","title":{"rendered":"Bolso bandolera de cuero con tachas y flecos caoba Amy"},"content":{"rendered":"<p style=\"text-align: left;\">Sum\u00e9rgete en el encanto del estilo boho con nuestro bolso bandolera de cuero artesanal, una pieza excepcional que a\u00f1adir\u00e1 un toque especial a cualquier atuendo durante todo el a\u00f1o.<\/p>\n<p style=\"text-align: left;\">Confeccionado con esmero, este bolso presenta flecos y tachas que le otorgan un aire bohemio y chic. En la solapa, una chapa de metal a\u00f1ade un toque distintivo, mientras que los remaches en color plata en la parte frontal, meticulosamente colocados a mano por nuestros artesanos del cuero, a\u00f1aden un acabado sofisticado.<\/p>\n<p style=\"text-align: left;\">La correa regulable te permite llevarlo c\u00f3modamente en el hombro o como bandolera, adapt\u00e1ndose a tus necesidades y preferencias. Adem\u00e1s, cuenta con cierre de cremallera en sus tres bolsillos para mantener tus pertenencias seguras en todo momento.<\/p>\n<p style=\"text-align: left;\">Forrado con tela suave en su interior, este bolso no solo es estiloso, sino tambi\u00e9n funcional. Con unas medidas de 27 cm de alto, 28 cm de largo y 4 cm de ancho, es el complemento perfecto para tus aventuras diarias.<\/p>\n<p style=\"text-align: left;\">Descubre la belleza y la practicidad de nuestro bolso bandolera de cuero artesanal y a\u00f1ade un toque de estilo boho a tu look en cualquier ocasi\u00f3n.<\/p>\n<p style=\"text-align: left;\"><strong>Aviso importante<\/strong><\/p>\n<p style=\"text-align: left;\">Todos nuestros productos de cuero est\u00e1n hechos a mano y su nueva bolsa de cuero puede estar sujeta a una variaci\u00f3n natural en tama\u00f1o y color.<br \/>\nPara los tama\u00f1os, permita 1-2 cm difiere debido a la medida manual.<br \/>\nLas im\u00e1genes son 100% reales.<br \/>\nDebido al monitor del ordenador y el brillo real de la toma y otras razones, habr\u00e1 una cierta diferencia de color.<\/p>\n<!-- AddThis Advanced Settings generic via filter on the_content --><!-- AddThis Share Buttons generic via filter on the_content -->","protected":false},"excerpt":{"rendered":"<p>Bolso bandolera de cuero artesanal con flecos y tachas, de estilo boho ideal para cualquier \u00e9poca del a\u00f1o y darle un toque especial a tu outfit.<\/p>\n<p>Su chapa de metal en la solapa, decorado con remaches en color plata en la parte frontal, todas ellas colocadas una a una a mano por artesanos del cuero.\u00a0Correa regulable, para llevarlo en el hombro o como bandolera. Cierre con cremallera en sus tres bolsillos.<\/p>\n<p>Forrado de tela.\u00a0Medidas del bolso 27 cm de alto X 28 cm de largo x 4 cm<\/p>\n<h5><strong>\u00bfAlguna duda? Ponte en contacto con nosotros a trav\u00e9s del bot\u00f3n del chat directo por whatsApp y te resolveremos las dudas al instante!<\/strong><\/h5>\n<p><!-- AddThis Advanced Settings generic via filter on get_the_excerpt --><!-- AddThis Share Buttons generic via filter on get_the_excerpt --><\/p>\n","protected":false},"featured_media":18846,"comment_status":"open","ping_status":"closed","template":"","meta":{"om_disable_all_campaigns":false,"_monsterinsights_skip_tracking":false,"_monsterinsights_sitenote_active":false,"_monsterinsights_sitenote_note":"","_monsterinsights_sitenote_category":0,"_uf_show_specific_survey":0,"_uf_disable_surveys":false},"product_brand":[1217],"product_cat":[240],"product_tag":[301,877,266,305,777,268,316,781,727,744],"class_list":{"0":"post-18843","1":"product","2":"type-product","3":"status-publish","4":"has-post-thumbnail","6":"product_brand-ibags-belts","7":"product_cat-bolsos-bandoleras-de-cuero-artesanal","8":"product_tag-bandolera","9":"product_tag-bandoleras","10":"product_tag-bolso-bohemian-bolso-cuero-repujado-bolsos-cuero-retro-bolso-shopper-cuero-bolso-cuero-trenzado-bolso-cuero-troquelado","11":"product_tag-bolso-cuero-artesanal","12":"product_tag-bolso-cuero-bandoleras","13":"product_tag-bolso-cuero-boho-bolso-cuero-con-tachuelas-bolsos-cuero-caballero-bolso-cuero-de-hombre-bolso-cuero-de-viaje-bolso-cuero-de-vaca-bolso-de-cuero-artesanal-bolso-de-cuero","14":"product_tag-bolso-cuero-con-tachuelas","15":"product_tag-bolso-de-cuero-para-mujer","16":"product_tag-bolsos-bandoleras-cuero","17":"product_tag-estilo-bohochic","19":"first","20":"instock","21":"shipping-taxable","22":"purchasable","23":"product-type-simple","24":"add-to-wishlist-after_add_to_cart","25":"layout-style-1","26":"col-md-4 col-sm-4 col-xs-6","27":"col-lg-3","28":"product-has-gallery","29":"product-style-default"},"aioseo_notices":[],"_links":{"self":[{"href":"https:\/\/www.ibagsbelts.com\/tienda\/wp-json\/wp\/v2\/product\/18843","targetHints":{"allow":["GET"]}}],"collection":[{"href":"https:\/\/www.ibagsbelts.com\/tienda\/wp-json\/wp\/v2\/product"}],"about":[{"href":"https:\/\/www.ibagsbelts.com\/tienda\/wp-json\/wp\/v2\/types\/product"}],"replies":[{"embeddable":true,"href":"https:\/\/www.ibagsbelts.com\/tienda\/wp-json\/wp\/v2\/comments?post=18843"}],"wp:featuredmedia":[{"embeddable":true,"href":"https:\/\/www.ibagsbelts.com\/tienda\/wp-json\/wp\/v2\/media\/18846"}],"wp:attachment":[{"href":"https:\/\/www.ibagsbelts.com\/tienda\/wp-json\/wp\/v2\/media?parent=18843"}],"wp:term":[{"taxonomy":"product_brand","embeddable":true,"href":"https:\/\/www.ibagsbelts.com\/tienda\/wp-json\/wp\/v2\/product_brand?post=18843"},{"taxonomy":"product_cat","embeddable":true,"href":"https:\/\/www.ibagsbelts.com\/tienda\/wp-json\/wp\/v2\/product_cat?post=18843"},{"taxonomy":"product_tag","embeddable":true,"href":"https:\/\/www.ibagsbelts.com\/tienda\/wp-json\/wp\/v2\/product_tag?post=18843"}],"curies":[{"name":"wp","href":"https:\/\/api.w.org\/{rel}","templated":true}]}}

<p style="text-align: left;">Sumérgete en el encanto del estilo boho con nuestro bolso bandolera de cuero artesanal, una pieza excepcional que añadirá un toque especial a cualquier atuendo durante todo el año.</p>
<p style="text-align: left;">Confeccionado con esmero, este bolso presenta flecos y tachas que le otorgan un aire bohemio y chic. En la solapa, una chapa de metal añade un toque distintivo, mientras que los remaches en color plata en la parte frontal, meticulosamente colocados a mano por nuestros artesanos del cuero, añaden un acabado sofisticado.</p>
<p style="text-align: left;">La correa regulable te permite llevarlo cómodamente en el hombro o como bandolera, adaptándose a tus necesidades y preferencias. Además, cuenta con cierre de cremallera en sus tres bolsillos para mantener tus pertenencias seguras en todo momento.</p>
<p style="text-align: left;">Forrado con tela suave en su interior, este bolso no solo es estiloso, sino también funcional. Con unas medidas de 27 cm de alto, 28 cm de largo y 4 cm de ancho, es el complemento perfecto para tus aventuras diarias.</p>
<p style="text-align: left;">Descubre la belleza y la practicidad de nuestro bolso bandolera de cuero artesanal y añade un toque de estilo boho a tu look en cualquier ocasión.</p>
<p style="text-align: left;"><strong>Aviso importante</strong></p>
<p style="text-align: left;">Todos nuestros productos de cuero están hechos a mano y su nueva bolsa de cuero puede estar sujeta a una variación natural en tamaño y color.<br />
Para los tamaños, permita 1-2 cm difiere debido a la medida manual.<br />
Las imágenes son 100% reales.<br />
Debido al monitor del ordenador y el brillo real de la toma y otras razones, habrá una cierta diferencia de color.</p>
<!-- AddThis Advanced Settings generic via filter on the_content --><!-- AddThis Share Buttons generic via filter on the_content -->

<p>Bolso bandolera de cuero artesanal con flecos y tachas, de estilo boho ideal para cualquier época del año y darle un toque especial a tu outfit.</p>
<p>Su chapa de metal en la solapa, decorado con remaches en color plata en la parte frontal, todas ellas colocadas una a una a mano por artesanos del cuero. Correa regulable, para llevarlo en el hombro o como bandolera. Cierre con cremallera en sus tres bolsillos.</p>
<p>Forrado de tela. Medidas del bolso 27 cm de alto X 28 cm de largo x 4 cm</p>
<h5><strong>¿Alguna duda? Ponte en contacto con nosotros a través del botón del chat directo por whatsApp y te resolveremos las dudas al instante!</strong></h5>
<p><!-- AddThis Advanced Settings generic via filter on get_the_excerpt --><!-- AddThis Share Buttons generic via filter on get_the_excerpt --></p>
