{"id":22746,"date":"2023-02-12T13:58:07","date_gmt":"2023-02-12T12:58:07","guid":{"rendered":"https:\/\/www.ibagsbelts.com\/tienda\/?post_type=product&#038;p=22746"},"modified":"2026-03-14T18:52:03","modified_gmt":"2026-03-14T17:52:03","slug":"bolso-sobre-de-piel-lavada-camel","status":"publish","type":"product","link":"https:\/\/www.ibagsbelts.com\/tienda\/producto\/bolso-sobre-de-piel-lavada-camel\/","title":{"rendered":"Bolso sobre de piel lavada camel Madeline"},"content":{"rendered":"<p style=\"text-align: left;\">Convierte tu estilo con elegancia y practicidad con nuestro vers\u00e1til bolso de piel lavada, que f\u00e1cilmente pasa de ser un elegante clutch a una pr\u00e1ctica bandolera. Este bolso, con su solapa trenzada y su suave cuero vintage italiano, est\u00e1 meticulosamente dise\u00f1ado para impresionar en cualquier ocasi\u00f3n.<\/p>\n<p style=\"text-align: left;\">El refinado detalle de las tachuelas de lat\u00f3n envejecido a\u00f1ade un toque de sofisticaci\u00f3n, mientras que su dise\u00f1o funcional garantiza que recibir\u00e1s cumplidos cada vez que lo uses. Con cierre a presi\u00f3n y cremallera, este bolso ofrece seguridad para tus pertenencias, mientras que el bolsillo exterior con cremallera en la espalda brinda conveniencia adicional.<\/p>\n<p style=\"text-align: left;\">En su interior, encontrar\u00e1s un espacioso bolsillo con cremallera y dos bolsillos abiertos para tu tel\u00e9fono celular, manteniendo tus objetos esenciales organizados y al alcance de la mano. Adem\u00e1s, la correa de piel ajustable y extra\u00edble, junto con la pulsera de piel adicional, te ofrecen opciones de transporte vers\u00e1tiles y c\u00f3modas.<\/p>\n<p style=\"text-align: left;\">Con medidas de 30 cm x 8 cm x 20 cm, este bolso es el compa\u00f1ero perfecto para tus aventuras, combinando estilo, funcionalidad y calidad en cada detalle.<\/p>\n<p style=\"text-align: left;\"><strong style=\"font-size: 1.4rem;\">Aviso importante<\/strong><\/p>\n<p>Todos nuestros productos de cuero est\u00e1n hechos a mano y su nueva bolsa de cuero puede estar sujeta a una variaci\u00f3n natural en tama\u00f1o y color.<br \/>\nPara los tama\u00f1os, permita 1-2 cm difiere debido a la medida manual.<br \/>\nLas im\u00e1genes son 100% reales.<br \/>\nDebido al monitor del ordenador y el brillo real de la toma y otras razones, habr\u00e1 una cierta diferencia de color.<\/p>\n<!-- AddThis Advanced Settings generic via filter on the_content --><!-- AddThis Share Buttons generic via filter on the_content -->","protected":false},"excerpt":{"rendered":"<p style=\"text-align: left;\">Al convertir h\u00e1bilmente de un <strong>clutch<\/strong> en un bolso <strong>bandolera<\/strong>, es una compa\u00f1era pr\u00e1ctica y hermosa para compartir tus aventuras. El bolso sobre con solapa trenzada es de suave cuero vintage de Italia, los tachuelas de lat\u00f3n envejecido y el elegante dise\u00f1o del embrague asegura que recibir\u00e1s cumplidos cada vez que la uses. Cierre a presi\u00f3n y cremallera.<\/p>\n<p style=\"text-align: left;\">Exterior bolsillo con cremallera en la espalda.<\/p>\n<p style=\"text-align: left;\">Interior: bolsillo grande con cremallera y dos bolsillos abiertos para tel\u00e9fono celular. Correa de piel ajustable y extra\u00edble y pulsera de piel extra\u00edble.<\/p>\n<p style=\"text-align: left;\">Medidas:\u00a0 30 cm X\u00a0 8 cm X\u00a0 20 cm<\/p>\n<h5 style=\"text-align: left;\"><strong>\u00bfAlguna duda? Ponte en contacto con nosotros a trav\u00e9s del bot\u00f3n del chat directo por whatsApp y te resolveremos las dudas al instante!<\/strong><\/h5>\n<p><!-- AddThis Advanced Settings generic via filter on get_the_excerpt --><!-- AddThis Share Buttons generic via filter on get_the_excerpt --><\/p>\n","protected":false},"featured_media":22747,"comment_status":"open","ping_status":"closed","template":"","meta":{"om_disable_all_campaigns":false,"_monsterinsights_skip_tracking":false,"_monsterinsights_sitenote_active":false,"_monsterinsights_sitenote_note":"","_monsterinsights_sitenote_category":0,"_uf_show_specific_survey":0,"_uf_disable_surveys":false},"product_brand":[1217],"product_cat":[240,757,1035],"product_tag":[1135,1096,301,877,736,266,309,255,823,1036,1027,727,281,337,749,743,1102,1038],"class_list":{"0":"post-22746","1":"product","2":"type-product","3":"status-publish","4":"has-post-thumbnail","6":"product_brand-ibags-belts","7":"product_cat-bolsos-bandoleras-de-cuero-artesanal","8":"product_cat-bolso-clutch","9":"product_cat-bolso-de-cuero-italiano","10":"product_tag-accesorios-y-complementos","11":"product_tag-artesania","12":"product_tag-bandolera","13":"product_tag-bandoleras","14":"product_tag-boho","15":"product_tag-bolso-bohemian-bolso-cuero-repujado-bolsos-cuero-retro-bolso-shopper-cuero-bolso-cuero-trenzado-bolso-cuero-troquelado","16":"product_tag-bolso-cuero-mano","17":"product_tag-bolso-cuero-mujer","18":"product_tag-bolso-piel","19":"product_tag-bolso-piel-italiano","20":"product_tag-bolso-sobre","21":"product_tag-bolsos-bandoleras-cuero","22":"product_tag-bolso-bohemian-bolso-cuero-para-hombre-bolso-cuero-repujado-bolsos-cuero-retro-bolso-shopper-cuero-bolso-cuero-trenzado-bolso-cuero-troquelado-bolso-cuero-vaca-bolso-cuero-viaje-hombre","23":"product_tag-cinturon-cuero-tachas","24":"product_tag-clutch","25":"product_tag-estilo-boho","26":"product_tag-piel","27":"product_tag-piel-lavada","29":"first","30":"instock","31":"shipping-taxable","32":"purchasable","33":"product-type-simple","34":"add-to-wishlist-after_add_to_cart","35":"layout-style-1","36":"col-md-4 col-sm-4 col-xs-6","37":"col-lg-3","38":"product-has-gallery","39":"product-style-default"},"aioseo_notices":[],"_links":{"self":[{"href":"https:\/\/www.ibagsbelts.com\/tienda\/wp-json\/wp\/v2\/product\/22746","targetHints":{"allow":["GET"]}}],"collection":[{"href":"https:\/\/www.ibagsbelts.com\/tienda\/wp-json\/wp\/v2\/product"}],"about":[{"href":"https:\/\/www.ibagsbelts.com\/tienda\/wp-json\/wp\/v2\/types\/product"}],"replies":[{"embeddable":true,"href":"https:\/\/www.ibagsbelts.com\/tienda\/wp-json\/wp\/v2\/comments?post=22746"}],"wp:featuredmedia":[{"embeddable":true,"href":"https:\/\/www.ibagsbelts.com\/tienda\/wp-json\/wp\/v2\/media\/22747"}],"wp:attachment":[{"href":"https:\/\/www.ibagsbelts.com\/tienda\/wp-json\/wp\/v2\/media?parent=22746"}],"wp:term":[{"taxonomy":"product_brand","embeddable":true,"href":"https:\/\/www.ibagsbelts.com\/tienda\/wp-json\/wp\/v2\/product_brand?post=22746"},{"taxonomy":"product_cat","embeddable":true,"href":"https:\/\/www.ibagsbelts.com\/tienda\/wp-json\/wp\/v2\/product_cat?post=22746"},{"taxonomy":"product_tag","embeddable":true,"href":"https:\/\/www.ibagsbelts.com\/tienda\/wp-json\/wp\/v2\/product_tag?post=22746"}],"curies":[{"name":"wp","href":"https:\/\/api.w.org\/{rel}","templated":true}]}}