{"id":23606,"date":"2023-03-19T12:55:15","date_gmt":"2023-03-19T11:55:15","guid":{"rendered":"https:\/\/www.ibagsbelts.com\/tienda\/?post_type=product&#038;p=23606"},"modified":"2026-03-14T18:24:38","modified_gmt":"2026-03-14T17:24:38","slug":"rinonera-maxi-negra-de-piel-lavada-grecia","status":"publish","type":"product","link":"https:\/\/www.ibagsbelts.com\/tienda\/producto\/rinonera-maxi-negra-de-piel-lavada-grecia\/","title":{"rendered":"Ri\u00f1onera maxi negra de piel lavada Grecia"},"content":{"rendered":"<p>Nuestra ri\u00f1onera est\u00e1 dise\u00f1ado para la persona que aprecia una bolsa de manos libres que se sienta cerca del cuerpo y tiene espacio adicional sin volumen adicional. Usa esta ri\u00f1onera como un bolso bandolera o como un bolso de hombro boho holgado y casual.<\/p>\n<p>Hecho a mano en nuestro cuero suave italiano, incre\u00edblemente ligero y c\u00f3modo, s\u00faper espacioso con un estilo est\u00e9tico que te har\u00e1 notar. Prep\u00e1rate para todos los cumplidos que recibas con tu bolso de ibagsbelts. Dos bolsillos con cremallera separados con un gran bolsillo interior con cremallera para asegurar objetos de valor.<br \/>\nDetalles y medidas:<br \/>\nMedidas: 45 cm Largo X 25 alto cm X 10 cm<br \/>\nLongitud de la correa MIN (incluida la bolsa) 85 cm \/ MAX longitud de la correa 120 cm<br \/>\nCONSEJOS DE AJUSTE: Si no est\u00e1 seguro de si el es adecuado para usted, le recomendamos que use una cinta m\u00e9trica. Envuelve la cinta m\u00e9trica desde un hombro hasta el lado opuesto para tener una idea de d\u00f3nde aterrizar\u00e1 sobre ti. La correa es ajustable con hebilla.<br \/>\nBolsillo peque\u00f1o: apertura de 16 cm y bolsillo grande: apertura de 35 cm<br \/>\nInterior: algod\u00f3n lavado suave y tiene un bolsillo interior con cremallera.<\/p>\n<p style=\"text-align: center;\"><strong>Aviso importante<\/strong><\/p>\n<p>Todos nuestros productos de cuero est\u00e1n hechos a mano y su nueva bolsa de cuero puede estar sujeta a una variaci\u00f3n natural en tama\u00f1o y color.<br \/>\nPara los tama\u00f1os, permita 1-2 cm difiere debido a la medida manual.<br \/>\nLas im\u00e1genes son 100% reales.<br \/>\nDebido al monitor del ordenador y el brillo real de la toma y otras razones, habr\u00e1 una cierta diferencia de color.<\/p>\n<!-- AddThis Advanced Settings generic via filter on the_content --><!-- AddThis Share Buttons generic via filter on the_content -->","protected":false},"excerpt":{"rendered":"<h5>Nuestra ri\u00f1onera est\u00e1 dise\u00f1ado para la persona que aprecia una bolsa de manos libres que se sienta cerca del cuerpo y tiene espacio adicional sin volumen adicional. Usa esta ri\u00f1onera como un bolso bandolera o como un bolso de hombro boho holgado y casual.<\/h5>\n<h5>Hecho a mano en nuestro cuero suave italiano, incre\u00edblemente ligero y c\u00f3modo, s\u00faper espacioso con un estilo est\u00e9tico que te har\u00e1 notar. Prep\u00e1rate para todos los cumplidos que recibas con tu bolso de ibagsbelts. Dos bolsillos con cremallera separados con un gran bolsillo interior con cremallera para asegurar objetos de valor.<br \/>\nDetalles y medidas:<br \/>\nMedidas: 45 cm Largo X 25 alto cm X 10 cm<br \/>\nBolsillo peque\u00f1o: apertura de 16 cm y bolsillo grande: apertura de 35 cm<br \/>\nInterior: algod\u00f3n lavado suave y tiene un bolsillo interior con cremallera.<\/h5>\n<h4><strong>\u00bfAlguna duda? Ponte en contacto con nosotros a trav\u00e9s del bot\u00f3n del chat directo por whatsApp y te resolveremos las dudas al instante!<\/strong><\/h4>\n<p><!-- AddThis Advanced Settings generic via filter on get_the_excerpt --><!-- AddThis Share Buttons generic via filter on get_the_excerpt --><\/p>\n","protected":false},"featured_media":23618,"comment_status":"open","ping_status":"closed","template":"","meta":{"om_disable_all_campaigns":false,"_monsterinsights_skip_tracking":false,"_monsterinsights_sitenote_active":false,"_monsterinsights_sitenote_note":"","_monsterinsights_sitenote_category":0,"_uf_show_specific_survey":0,"_uf_disable_surveys":false},"product_brand":[1217],"product_cat":[1035,950],"product_tag":[1042,1033,877,736,737,1020,1036,905,743,1038,795,793],"class_list":{"0":"post-23606","1":"product","2":"type-product","3":"status-publish","4":"has-post-thumbnail","6":"product_brand-ibags-belts","7":"product_cat-bolso-de-cuero-italiano","8":"product_cat-rinoneras","9":"product_tag-banana","10":"product_tag-bananas","11":"product_tag-bandoleras","12":"product_tag-boho","13":"product_tag-bohochic","14":"product_tag-bolso-boho","15":"product_tag-bolso-piel-italiano","16":"product_tag-casual","17":"product_tag-estilo-boho","18":"product_tag-piel-lavada","19":"product_tag-rinonera-cuero","20":"product_tag-rinoneras","22":"first","23":"outofstock","24":"shipping-taxable","25":"purchasable","26":"product-type-simple","27":"add-to-wishlist-after_add_to_cart","28":"layout-style-1","29":"col-md-4 col-sm-4 col-xs-6","30":"col-lg-3","31":"product-has-gallery","32":"product-style-default"},"aioseo_notices":[],"_links":{"self":[{"href":"https:\/\/www.ibagsbelts.com\/tienda\/wp-json\/wp\/v2\/product\/23606","targetHints":{"allow":["GET"]}}],"collection":[{"href":"https:\/\/www.ibagsbelts.com\/tienda\/wp-json\/wp\/v2\/product"}],"about":[{"href":"https:\/\/www.ibagsbelts.com\/tienda\/wp-json\/wp\/v2\/types\/product"}],"replies":[{"embeddable":true,"href":"https:\/\/www.ibagsbelts.com\/tienda\/wp-json\/wp\/v2\/comments?post=23606"}],"wp:featuredmedia":[{"embeddable":true,"href":"https:\/\/www.ibagsbelts.com\/tienda\/wp-json\/wp\/v2\/media\/23618"}],"wp:attachment":[{"href":"https:\/\/www.ibagsbelts.com\/tienda\/wp-json\/wp\/v2\/media?parent=23606"}],"wp:term":[{"taxonomy":"product_brand","embeddable":true,"href":"https:\/\/www.ibagsbelts.com\/tienda\/wp-json\/wp\/v2\/product_brand?post=23606"},{"taxonomy":"product_cat","embeddable":true,"href":"https:\/\/www.ibagsbelts.com\/tienda\/wp-json\/wp\/v2\/product_cat?post=23606"},{"taxonomy":"product_tag","embeddable":true,"href":"https:\/\/www.ibagsbelts.com\/tienda\/wp-json\/wp\/v2\/product_tag?post=23606"}],"curies":[{"name":"wp","href":"https:\/\/api.w.org\/{rel}","templated":true}]}}