{"id":24545,"date":"2023-05-06T17:10:53","date_gmt":"2023-05-06T15:10:53","guid":{"rendered":"https:\/\/www.ibagsbelts.com\/tienda\/?post_type=product&#038;p=24545"},"modified":"2026-03-14T18:20:41","modified_gmt":"2026-03-14T17:20:41","slug":"bolso-de-cuero-boho-marroqui-hecho-a-mano-marron-beige","status":"publish","type":"product","link":"https:\/\/www.ibagsbelts.com\/tienda\/producto\/bolso-de-cuero-boho-marroqui-hecho-a-mano-marron-beige\/","title":{"rendered":"Bolso bombonera de cuero boho hecho a mano beige Daphne"},"content":{"rendered":"<p style=\"text-align: left;\">Sum\u00e9rgete en el encanto del estilo boho con nuestro bolso de cuero marroqu\u00ed hecho a mano. Espacioso y lleno de car\u00e1cter, este bolso de hombro boho es la elecci\u00f3n perfecta para aquellos que buscan una pieza \u00fanica y aut\u00e9ntica para su colecci\u00f3n.<\/p>\n<p style=\"text-align: left;\">Confeccionado con cuero genuino de Marrakech, este bolso hobo combina la artesan\u00eda tradicional con un dise\u00f1o funcional y elegante. Su espacioso interior lo hace ideal tanto para el uso diario como para escapadas de fin de semana.<\/p>\n<p style=\"text-align: left;\">El patr\u00f3n boho realza la rica calidad textural del cuero suave, a\u00f1adiendo un toque de estilo distintivo a tu look. Ya sea para la oficina o para tus momentos de ocio, este bolso de hombro boho ser\u00e1 tu compa\u00f1ero perfecto.<\/p>\n<p style=\"text-align: left;\">Con dimensiones de 40\u00d7 45 \u00d7 10 cm, este bolso ofrece el espacio que necesitas sin sacrificar el estilo. A\u00f1ade esta impresionante pieza a tu colecci\u00f3n y haz una declaraci\u00f3n de moda dondequiera que vayas.<\/p>\n<p style=\"text-align: left;\"><strong>Aviso importante<\/strong><\/p>\n<p style=\"text-align: left;\">Todos nuestros productos de cuero est\u00e1n hechos a mano y su nueva bolsa de cuero puede estar sujeta a una variaci\u00f3n natural en tama\u00f1o y color.<br \/>\nPara los tama\u00f1os, permita 1-2 cm difiere debido a la medida manual.<br \/>\nLas im\u00e1genes son 100% reales.<br \/>\nDebido al monitor del ordenador y el brillo real de la toma y otras razones, habr\u00e1 una cierta diferencia de color.<\/p>\n<!-- AddThis Advanced Settings generic via filter on the_content --><!-- AddThis Share Buttons generic via filter on the_content -->","protected":false},"excerpt":{"rendered":"<h5 style=\"text-align: left;\">Bolso de cuero boho boho marroqu\u00ed hecho a mano. El bolso de hombro Boho espacioso, bolso saco es de cuero genuino. Un incre\u00edble bolso de hombro hobo de cuero marr\u00f3n es la mejor adici\u00f3n a su colecci\u00f3n de estilo boho<\/h5>\n<h5 style=\"text-align: left;\">Una impresionante pieza de nuestra deslumbrante colecci\u00f3n de aut\u00e9ntico y elegante bolso de cuero hobo crossbody elaborado en Marrakech. Hecho a mano y tallado, funcional y perfecto para oficina o fines de semana.<\/h5>\n<h5 style=\"text-align: left;\">Medidas:\u00a0 \u00a040 cm de alto x 45 cm largo x 10 cm ancho.<\/h5>\n<h5 style=\"text-align: left;\"><strong>\u00bfAlguna duda? Ponte en contacto con nosotros a trav\u00e9s del bot\u00f3n del chat directo por whatsApp y te resolveremos las dudas al instante!<\/strong><\/h5>\n<p><!-- AddThis Advanced Settings generic via filter on get_the_excerpt --><!-- AddThis Share Buttons generic via filter on get_the_excerpt --><\/p>\n","protected":false},"featured_media":24549,"comment_status":"open","ping_status":"closed","template":"","meta":{"om_disable_all_campaigns":false,"_monsterinsights_skip_tracking":false,"_monsterinsights_sitenote_active":false,"_monsterinsights_sitenote_note":"","_monsterinsights_sitenote_category":0,"_uf_show_specific_survey":0,"_uf_disable_surveys":false},"product_brand":[1217],"product_cat":[240,381],"product_tag":[303,299,305,315,268,313,329,255,727,302,744,746],"class_list":{"0":"post-24545","1":"product","2":"type-product","3":"status-publish","4":"has-post-thumbnail","6":"product_brand-ibags-belts","7":"product_cat-bolsos-bandoleras-de-cuero-artesanal","8":"product_cat-bomboneras","9":"product_tag-bolso-bohemian","10":"product_tag-bolso-cuero","11":"product_tag-bolso-cuero-artesanal","12":"product_tag-bolso-cuero-artesano","13":"product_tag-bolso-cuero-boho-bolso-cuero-con-tachuelas-bolsos-cuero-caballero-bolso-cuero-de-hombre-bolso-cuero-de-viaje-bolso-cuero-de-vaca-bolso-de-cuero-artesanal-bolso-de-cuero","14":"product_tag-bolso-cuero-hecho-a-mano","15":"product_tag-bolso-cuero-hippie","16":"product_tag-bolso-cuero-mujer","17":"product_tag-bolsos-bandoleras-cuero","18":"product_tag-bolsos-de-cuero","19":"product_tag-estilo-bohochic","20":"product_tag-estilo-hippiechic","22":"first","23":"instock","24":"shipping-taxable","25":"purchasable","26":"product-type-simple","27":"add-to-wishlist-after_add_to_cart","28":"layout-style-1","29":"col-md-4 col-sm-4 col-xs-6","30":"col-lg-3","31":"product-has-gallery","32":"product-style-default"},"aioseo_notices":[],"_links":{"self":[{"href":"https:\/\/www.ibagsbelts.com\/tienda\/wp-json\/wp\/v2\/product\/24545","targetHints":{"allow":["GET"]}}],"collection":[{"href":"https:\/\/www.ibagsbelts.com\/tienda\/wp-json\/wp\/v2\/product"}],"about":[{"href":"https:\/\/www.ibagsbelts.com\/tienda\/wp-json\/wp\/v2\/types\/product"}],"replies":[{"embeddable":true,"href":"https:\/\/www.ibagsbelts.com\/tienda\/wp-json\/wp\/v2\/comments?post=24545"}],"wp:featuredmedia":[{"embeddable":true,"href":"https:\/\/www.ibagsbelts.com\/tienda\/wp-json\/wp\/v2\/media\/24549"}],"wp:attachment":[{"href":"https:\/\/www.ibagsbelts.com\/tienda\/wp-json\/wp\/v2\/media?parent=24545"}],"wp:term":[{"taxonomy":"product_brand","embeddable":true,"href":"https:\/\/www.ibagsbelts.com\/tienda\/wp-json\/wp\/v2\/product_brand?post=24545"},{"taxonomy":"product_cat","embeddable":true,"href":"https:\/\/www.ibagsbelts.com\/tienda\/wp-json\/wp\/v2\/product_cat?post=24545"},{"taxonomy":"product_tag","embeddable":true,"href":"https:\/\/www.ibagsbelts.com\/tienda\/wp-json\/wp\/v2\/product_tag?post=24545"}],"curies":[{"name":"wp","href":"https:\/\/api.w.org\/{rel}","templated":true}]}}