{"id":24566,"date":"2023-05-06T20:53:08","date_gmt":"2023-05-06T18:53:08","guid":{"rendered":"https:\/\/www.ibagsbelts.com\/tienda\/?post_type=product&#038;p=24566"},"modified":"2026-03-14T18:19:52","modified_gmt":"2026-03-14T17:19:52","slug":"bolso-mini-con-conchas-y-flecos-de-cuero-para-el-movil","status":"publish","type":"product","link":"https:\/\/www.ibagsbelts.com\/tienda\/producto\/bolso-mini-con-conchas-y-flecos-de-cuero-para-el-movil\/","title":{"rendered":"Portamovil negro de piel con flecos y conchas marinas Otto"},"content":{"rendered":"<p style=\"text-align: left;\">Este pr\u00e1ctico portam\u00f3vil de piel en color negro con flecos y conchas marinas es el accesorio ideal para tu d\u00eda a d\u00eda. Puedes llevarlo c\u00f3modamente como bandolera y cuenta con la capacidad perfecta para almacenar tu tel\u00e9fono m\u00f3vil, tarjetas, llaves y otros elementos esenciales.<\/p>\n<p style=\"text-align: left;\">Est\u00e1 confeccionado con piel de vacuno de la m\u00e1s alta calidad, con un acabado frontal que incluye un chap\u00f3n artesanal y conchas marinas, lo que le confiere un dise\u00f1o moderno y actual.<\/p>\n<p style=\"text-align: left;\">La correa es extensible para adaptarse a tus necesidades de transporte, mientras que el forro interior de poli\u00e9ster en color negro garantiza durabilidad y resistencia. El cierre de cremallera, con un elegante acabado en color bronce, asegura la seguridad de tus pertenencias en todo momento.<\/p>\n<p style=\"text-align: left;\">Con unas dimensiones de 20 cm de alto, 14 cm de ancho y 2 cm de fondo, este portam\u00f3vil combina estilo y funcionalidad para acompa\u00f1arte en tus actividades diarias con un toque de elegancia.<\/p>\n<p style=\"text-align: left;\"><strong>Aviso importante<\/strong><\/p>\n<p style=\"text-align: left;\">Todos nuestros productos de cuero est\u00e1n hechos a mano y su nueva bolsa de cuero puede estar sujeta a una variaci\u00f3n natural en tama\u00f1o y color.<br \/>\nPara los tama\u00f1os, permita 1-2 cm difiere debido a la medida manual.<br \/>\nLas im\u00e1genes son 100% reales.<br \/>\nDebido al monitor del ordenador y el brillo real de la toma y otras razones, habr\u00e1 una cierta diferencia de color.<\/p>\n<!-- AddThis Advanced Settings generic via filter on the_content --><!-- AddThis Share Buttons generic via filter on the_content -->","protected":false},"excerpt":{"rendered":"<p style=\"text-align: left;\">Este modelo es ideal para el d\u00eda a d\u00eda, puedes usarlo en bandolera y tiene la capacidad ideal para el tel\u00e9fono m\u00f3vil, tarjetas, llavero, etc.<\/p>\n<p style=\"text-align: left;\">Su composici\u00f3n es piel de vacuno de la mejor calidad, terminado en la parte frontal chap\u00f3n artesanal y conchas marinas que lo convierte en\u00a0 un dise\u00f1o de lo m\u00e1s actual.<\/p>\n<p style=\"text-align: left;\">Correa extensible, Forro poli\u00e9ster en color negro, Cierre de cremallera terminado en color bronce.\u00a0Medidas: 20 cm alto, 14 cm ancho y 2 cm fondo.<\/p>\n<p style=\"text-align: left;\"><strong>\u00bfAlguna duda? Ponte en contacto con nosotros a trav\u00e9s del bot\u00f3n del chat directo por whatsApp y te resolveremos las dudas al instante!<\/strong><\/p>\n<p><!-- AddThis Advanced Settings generic via filter on get_the_excerpt --><!-- AddThis Share Buttons generic via filter on get_the_excerpt --><\/p>\n","protected":false},"featured_media":24570,"comment_status":"open","ping_status":"closed","template":"","meta":{"om_disable_all_campaigns":false,"_monsterinsights_skip_tracking":false,"_monsterinsights_sitenote_active":false,"_monsterinsights_sitenote_note":"","_monsterinsights_sitenote_category":0,"_uf_show_specific_survey":0,"_uf_disable_surveys":false},"product_brand":[],"product_cat":[240,383],"product_tag":[301,877,266,303,299,305,268,316,313,255,823,746,1098],"class_list":{"0":"post-24566","1":"product","2":"type-product","3":"status-publish","4":"has-post-thumbnail","6":"product_cat-bolsos-bandoleras-de-cuero-artesanal","7":"product_cat-bolsos-para-telefonos","8":"product_tag-bandolera","9":"product_tag-bandoleras","10":"product_tag-bolso-bohemian-bolso-cuero-repujado-bolsos-cuero-retro-bolso-shopper-cuero-bolso-cuero-trenzado-bolso-cuero-troquelado","11":"product_tag-bolso-bohemian","12":"product_tag-bolso-cuero","13":"product_tag-bolso-cuero-artesanal","14":"product_tag-bolso-cuero-boho-bolso-cuero-con-tachuelas-bolsos-cuero-caballero-bolso-cuero-de-hombre-bolso-cuero-de-viaje-bolso-cuero-de-vaca-bolso-de-cuero-artesanal-bolso-de-cuero","15":"product_tag-bolso-cuero-con-tachuelas","16":"product_tag-bolso-cuero-hecho-a-mano","17":"product_tag-bolso-cuero-mujer","18":"product_tag-bolso-piel","19":"product_tag-estilo-hippiechic","20":"product_tag-portamovil","22":"first","23":"instock","24":"shipping-taxable","25":"purchasable","26":"product-type-simple","27":"add-to-wishlist-after_add_to_cart","28":"layout-style-1","29":"col-md-4 col-sm-4 col-xs-6","30":"col-lg-3","31":"product-has-gallery","32":"product-style-default"},"aioseo_notices":[],"_links":{"self":[{"href":"https:\/\/www.ibagsbelts.com\/tienda\/wp-json\/wp\/v2\/product\/24566","targetHints":{"allow":["GET"]}}],"collection":[{"href":"https:\/\/www.ibagsbelts.com\/tienda\/wp-json\/wp\/v2\/product"}],"about":[{"href":"https:\/\/www.ibagsbelts.com\/tienda\/wp-json\/wp\/v2\/types\/product"}],"replies":[{"embeddable":true,"href":"https:\/\/www.ibagsbelts.com\/tienda\/wp-json\/wp\/v2\/comments?post=24566"}],"wp:featuredmedia":[{"embeddable":true,"href":"https:\/\/www.ibagsbelts.com\/tienda\/wp-json\/wp\/v2\/media\/24570"}],"wp:attachment":[{"href":"https:\/\/www.ibagsbelts.com\/tienda\/wp-json\/wp\/v2\/media?parent=24566"}],"wp:term":[{"taxonomy":"product_brand","embeddable":true,"href":"https:\/\/www.ibagsbelts.com\/tienda\/wp-json\/wp\/v2\/product_brand?post=24566"},{"taxonomy":"product_cat","embeddable":true,"href":"https:\/\/www.ibagsbelts.com\/tienda\/wp-json\/wp\/v2\/product_cat?post=24566"},{"taxonomy":"product_tag","embeddable":true,"href":"https:\/\/www.ibagsbelts.com\/tienda\/wp-json\/wp\/v2\/product_tag?post=24566"}],"curies":[{"name":"wp","href":"https:\/\/api.w.org\/{rel}","templated":true}]}}