{"id":24956,"date":"2023-05-28T16:23:03","date_gmt":"2023-05-28T14:23:03","guid":{"rendered":"https:\/\/www.ibagsbelts.com\/tienda\/?post_type=product&#038;p=24956"},"modified":"2026-03-14T16:18:29","modified_gmt":"2026-03-14T15:18:29","slug":"sandalias-de-cuero-marron-con-trenza","status":"publish","type":"product","link":"https:\/\/www.ibagsbelts.com\/tienda\/producto\/sandalias-de-cuero-marron-con-trenza\/","title":{"rendered":"Sandalias de cuero marr\u00f3n hippie"},"content":{"rendered":"<p style=\"text-align: left;\">\u00a1Descubre la aut\u00e9ntica artesan\u00eda bereber con nuestras sandalias de cuero y caucho hechas a mano! Perfectas para cada d\u00eda del verano, estas sandalias te brindan comodidad y estilo en cada paso.<\/p>\n<p style=\"text-align: left;\">Elaboradas con suela de cuero y caucho, estas sandalias son duraderas y resistentes, ideales para caminar por la ciudad o relajarse en la playa. Cada par est\u00e1 cuidadosamente elaborado por artesanos bereberes, utilizando t\u00e9cnicas transmitidas de generaci\u00f3n en generaci\u00f3n a lo largo de los siglos.<\/p>\n<p style=\"text-align: left;\">Para garantizar un ajuste perfecto, te ofrecemos una gu\u00eda de tallas basada en la longitud del pie:<\/p>\n<ul style=\"text-align: left;\">\n<li>Talla 37: 24,50 cm<\/li>\n<li>Talla 38: 25 cm<\/li>\n<li>Talla 39: 25,50 cm<\/li>\n<li>Talla 40: 26 cm<\/li>\n<li>Talla 41: 26,50 cm<\/li>\n<li>Talla 42: 27 cm<\/li>\n<\/ul>\n<p style=\"text-align: left;\">Con estas sandalias, podr\u00e1s disfrutar del verano con estilo y autenticidad. \u00a1Hazte con un par hoy y lleva contigo la esencia de la artesan\u00eda bereber en cada paso que des!<\/p>\n<p style=\"text-align: left;\"><strong>Aviso importante<\/strong><\/p>\n<p style=\"text-align: left;\">Todos nuestros productos de cuero est\u00e1n hechos a mano y su nueva bolsa de cuero puede estar sujeta a una variaci\u00f3n natural en tama\u00f1o y color.<br \/>\nPara los tama\u00f1os, permita 1-2 cm difiere debido a la medida manual.<br \/>\nLas im\u00e1genes son 100% reales.<br \/>\nDebido al monitor del ordenador y el brillo real de la toma y otras razones, habr\u00e1 una cierta diferencia de color.<\/p>\n<!-- AddThis Advanced Settings generic via filter on the_content --><!-- AddThis Share Buttons generic via filter on the_content -->","protected":false},"excerpt":{"rendered":"<p>\u00a1Descubre la aut\u00e9ntica artesan\u00eda bereber con nuestras sandalias de cuero y caucho hechas a mano! Perfectas para cada d\u00eda del verano, estas sandalias te brindan comodidad y estilo en cada paso.<\/p>\n<p>Elaboradas con suela de cuero y caucho, estas sandalias son duraderas y resistentes, ideales para caminar por la ciudad o relajarse en la playa. Cada par est\u00e1 cuidadosamente elaborado por artesanos Ber\u00e9beres, utilizando t\u00e9cnicas transmitidas de generaci\u00f3n en generaci\u00f3n a lo largo de los siglos.<\/p>\n<p><span style=\"font-size: 1.4rem;\">Con estas sandalias, podr\u00e1s disfrutar del verano con estilo y autenticidad. \u00a1Hazte con un par hoy y lleva contigo la esencia de la artesan\u00eda bereber en cada paso que des!<\/span><\/p>\n<h5><strong>\u00bfAlguna duda? Ponte en contacto con nosotros a trav\u00e9s del bot\u00f3n del chat directo por WhatsApp y te resolveremos las dudas al instante!<\/strong><\/h5>\n<p><!-- AddThis Advanced Settings generic via filter on get_the_excerpt --><!-- AddThis Share Buttons generic via filter on get_the_excerpt --><\/p>\n","protected":false},"featured_media":24951,"comment_status":"open","ping_status":"closed","template":"","meta":{"om_disable_all_campaigns":false,"_monsterinsights_skip_tracking":false,"_monsterinsights_sitenote_active":false,"_monsterinsights_sitenote_note":"","_monsterinsights_sitenote_category":0,"_uf_show_specific_survey":0,"_uf_disable_surveys":false},"product_brand":[1217],"product_cat":[959],"product_tag":[1096,736,737,814,1072,307,744,746,1218,1110,1048],"class_list":{"0":"post-24956","1":"product","2":"type-product","3":"status-publish","4":"has-post-thumbnail","6":"product_brand-ibags-belts","7":"product_cat-sandalias","8":"product_tag-artesania","9":"product_tag-boho","10":"product_tag-bohochic","11":"product_tag-calzado","12":"product_tag-cuero","13":"product_tag-cuero-trenzado","14":"product_tag-estilo-bohochic","15":"product_tag-estilo-hippiechic","16":"product_tag-sandalia","17":"product_tag-sandalias","18":"product_tag-trenzado","20":"first","21":"instock","22":"shipping-taxable","23":"purchasable","24":"product-type-variable","25":"add-to-wishlist-after_add_to_cart","26":"layout-style-1","27":"col-md-4 col-sm-4 col-xs-6","28":"col-lg-3","29":"product-has-gallery","30":"product-style-default"},"aioseo_notices":[],"_links":{"self":[{"href":"https:\/\/www.ibagsbelts.com\/tienda\/wp-json\/wp\/v2\/product\/24956","targetHints":{"allow":["GET"]}}],"collection":[{"href":"https:\/\/www.ibagsbelts.com\/tienda\/wp-json\/wp\/v2\/product"}],"about":[{"href":"https:\/\/www.ibagsbelts.com\/tienda\/wp-json\/wp\/v2\/types\/product"}],"replies":[{"embeddable":true,"href":"https:\/\/www.ibagsbelts.com\/tienda\/wp-json\/wp\/v2\/comments?post=24956"}],"wp:featuredmedia":[{"embeddable":true,"href":"https:\/\/www.ibagsbelts.com\/tienda\/wp-json\/wp\/v2\/media\/24951"}],"wp:attachment":[{"href":"https:\/\/www.ibagsbelts.com\/tienda\/wp-json\/wp\/v2\/media?parent=24956"}],"wp:term":[{"taxonomy":"product_brand","embeddable":true,"href":"https:\/\/www.ibagsbelts.com\/tienda\/wp-json\/wp\/v2\/product_brand?post=24956"},{"taxonomy":"product_cat","embeddable":true,"href":"https:\/\/www.ibagsbelts.com\/tienda\/wp-json\/wp\/v2\/product_cat?post=24956"},{"taxonomy":"product_tag","embeddable":true,"href":"https:\/\/www.ibagsbelts.com\/tienda\/wp-json\/wp\/v2\/product_tag?post=24956"}],"curies":[{"name":"wp","href":"https:\/\/api.w.org\/{rel}","templated":true}]}}