{"id":25030,"date":"2023-06-10T12:05:34","date_gmt":"2023-06-10T10:05:34","guid":{"rendered":"https:\/\/www.ibagsbelts.com\/tienda\/?post_type=product&#038;p=25030"},"modified":"2026-03-14T16:18:06","modified_gmt":"2026-03-14T15:18:06","slug":"maletin-156-portafolios-oficina-cuero-color-teja-camel","status":"publish","type":"product","link":"https:\/\/www.ibagsbelts.com\/tienda\/producto\/maletin-156-portafolios-oficina-cuero-color-teja-camel\/","title":{"rendered":"Malet\u00edn 15,6&#8243; portafolios oficina Cuero color camel Ryan"},"content":{"rendered":"<p>\u00a1Destaca en la oficina con este elegante malet\u00edn de cuero artesanal fabricado en Marruecos! Con un dise\u00f1o cl\u00e1sico y funcional, este malet\u00edn es perfecto para llevar tus documentos y dispositivos con estilo. Su exterior presenta una solapa con hebillas a cada lado y un amplio bolsillo central para un acceso r\u00e1pido a tus pertenencias. Adem\u00e1s, debajo de la solapa cuenta con un pr\u00e1ctico bolsillo con cremallera para mayor seguridad.<\/p>\n<p>En la parte trasera, encontrar\u00e1s otro bolsillo que proporciona espacio adicional para tus necesidades diarias. El interior est\u00e1 forrado y cuenta con un compartimento central para una mejor organizaci\u00f3n. Con unas medidas de 38 cm de largo, 28 cm de alto y 8 cm de ancho, este malet\u00edn ofrece suficiente espacio para llevar todo lo que necesitas.<\/p>\n<p>Hecho con cuero de alta calidad, este malet\u00edn no solo es duradero, sino que tambi\u00e9n a\u00f1ade un toque de estilo a tu atuendo profesional. \u00a1No te pierdas la oportunidad de destacar con este impresionante malet\u00edn de cuero artesanal!<\/p>\n<p style=\"text-align: left;\"><strong>Aviso importante<\/strong><\/p>\n<p style=\"text-align: left;\">Todos nuestros productos de cuero est\u00e1n hechos a mano y su nueva bolsa de cuero puede estar sujeta a una variaci\u00f3n natural en tama\u00f1o y color.<br \/>\nPara los tama\u00f1os, permita 1-2 cm difiere debido a la medida manual.<br \/>\nLas im\u00e1genes son 100% reales.<br \/>\nDebido al monitor del ordenador y el brillo real de la toma y otras razones, habr\u00e1 una cierta diferencia de color.<\/p>\n<!-- AddThis Advanced Settings generic via filter on the_content --><!-- AddThis Share Buttons generic via filter on the_content -->","protected":false},"excerpt":{"rendered":"<h5>Malet\u00edn de cuero tipo oficina. Fabricado en Marruecos con cuero artesanal.<\/h5>\n<h5>Exterior con solapa con hebillas a cada lado, y bolsillo grande en la parte central. debajo de la solapa dispone de un bolsillo con cremallera.\u00a0Parte trasera con bolsillo. Interior con forro y compartimento en el centro.<\/h5>\n<h5><span class=\"a-list-item\">MEDIDAS: <\/span><span class=\"a-list-item\">38 largo x 28 alto\u00a0 x 8 cm. <\/span>Forro interior. 100 % CUERO.<\/h5>\n<div class=\"woocommerce-product-details__short-description\">\n<h4><strong>\u00bfAlguna duda? Ponte en contacto con nosotros a trav\u00e9s del bot\u00f3n del chat directo por whatsApp y te resolveremos las dudas?<\/strong><\/h4>\n<\/div>\n<p><!-- AddThis Advanced Settings generic via filter on get_the_excerpt --><!-- AddThis Share Buttons generic via filter on get_the_excerpt --><\/p>\n","protected":false},"featured_media":25031,"comment_status":"open","ping_status":"closed","template":"","meta":{"om_disable_all_campaigns":false,"_monsterinsights_skip_tracking":false,"_monsterinsights_sitenote_active":false,"_monsterinsights_sitenote_note":"","_monsterinsights_sitenote_category":0,"_uf_show_specific_survey":0,"_uf_disable_surveys":false},"product_brand":[1217],"product_cat":[240,757,402],"product_tag":[301,877,266,303,299,305,315,885,875,928],"class_list":{"0":"post-25030","1":"product","2":"type-product","3":"status-publish","4":"has-post-thumbnail","6":"product_brand-ibags-belts","7":"product_cat-bolsos-bandoleras-de-cuero-artesanal","8":"product_cat-bolso-clutch","9":"product_cat-maletin-liso","10":"product_tag-bandolera","11":"product_tag-bandoleras","12":"product_tag-bolso-bohemian-bolso-cuero-repujado-bolsos-cuero-retro-bolso-shopper-cuero-bolso-cuero-trenzado-bolso-cuero-troquelado","13":"product_tag-bolso-bohemian","14":"product_tag-bolso-cuero","15":"product_tag-bolso-cuero-artesanal","16":"product_tag-bolso-cuero-artesano","17":"product_tag-cartera","18":"product_tag-maletin","19":"product_tag-portafolios","21":"first","22":"instock","23":"shipping-taxable","24":"purchasable","25":"product-type-simple","26":"add-to-wishlist-after_add_to_cart","27":"layout-style-1","28":"col-md-4 col-sm-4 col-xs-6","29":"col-lg-3","30":"product-has-gallery","31":"product-style-default"},"aioseo_notices":[],"_links":{"self":[{"href":"https:\/\/www.ibagsbelts.com\/tienda\/wp-json\/wp\/v2\/product\/25030","targetHints":{"allow":["GET"]}}],"collection":[{"href":"https:\/\/www.ibagsbelts.com\/tienda\/wp-json\/wp\/v2\/product"}],"about":[{"href":"https:\/\/www.ibagsbelts.com\/tienda\/wp-json\/wp\/v2\/types\/product"}],"replies":[{"embeddable":true,"href":"https:\/\/www.ibagsbelts.com\/tienda\/wp-json\/wp\/v2\/comments?post=25030"}],"wp:featuredmedia":[{"embeddable":true,"href":"https:\/\/www.ibagsbelts.com\/tienda\/wp-json\/wp\/v2\/media\/25031"}],"wp:attachment":[{"href":"https:\/\/www.ibagsbelts.com\/tienda\/wp-json\/wp\/v2\/media?parent=25030"}],"wp:term":[{"taxonomy":"product_brand","embeddable":true,"href":"https:\/\/www.ibagsbelts.com\/tienda\/wp-json\/wp\/v2\/product_brand?post=25030"},{"taxonomy":"product_cat","embeddable":true,"href":"https:\/\/www.ibagsbelts.com\/tienda\/wp-json\/wp\/v2\/product_cat?post=25030"},{"taxonomy":"product_tag","embeddable":true,"href":"https:\/\/www.ibagsbelts.com\/tienda\/wp-json\/wp\/v2\/product_tag?post=25030"}],"curies":[{"name":"wp","href":"https:\/\/api.w.org\/{rel}","templated":true}]}}

Maletín 15,6&#8243; portafolios oficina Cuero color camel Ryan

<p>¡Destaca en la oficina con este elegante maletín de cuero artesanal fabricado en Marruecos! Con un diseño clásico y funcional, este maletín es perfecto para llevar tus documentos y dispositivos con estilo. Su exterior presenta una solapa con hebillas a cada lado y un amplio bolsillo central para un acceso rápido a tus pertenencias. Además, debajo de la solapa cuenta con un práctico bolsillo con cremallera para mayor seguridad.</p>
<p>En la parte trasera, encontrarás otro bolsillo que proporciona espacio adicional para tus necesidades diarias. El interior está forrado y cuenta con un compartimento central para una mejor organización. Con unas medidas de 38 cm de largo, 28 cm de alto y 8 cm de ancho, este maletín ofrece suficiente espacio para llevar todo lo que necesitas.</p>
<p>Hecho con cuero de alta calidad, este maletín no solo es duradero, sino que también añade un toque de estilo a tu atuendo profesional. ¡No te pierdas la oportunidad de destacar con este impresionante maletín de cuero artesanal!</p>
<p style="text-align: left;"><strong>Aviso importante</strong></p>
<p style="text-align: left;">Todos nuestros productos de cuero están hechos a mano y su nueva bolsa de cuero puede estar sujeta a una variación natural en tamaño y color.<br />
Para los tamaños, permita 1-2 cm difiere debido a la medida manual.<br />
Las imágenes son 100% reales.<br />
Debido al monitor del ordenador y el brillo real de la toma y otras razones, habrá una cierta diferencia de color.</p>
<!-- AddThis Advanced Settings generic via filter on the_content --><!-- AddThis Share Buttons generic via filter on the_content -->

<h5>Maletín de cuero tipo oficina. Fabricado en Marruecos con cuero artesanal.</h5>
<h5>Exterior con solapa con hebillas a cada lado, y bolsillo grande en la parte central. debajo de la solapa dispone de un bolsillo con cremallera. Parte trasera con bolsillo. Interior con forro y compartimento en el centro.</h5>
<h5><span class="a-list-item">MEDIDAS: </span><span class="a-list-item">38 largo x 28 alto  x 8 cm. </span>Forro interior. 100 % CUERO.</h5>
<div class="woocommerce-product-details__short-description">
<h4><strong>¿Alguna duda? Ponte en contacto con nosotros a través del botón del chat directo por whatsApp y te resolveremos las dudas?</strong></h4>
</div>
<p><!-- AddThis Advanced Settings generic via filter on get_the_excerpt --><!-- AddThis Share Buttons generic via filter on get_the_excerpt --></p>
