{"id":25938,"date":"2023-08-04T20:42:59","date_gmt":"2023-08-04T18:42:59","guid":{"rendered":"https:\/\/www.ibagsbelts.com\/tienda\/?post_type=product&#038;p=25938"},"modified":"2026-03-14T15:32:00","modified_gmt":"2026-03-14T14:32:00","slug":"bolso-mensajero-italiano-de-piel-lavada-rosa-andrea","status":"publish","type":"product","link":"https:\/\/www.ibagsbelts.com\/tienda\/producto\/bolso-mensajero-italiano-de-piel-lavada-rosa-andrea\/","title":{"rendered":"Bolso mensajero italiano de piel lavada rosa palo Andrea"},"content":{"rendered":"<p style=\"text-align: left;\">Ll\u00e9velo todo con este lujoso bolso mensajero en piel lavada italiana suave. Detalles de lat\u00f3n envejecido, cuero italiano vintage bolso de\u00a0 hombro c\u00f3modo con doble asa ancha para mayor comodidad o sujete la correa de cuero ajustable y extra\u00edble para ponerla como bandolera.<\/p>\n<p style=\"text-align: left;\">En el exterior un gran bolsillo con cremallera en la parte trasera. La solapa grande de piel suave con mosquetones en sus esquinas que oculta un cierre de cremallera.<\/p>\n<p style=\"text-align: left;\">Y en el interior su bolsillo grande con cremallera mas dos bolsillos abiertos para tel\u00e9fonos m\u00f3viles \/ llaves. Interior de algod\u00f3n lavado grueso<\/p>\n<p style=\"text-align: left;\">Medidas: 46 cm largo \u00a0x 30 cm de alto x 15 cm. Ca\u00edda del mango: 24 cm (de hombro).<\/p>\n<p style=\"text-align: left;\"><strong>Aviso importante<\/strong><\/p>\n<p style=\"text-align: left;\">Todos nuestros productos de cuero est\u00e1n hechos a mano y su nueva bolsa de cuero puede estar sujeta a una variaci\u00f3n natural en tama\u00f1o y color.<br \/>\nPara los tama\u00f1os, permita 1-2 cm difiere debido a la medida manual.<br \/>\nLas im\u00e1genes son 100% reales.<br \/>\nDebido al monitor del ordenador y el brillo real de la toma y otras razones, habr\u00e1 una cierta diferencia de color.<\/p>\n<p>\u00a0<\/p>\n<!-- AddThis Advanced Settings generic via filter on the_content --><!-- AddThis Share Buttons generic via filter on the_content -->","protected":false},"excerpt":{"rendered":"<h2 style=\"text-align: left;\">Ll\u00e9velo todo con este lujoso bolso mensajero en piel lavada italiana suave. Detalles de lat\u00f3n envejecido, cuero italiano vintage bolso de\u00a0 hombro c\u00f3modo con doble asa ancha para mayor comodidad o sujete la correa de cuero ajustable y extra\u00edble para ponerla como bandolera.<\/h2>\n<h3 style=\"text-align: left;\">En el exterior un gran bolsillo con cremallera en la parte trasera. La solapa grande de piel suave con mosquetones en sus esquinas que oculta un cierre de cremallera.\u00a0Y en el interior su bolsillo grande con cremallera mas dos bolsillos abiertos para tel\u00e9fonos m\u00f3viles \/ llaves. Interior de algod\u00f3n lavado grueso<\/h3>\n<p style=\"text-align: left;\">Medidas: 46 cm largo \u00a0x 30 cm de alto x 15 cm. Ca\u00edda del mango: 24 cm (de hombro).<\/p>\n<div class=\"woocommerce-product-details__short-description\">\n<h5><strong>\u00bfAlguna duda? Ponte en contacto con nosotros a trav\u00e9s del bot\u00f3n del chat directo por whatsApp y te resolveremos las dudas al instante!<\/strong><\/h5>\n<\/div>\n<p><!-- AddThis Advanced Settings generic via filter on get_the_excerpt --><!-- AddThis Share Buttons generic via filter on get_the_excerpt --><\/p>\n","protected":false},"featured_media":25939,"comment_status":"open","ping_status":"closed","template":"","meta":{"om_disable_all_campaigns":false,"_monsterinsights_skip_tracking":false,"_monsterinsights_sitenote_active":false,"_monsterinsights_sitenote_note":"","_monsterinsights_sitenote_category":0,"_uf_show_specific_survey":0,"_uf_disable_surveys":false},"product_brand":[1217],"product_cat":[240,1035,40,41],"product_tag":[1096,301,877,266,303,1020,299,305,315,313,823,1036,727,302,1103,1102,1038,1123],"class_list":{"0":"post-25938","1":"product","2":"type-product","3":"status-publish","4":"has-post-thumbnail","6":"product_brand-ibags-belts","7":"product_cat-bolsos-bandoleras-de-cuero-artesanal","8":"product_cat-bolso-de-cuero-italiano","9":"product_cat-bolsos-de-hombro","10":"product_cat-shoppers","11":"product_tag-artesania","12":"product_tag-bandolera","13":"product_tag-bandoleras","14":"product_tag-bolso-bohemian-bolso-cuero-repujado-bolsos-cuero-retro-bolso-shopper-cuero-bolso-cuero-trenzado-bolso-cuero-troquelado","15":"product_tag-bolso-bohemian","16":"product_tag-bolso-boho","17":"product_tag-bolso-cuero","18":"product_tag-bolso-cuero-artesanal","19":"product_tag-bolso-cuero-artesano","20":"product_tag-bolso-cuero-hecho-a-mano","21":"product_tag-bolso-piel","22":"product_tag-bolso-piel-italiano","23":"product_tag-bolsos-bandoleras-cuero","24":"product_tag-bolsos-de-cuero","25":"product_tag-maleta-de-piel","26":"product_tag-piel","27":"product_tag-piel-lavada","28":"product_tag-vintage","30":"first","31":"instock","32":"sale","33":"shipping-taxable","34":"purchasable","35":"product-type-simple","36":"add-to-wishlist-after_add_to_cart","37":"layout-style-1","38":"col-md-4 col-sm-4 col-xs-6","39":"col-lg-3","40":"product-has-gallery","41":"product-style-default"},"aioseo_notices":[],"_links":{"self":[{"href":"https:\/\/www.ibagsbelts.com\/tienda\/wp-json\/wp\/v2\/product\/25938","targetHints":{"allow":["GET"]}}],"collection":[{"href":"https:\/\/www.ibagsbelts.com\/tienda\/wp-json\/wp\/v2\/product"}],"about":[{"href":"https:\/\/www.ibagsbelts.com\/tienda\/wp-json\/wp\/v2\/types\/product"}],"replies":[{"embeddable":true,"href":"https:\/\/www.ibagsbelts.com\/tienda\/wp-json\/wp\/v2\/comments?post=25938"}],"wp:featuredmedia":[{"embeddable":true,"href":"https:\/\/www.ibagsbelts.com\/tienda\/wp-json\/wp\/v2\/media\/25939"}],"wp:attachment":[{"href":"https:\/\/www.ibagsbelts.com\/tienda\/wp-json\/wp\/v2\/media?parent=25938"}],"wp:term":[{"taxonomy":"product_brand","embeddable":true,"href":"https:\/\/www.ibagsbelts.com\/tienda\/wp-json\/wp\/v2\/product_brand?post=25938"},{"taxonomy":"product_cat","embeddable":true,"href":"https:\/\/www.ibagsbelts.com\/tienda\/wp-json\/wp\/v2\/product_cat?post=25938"},{"taxonomy":"product_tag","embeddable":true,"href":"https:\/\/www.ibagsbelts.com\/tienda\/wp-json\/wp\/v2\/product_tag?post=25938"}],"curies":[{"name":"wp","href":"https:\/\/api.w.org\/{rel}","templated":true}]}}