{"id":27596,"date":"2024-02-03T21:36:44","date_gmt":"2024-02-03T20:36:44","guid":{"rendered":"https:\/\/www.ibagsbelts.com\/tienda\/?post_type=product&#038;p=27596"},"modified":"2026-03-14T12:18:05","modified_gmt":"2026-03-14T11:18:05","slug":"rinonera-cuadrada-de-cuero-camel","status":"publish","type":"product","link":"https:\/\/www.ibagsbelts.com\/tienda\/producto\/rinonera-cuadrada-de-cuero-camel\/","title":{"rendered":"Ri\u00f1onera cuadrada de cuero camel"},"content":{"rendered":"<p style=\"text-align: left;\"><span class=\"a-list-item\">Bolso de cintura con doble bolsillo en la parte frontal, muy espacioso. Cierres de cremallera.<\/span><\/p>\n<p style=\"text-align: left;\"><span class=\"a-list-item\">Gran capacidad para los art\u00edculos personales de uso diario: tel\u00e9fono m\u00f3vil, llaves, monedero, auriculares.<\/span><\/p>\n<p style=\"text-align: left;\"><span class=\"a-list-item\">Cintur\u00f3n ajustable, de cuero con hebilla. Su longitud m\u00e1xima (118 cm) permite m\u00faltiples posiciones: colocaci\u00f3n en cintura, de lado, en diagonal sobre el pecho, a modo de bandolera\u2026 Longitud m\u00ednima, 80 cm. Cierre de hebilla.<\/span><\/p>\n<p style=\"text-align: left;\"><span class=\"a-list-item\">Multifunci\u00f3n: \u00fatil tanto para la vida urbanita como para practicar actividades al aire libre.<\/span><\/p>\n<p style=\"text-align: left;\"><strong>Aviso importante<\/strong><\/p>\n<p style=\"text-align: left;\">Todos nuestros productos de cuero est\u00e1n hechos a mano y su nueva bolsa de cuero puede estar sujeta a una variaci\u00f3n natural en tama\u00f1o y color.<br \/>\nPara los tama\u00f1os, permita 1-2 cm difiere debido a la medida manual.<br \/>\nLas im\u00e1genes son 100% reales.<br \/>\nDebido al monitor del ordenador y el brillo real de la toma y otras razones, habr\u00e1 una cierta diferencia de color.<\/p>\n<!-- AddThis Advanced Settings generic via filter on the_content --><!-- AddThis Share Buttons generic via filter on the_content -->","protected":false},"excerpt":{"rendered":"<h2><span class=\"a-list-item\">Bolso de cintura con doble bolsillo en la parte frontal, muy espacioso. Cierres de cremallera.<\/span><\/h2>\n<h3><span class=\"a-list-item\">Gran capacidad para los art\u00edculos personales de uso diario: tel\u00e9fono m\u00f3vil, llaves, monedero, auriculares. <\/span><span class=\"a-list-item\">Cintur\u00f3n ajustable, de cuero con hebilla. Su longitud m\u00e1xima (118 cm) permite m\u00faltiples posiciones: colocaci\u00f3n en cintura, de lado, en diagonal sobre el pecho, a modo de bandolera\u2026 Longitud m\u00ednima, 80 cm. Cierre de hebilla.<\/span><\/h3>\n<h4><span class=\"a-list-item\">Multifunci\u00f3n: \u00fatil tanto para la vida urbanita como para practicar actividades al aire libre.<\/span><\/h4>\n<p><strong>\u00bfAlguna duda? Ponte en contacto con nosotros a trav\u00e9s del bot\u00f3n del chat directo por whatsApp y te resolveremos las dudas al instante!<\/strong><!-- AddThis Advanced Settings generic via filter on get_the_excerpt --><!-- AddThis Share Buttons generic via filter on get_the_excerpt --><\/p>\n","protected":false},"featured_media":27599,"comment_status":"open","ping_status":"closed","template":"","meta":{"om_disable_all_campaigns":false,"_monsterinsights_skip_tracking":false,"_monsterinsights_sitenote_active":false,"_monsterinsights_sitenote_note":"","_monsterinsights_sitenote_category":0,"_uf_show_specific_survey":0,"_uf_disable_surveys":false},"product_brand":[1217],"product_cat":[950],"product_tag":[1096,301,877,1138,299,329,332,1089,745,746,738,739,1102,795,793],"class_list":{"0":"post-27596","1":"product","2":"type-product","3":"status-publish","4":"has-post-thumbnail","6":"product_brand-ibags-belts","7":"product_cat-rinoneras","8":"product_tag-artesania","9":"product_tag-bandolera","10":"product_tag-bandoleras","11":"product_tag-bolso-cintura","12":"product_tag-bolso-cuero","13":"product_tag-bolso-cuero-hippie","14":"product_tag-cinturon-cuero","15":"product_tag-cinturon-piel","16":"product_tag-estilo-hippie","17":"product_tag-estilo-hippiechic","18":"product_tag-hippie","19":"product_tag-hippiechic","20":"product_tag-piel","21":"product_tag-rinonera-cuero","22":"product_tag-rinoneras","24":"first","25":"instock","26":"shipping-taxable","27":"purchasable","28":"product-type-simple","29":"add-to-wishlist-after_add_to_cart","30":"layout-style-1","31":"col-md-4 col-sm-4 col-xs-6","32":"col-lg-3","33":"product-has-gallery","34":"product-style-default"},"aioseo_notices":[],"_links":{"self":[{"href":"https:\/\/www.ibagsbelts.com\/tienda\/wp-json\/wp\/v2\/product\/27596","targetHints":{"allow":["GET"]}}],"collection":[{"href":"https:\/\/www.ibagsbelts.com\/tienda\/wp-json\/wp\/v2\/product"}],"about":[{"href":"https:\/\/www.ibagsbelts.com\/tienda\/wp-json\/wp\/v2\/types\/product"}],"replies":[{"embeddable":true,"href":"https:\/\/www.ibagsbelts.com\/tienda\/wp-json\/wp\/v2\/comments?post=27596"}],"wp:featuredmedia":[{"embeddable":true,"href":"https:\/\/www.ibagsbelts.com\/tienda\/wp-json\/wp\/v2\/media\/27599"}],"wp:attachment":[{"href":"https:\/\/www.ibagsbelts.com\/tienda\/wp-json\/wp\/v2\/media?parent=27596"}],"wp:term":[{"taxonomy":"product_brand","embeddable":true,"href":"https:\/\/www.ibagsbelts.com\/tienda\/wp-json\/wp\/v2\/product_brand?post=27596"},{"taxonomy":"product_cat","embeddable":true,"href":"https:\/\/www.ibagsbelts.com\/tienda\/wp-json\/wp\/v2\/product_cat?post=27596"},{"taxonomy":"product_tag","embeddable":true,"href":"https:\/\/www.ibagsbelts.com\/tienda\/wp-json\/wp\/v2\/product_tag?post=27596"}],"curies":[{"name":"wp","href":"https:\/\/api.w.org\/{rel}","templated":true}]}}