{"id":28447,"date":"2024-03-29T14:59:07","date_gmt":"2024-03-29T13:59:07","guid":{"rendered":"https:\/\/www.ibagsbelts.com\/tienda\/?post_type=product&#038;p=28447"},"modified":"2026-03-14T11:20:22","modified_gmt":"2026-03-14T10:20:22","slug":"bandolera-de-piel-con-tachuelas-y-cinturones-decorativos-caqui-matias","status":"publish","type":"product","link":"https:\/\/www.ibagsbelts.com\/tienda\/producto\/bandolera-de-piel-con-tachuelas-y-cinturones-decorativos-caqui-matias\/","title":{"rendered":"Bandolera de piel con tachuelas y cinturones decorativos caqui Mat\u00edas"},"content":{"rendered":"<p>Descubre nuestra exclusiva bandolera de piel italiana, dise\u00f1ada con detalles de tachuelas y cinturones decorativos que le confieren un estilo \u00fanico y moderno. Su cierre con bot\u00f3n magn\u00e9tico garantiza la seguridad de tus pertenencias, mientras que el acceso con cremallera a cada compartimento te brinda una organizaci\u00f3n \u00f3ptima.<\/p>\n<p>En su interior, encontrar\u00e1s un bolsillo con cremallera y un compartimento abierto para almacenar tus objetos de forma segura y ordenada. Adem\u00e1s, la comodidad de uso se complementa con la correa larga ajustable, que te permite llevarla de manera pr\u00e1ctica y c\u00f3moda.<\/p>\n<p>Fabricada en piel natural vintage, esta bandolera es sin\u00f3nimo de durabilidad y resistencia. Su piel vacuna s\u00f3lida y resistente a los ara\u00f1azos y a las inclemencias del tiempo la convierten en el compa\u00f1ero perfecto para tu d\u00eda a d\u00eda y tus grandes salidas.<\/p>\n<p>Una vez que conozcas este bolso messenger, no podr\u00e1s pasar un d\u00eda m\u00e1s sin \u00e9l. \u00a1Hazte con el tuyo hoy mismo y eleva tu estilo a un nivel superior!<\/p>\n<p>Medidas: 31 cm de largo x 6 cm de ancho x 21 cm de alto.<\/p>\n<p style=\"text-align: left;\"><strong>Aviso importante<\/strong><\/p>\n<p style=\"text-align: left;\">Todos nuestros productos de cuero est\u00e1n hechos a mano y su nueva bolsa de cuero puede estar sujeta a una variaci\u00f3n natural en tama\u00f1o y color.<br \/>\nPara los tama\u00f1os, permita 1-2 cm difiere debido a la medida manual.<br \/>\nLas im\u00e1genes son 100% reales.<br \/>\nDebido al monitor del ordenador y el brillo real de la toma y otras razones, habr\u00e1 una cierta diferencia de color.<\/p>\n<!-- AddThis Advanced Settings generic via filter on the_content --><!-- AddThis Share Buttons generic via filter on the_content -->","protected":false},"excerpt":{"rendered":"<p style=\"text-align: left;\">Una bandolera de piel italiana con tachuelas y cinturones decorativos. cierre con bot\u00f3n magn\u00e9tico. Acceso con cremallera a cada compartimento. Dentro de la bolsa de mensajero hay un bolsillo con cremallera y un compartimento abierto. La comodidad de uso se complementa con el ajuste de la correa larga. \u00a1Un bolso pr\u00e1ctico y funcional que servir\u00e1 tanto para el d\u00eda a d\u00eda como para grandes salidas!<\/p>\n<p style=\"text-align: left;\">El bolso messenger de uso diario est\u00e1 fabricado en piel natural vintage. Es una piel vacuna muy s\u00f3lida, carnosa y con una estructura delicada. Su mayor ventaja es que es resistente a los ara\u00f1azos y a las inclemencias del tiempo. Este tipo de piel natural tambi\u00e9n es resistente a las cargas.<\/p>\n<p style=\"text-align: left;\">Despu\u00e9s que conozcas este bolso no querr\u00e1s pasar un d\u00eda m\u00e1s sin el.<\/p>\n<p style=\"text-align: left;\">Medidas: 31 cm largo \u00a0X 6 cm X 21 cm alto.<\/p>\n<p style=\"text-align: left;\"><b style=\"font-family: 'Roboto Slab'; font-size: 14px;\">\u00bfAlguna duda? Ponte en contacto con nosotros a trav\u00e9s del bot\u00f3n del chat directo por WhatsApp y te resolveremos las dudas al instante!<\/b><\/p>\n<p><!-- AddThis Advanced Settings generic via filter on get_the_excerpt --><!-- AddThis Share Buttons generic via filter on get_the_excerpt --><\/p>\n","protected":false},"featured_media":28449,"comment_status":"open","ping_status":"closed","template":"","meta":{"om_disable_all_campaigns":false,"_monsterinsights_skip_tracking":false,"_monsterinsights_sitenote_active":false,"_monsterinsights_sitenote_note":"","_monsterinsights_sitenote_category":0,"_uf_show_specific_survey":0,"_uf_disable_surveys":false},"product_brand":[1217],"product_cat":[240,1035],"product_tag":[1096,301,877,266,299,305,315,313,255,823,1036,784,727,302,1102,1038,1123],"class_list":{"0":"post-28447","1":"product","2":"type-product","3":"status-publish","4":"has-post-thumbnail","6":"product_brand-ibags-belts","7":"product_cat-bolsos-bandoleras-de-cuero-artesanal","8":"product_cat-bolso-de-cuero-italiano","9":"product_tag-artesania","10":"product_tag-bandolera","11":"product_tag-bandoleras","12":"product_tag-bolso-bohemian-bolso-cuero-repujado-bolsos-cuero-retro-bolso-shopper-cuero-bolso-cuero-trenzado-bolso-cuero-troquelado","13":"product_tag-bolso-cuero","14":"product_tag-bolso-cuero-artesanal","15":"product_tag-bolso-cuero-artesano","16":"product_tag-bolso-cuero-hecho-a-mano","17":"product_tag-bolso-cuero-mujer","18":"product_tag-bolso-piel","19":"product_tag-bolso-piel-italiano","20":"product_tag-bolso-trenzados","21":"product_tag-bolsos-bandoleras-cuero","22":"product_tag-bolsos-de-cuero","23":"product_tag-piel","24":"product_tag-piel-lavada","25":"product_tag-vintage","27":"first","28":"outofstock","29":"shipping-taxable","30":"purchasable","31":"product-type-simple","32":"add-to-wishlist-after_add_to_cart","33":"layout-style-1","34":"col-md-4 col-sm-4 col-xs-6","35":"col-lg-3","36":"product-has-gallery","37":"product-style-default"},"aioseo_notices":[],"_links":{"self":[{"href":"https:\/\/www.ibagsbelts.com\/tienda\/wp-json\/wp\/v2\/product\/28447","targetHints":{"allow":["GET"]}}],"collection":[{"href":"https:\/\/www.ibagsbelts.com\/tienda\/wp-json\/wp\/v2\/product"}],"about":[{"href":"https:\/\/www.ibagsbelts.com\/tienda\/wp-json\/wp\/v2\/types\/product"}],"replies":[{"embeddable":true,"href":"https:\/\/www.ibagsbelts.com\/tienda\/wp-json\/wp\/v2\/comments?post=28447"}],"wp:featuredmedia":[{"embeddable":true,"href":"https:\/\/www.ibagsbelts.com\/tienda\/wp-json\/wp\/v2\/media\/28449"}],"wp:attachment":[{"href":"https:\/\/www.ibagsbelts.com\/tienda\/wp-json\/wp\/v2\/media?parent=28447"}],"wp:term":[{"taxonomy":"product_brand","embeddable":true,"href":"https:\/\/www.ibagsbelts.com\/tienda\/wp-json\/wp\/v2\/product_brand?post=28447"},{"taxonomy":"product_cat","embeddable":true,"href":"https:\/\/www.ibagsbelts.com\/tienda\/wp-json\/wp\/v2\/product_cat?post=28447"},{"taxonomy":"product_tag","embeddable":true,"href":"https:\/\/www.ibagsbelts.com\/tienda\/wp-json\/wp\/v2\/product_tag?post=28447"}],"curies":[{"name":"wp","href":"https:\/\/api.w.org\/{rel}","templated":true}]}}