{"id":29187,"date":"2024-05-02T12:13:35","date_gmt":"2024-05-02T10:13:35","guid":{"rendered":"https:\/\/www.ibagsbelts.com\/tienda\/?post_type=product&#038;p=29187"},"modified":"2026-03-13T19:53:49","modified_gmt":"2026-03-13T18:53:49","slug":"bolso-de-hombro-en-piel-lavada-negro-rosalind","status":"publish","type":"product","link":"https:\/\/www.ibagsbelts.com\/tienda\/producto\/bolso-de-hombro-en-piel-lavada-negro-rosalind\/","title":{"rendered":"Bolso de hombro en piel lavada negro Rosalind"},"content":{"rendered":"<p>Los dise\u00f1adores italianos conocen el secreto del bolso perfecto. Para las mujeres que aprecian el estilo atemporal y la elegancia moderna de Italia, combinada con la comodidad diaria, recomendamos este bolso dise\u00f1ado por un italiano reconocido.<\/p>\n<p>Este bolso est\u00e1 fabricado en piel aut\u00e9ntica de alta calidad, cosido a mano y te\u00f1ido seg\u00fan las \u00faltimas tendencias en las mejores curtidur\u00edas italianas, lo que garantiza que cada pieza sea \u00fanica. La estructura variable y los colores inconsistentes son caracter\u00edsticas de dise\u00f1o que demuestran su autenticidad. El cuero es muy agradable al tacto y con el tiempo se volver\u00e1 m\u00e1s suave y oscuro, aumentando su encanto.<\/p>\n<p>El acceso al interior se cierra herm\u00e9ticamente con una cremallera. En la parte delantera del bolso, encontrar\u00e1s 4 bolsillos donde podr\u00e1s organizar f\u00e1cilmente todas tus peque\u00f1as cosas. En el interior, hay tres bolsillos m\u00e1s, uno de los cuales tiene cremallera para mayor seguridad.<\/p>\n<p>Este bolso tiene el tama\u00f1o perfecto para documentos de formato A4 y tambi\u00e9n es adecuado como bolso de mano para el trabajo. Incluye una correa larga que te permite llevarlo c\u00f3modamente al hombro.<\/p>\n<p>Dimensiones:<\/p>\n<ul>\n<li>Ancho superior: 34 cm<\/li>\n<li>Profundidad: 15 cm<\/li>\n<li>Altura: 34,5 cm<\/li>\n<li>Altura con asas: 56 cm<\/li>\n<li>Peso: 0,85 kg<\/li>\n<\/ul>\n<p>Este bolso es una combinaci\u00f3n perfecta de funcionalidad y estilo, ideal para mujeres que valoran la calidad y el dise\u00f1o atemporal en sus accesorios.<\/p>\n<h5><strong>Aviso importante<\/strong><\/h5>\n<p>Todos nuestros productos de cuero est\u00e1n hechos a mano y su nueva bolsa de cuero puede estar sujeta a una variaci\u00f3n natural en tama\u00f1o y color.<br \/>\nPara los tama\u00f1os, permita 1-2 cm difiere debido a la medida manual.<br \/>\nLas im\u00e1genes son 100% reales.<br \/>\nDebido al monitor del ordenador y el brillo real de la toma y otras razones, habr\u00e1 una cierta diferencia de color.<\/p>\n<p>&nbsp;<\/p>\n<!-- AddThis Advanced Settings generic via filter on the_content --><!-- AddThis Share Buttons generic via filter on the_content -->","protected":false},"excerpt":{"rendered":"<p>Descubre el secreto del bolso perfecto con este dise\u00f1o de dise\u00f1ador italiano. Fabricado en piel aut\u00e9ntica de alta calidad y cosido a mano seg\u00fan las \u00faltimas tendencias en las curtidur\u00edas italianas m\u00e1s prestigiosas, cada pieza es verdaderamente \u00fanica.<\/p>\n<p>Este bolso vintage se caracteriza por su tacto agradable y se volver\u00e1 m\u00e1s suave y oscuro con el tiempo, a\u00f1adiendo a\u00fan m\u00e1s encanto. El acceso al interior est\u00e1 asegurado con una cremallera, y en la parte delantera encontrar\u00e1s 4 bolsillos para organizar tus peque\u00f1as cosas.<\/p>\n<p>En el interior, hay tres bolsillos adicionales, uno de ellos con cremallera para mayor seguridad. Adem\u00e1s, este bolso tiene el tama\u00f1o perfecto para documentos de formato A4 y tambi\u00e9n se puede llevar como bolso de mano para el trabajo.<\/p>\n<p>El set incluye una correa larga para llevar el bolso c\u00f3modamente al hombro.<\/p>\n<p>Dimensiones:\u00a034 cm X\u00a015 cm X\u00a0Altura: 34,5 cm.\u00a0Altura con asas: 56 cm.\u00a0Peso: 0,85 kg<\/p>\n<h5><strong>\u00bfAlguna duda? Ponte en contacto con nosotros a trav\u00e9s del bot\u00f3n del chat directo por whatsApp y te resolveremos las dudas al instante!<\/strong><\/h5>\n<p><!-- AddThis Advanced Settings generic via filter on get_the_excerpt --><!-- AddThis Share Buttons generic via filter on get_the_excerpt --><\/p>\n","protected":false},"featured_media":29189,"comment_status":"open","ping_status":"closed","template":"","meta":{"om_disable_all_campaigns":false,"_monsterinsights_skip_tracking":false,"_monsterinsights_sitenote_active":false,"_monsterinsights_sitenote_note":"","_monsterinsights_sitenote_category":0,"_uf_show_specific_survey":0,"_uf_disable_surveys":false},"product_brand":[1217],"product_cat":[240,1035,40,41],"product_tag":[301,877,915,266,299,315,777,316,313,1153,1140,823,1036,302,281,1102,1038],"class_list":{"0":"post-29187","1":"product","2":"type-product","3":"status-publish","4":"has-post-thumbnail","6":"product_brand-ibags-belts","7":"product_cat-bolsos-bandoleras-de-cuero-artesanal","8":"product_cat-bolso-de-cuero-italiano","9":"product_cat-bolsos-de-hombro","10":"product_cat-shoppers","11":"product_tag-bandolera","12":"product_tag-bandoleras","13":"product_tag-bohemio","14":"product_tag-bolso-bohemian-bolso-cuero-repujado-bolsos-cuero-retro-bolso-shopper-cuero-bolso-cuero-trenzado-bolso-cuero-troquelado","15":"product_tag-bolso-cuero","16":"product_tag-bolso-cuero-artesano","17":"product_tag-bolso-cuero-bandoleras","18":"product_tag-bolso-cuero-con-tachuelas","19":"product_tag-bolso-cuero-hecho-a-mano","20":"product_tag-bolso-de-mano","21":"product_tag-bolso-hombro","22":"product_tag-bolso-piel","23":"product_tag-bolso-piel-italiano","24":"product_tag-bolsos-de-cuero","25":"product_tag-bolso-bohemian-bolso-cuero-para-hombre-bolso-cuero-repujado-bolsos-cuero-retro-bolso-shopper-cuero-bolso-cuero-trenzado-bolso-cuero-troquelado-bolso-cuero-vaca-bolso-cuero-viaje-hombre","26":"product_tag-piel","27":"product_tag-piel-lavada","29":"first","30":"instock","31":"shipping-taxable","32":"purchasable","33":"product-type-simple","34":"add-to-wishlist-after_add_to_cart","35":"layout-style-1","36":"col-md-4 col-sm-4 col-xs-6","37":"col-lg-3","38":"product-has-gallery","39":"product-style-default"},"aioseo_notices":[],"_links":{"self":[{"href":"https:\/\/www.ibagsbelts.com\/tienda\/wp-json\/wp\/v2\/product\/29187","targetHints":{"allow":["GET"]}}],"collection":[{"href":"https:\/\/www.ibagsbelts.com\/tienda\/wp-json\/wp\/v2\/product"}],"about":[{"href":"https:\/\/www.ibagsbelts.com\/tienda\/wp-json\/wp\/v2\/types\/product"}],"replies":[{"embeddable":true,"href":"https:\/\/www.ibagsbelts.com\/tienda\/wp-json\/wp\/v2\/comments?post=29187"}],"wp:featuredmedia":[{"embeddable":true,"href":"https:\/\/www.ibagsbelts.com\/tienda\/wp-json\/wp\/v2\/media\/29189"}],"wp:attachment":[{"href":"https:\/\/www.ibagsbelts.com\/tienda\/wp-json\/wp\/v2\/media?parent=29187"}],"wp:term":[{"taxonomy":"product_brand","embeddable":true,"href":"https:\/\/www.ibagsbelts.com\/tienda\/wp-json\/wp\/v2\/product_brand?post=29187"},{"taxonomy":"product_cat","embeddable":true,"href":"https:\/\/www.ibagsbelts.com\/tienda\/wp-json\/wp\/v2\/product_cat?post=29187"},{"taxonomy":"product_tag","embeddable":true,"href":"https:\/\/www.ibagsbelts.com\/tienda\/wp-json\/wp\/v2\/product_tag?post=29187"}],"curies":[{"name":"wp","href":"https:\/\/api.w.org\/{rel}","templated":true}]}}