{"id":29344,"date":"2024-05-04T21:19:37","date_gmt":"2024-05-04T19:19:37","guid":{"rendered":"https:\/\/www.ibagsbelts.com\/tienda\/?post_type=product&#038;p=29344"},"modified":"2026-03-13T19:20:51","modified_gmt":"2026-03-13T18:20:51","slug":"porta-movil-camel-mini-bolso-piel-lavada-italia-abby","status":"publish","type":"product","link":"https:\/\/www.ibagsbelts.com\/tienda\/producto\/porta-movil-camel-mini-bolso-piel-lavada-italia-abby\/","title":{"rendered":"Porta m\u00f3vil camel, mini bolso piel lavada Italia Abby"},"content":{"rendered":"<p style=\"text-align: left;\">Descubre la elegancia y la versatilidad en nuestro bolso mini de piel, un accesorio imprescindible para esta temporada. Su dise\u00f1o cuidadosamente elaborado combina funcionalidad y estilo en un formato compacto y pr\u00e1ctico.<\/p>\n<p style=\"text-align: left;\">El compartimento principal cierra de forma elegante con un peque\u00f1o doblado que act\u00faa como solapa, asegurado con una correa con hebilla decorativa que a\u00f1ade un toque de sofisticaci\u00f3n, gracias a su cierre de im\u00e1n.<\/p>\n<p style=\"text-align: left;\">Este bolso presenta dos tipos de asas para mayor comodidad: una asa peque\u00f1a para llevarlo de mano y otra asa larga, desmontable y ajustable, para llevarlo como bandolera a la altura deseada.<\/p>\n<p style=\"text-align: left;\">Con unas medidas de 22 cm de alto, 15 cm de ancho y 5 cm de fondo, este bolso mini de piel es perfecto para llevar solo lo esencial de forma pr\u00e1ctica y elegante. Disponible en varios colores para que puedas elegir el que mejor se adapte a tu estilo.<\/p>\n<p style=\"text-align: left;\">\u00a1Hazte con el bolso mini de piel y completa tus looks con un toque de sofisticaci\u00f3n y funcionalidad!<\/p>\n<p style=\"text-align: left;\"><strong style=\"color: #23232c;\">Aviso importante<\/strong><\/p>\n<p style=\"text-align: left;\">Todos nuestros productos de cuero est\u00e1n hechos a mano y su nueva bolsa de cuero puede estar sujeta a una variaci\u00f3n natural en tama\u00f1o y color.<br \/>\nPara los tama\u00f1os, permita 1-2 cm difiere debido a la medida manual.<br \/>\nLas im\u00e1genes son 100% reales.<br \/>\nDebido al monitor del ordenador y el brillo real de la toma y otras razones, habr\u00e1 una cierta diferencia de color.<\/p>\n<!-- AddThis Advanced Settings generic via filter on the_content --><!-- AddThis Share Buttons generic via filter on the_content -->","protected":false},"excerpt":{"rendered":"<p>Con uno de los formatos m\u00e1s buscados de este a\u00f1o, el bolso mini de piel, es un bolso de tama\u00f1o peque\u00f1o, ideal para llevar las cosas justas, en poco espacio y de la forma mas c\u00f3moda posible. Lo tenemos en varios colores.<\/p>\n<p>El compartimento principal cierra con un peque\u00f1o doblado haciendo de solapa para luego con una correa con hebilla decorativa d\u00e1ndole un toque elegante (cierre de im\u00e1n).\u00a0El bolso tiene dos tipos de asas. Una asa peque\u00f1a para llevarla de mano y otra asa larga\u00a0 de quita y pon para llevarlo como bandolera ajustable a la altura deseada.<\/p>\n<p>Medidas: 22 cm alto, 15 cm ancho y 5 cm fondo.<\/p>\n<h5><strong>\u00bfAlguna duda? Ponte en contacto con nosotros a trav\u00e9s del bot\u00f3n del chat directo por whatsApp y te resolveremos las dudas al instante!<\/strong><\/h5>\n<p><!-- AddThis Advanced Settings generic via filter on get_the_excerpt --><!-- AddThis Share Buttons generic via filter on get_the_excerpt --><\/p>\n","protected":false},"featured_media":29347,"comment_status":"open","ping_status":"closed","template":"","meta":{"om_disable_all_campaigns":false,"_monsterinsights_skip_tracking":false,"_monsterinsights_sitenote_active":false,"_monsterinsights_sitenote_note":"","_monsterinsights_sitenote_category":0,"_uf_show_specific_survey":0,"_uf_disable_surveys":false},"product_brand":[1217],"product_cat":[240,1035,383],"product_tag":[301,877,1019,266,305,315,268,823,1036,727,281,905,744,1102,1038,1098],"class_list":{"0":"post-29344","1":"product","2":"type-product","3":"status-publish","4":"has-post-thumbnail","6":"product_brand-ibags-belts","7":"product_cat-bolsos-bandoleras-de-cuero-artesanal","8":"product_cat-bolso-de-cuero-italiano","9":"product_cat-bolsos-para-telefonos","10":"product_tag-bandolera","11":"product_tag-bandoleras","12":"product_tag-bolsa-de-portatil","13":"product_tag-bolso-bohemian-bolso-cuero-repujado-bolsos-cuero-retro-bolso-shopper-cuero-bolso-cuero-trenzado-bolso-cuero-troquelado","14":"product_tag-bolso-cuero-artesanal","15":"product_tag-bolso-cuero-artesano","16":"product_tag-bolso-cuero-boho-bolso-cuero-con-tachuelas-bolsos-cuero-caballero-bolso-cuero-de-hombre-bolso-cuero-de-viaje-bolso-cuero-de-vaca-bolso-de-cuero-artesanal-bolso-de-cuero","17":"product_tag-bolso-piel","18":"product_tag-bolso-piel-italiano","19":"product_tag-bolsos-bandoleras-cuero","20":"product_tag-bolso-bohemian-bolso-cuero-para-hombre-bolso-cuero-repujado-bolsos-cuero-retro-bolso-shopper-cuero-bolso-cuero-trenzado-bolso-cuero-troquelado-bolso-cuero-vaca-bolso-cuero-viaje-hombre","21":"product_tag-casual","22":"product_tag-estilo-bohochic","23":"product_tag-piel","24":"product_tag-piel-lavada","25":"product_tag-portamovil","27":"first","28":"instock","29":"shipping-taxable","30":"purchasable","31":"product-type-simple","32":"add-to-wishlist-after_add_to_cart","33":"layout-style-1","34":"col-md-4 col-sm-4 col-xs-6","35":"col-lg-3","36":"product-has-gallery","37":"product-style-default"},"aioseo_notices":[],"_links":{"self":[{"href":"https:\/\/www.ibagsbelts.com\/tienda\/wp-json\/wp\/v2\/product\/29344","targetHints":{"allow":["GET"]}}],"collection":[{"href":"https:\/\/www.ibagsbelts.com\/tienda\/wp-json\/wp\/v2\/product"}],"about":[{"href":"https:\/\/www.ibagsbelts.com\/tienda\/wp-json\/wp\/v2\/types\/product"}],"replies":[{"embeddable":true,"href":"https:\/\/www.ibagsbelts.com\/tienda\/wp-json\/wp\/v2\/comments?post=29344"}],"wp:featuredmedia":[{"embeddable":true,"href":"https:\/\/www.ibagsbelts.com\/tienda\/wp-json\/wp\/v2\/media\/29347"}],"wp:attachment":[{"href":"https:\/\/www.ibagsbelts.com\/tienda\/wp-json\/wp\/v2\/media?parent=29344"}],"wp:term":[{"taxonomy":"product_brand","embeddable":true,"href":"https:\/\/www.ibagsbelts.com\/tienda\/wp-json\/wp\/v2\/product_brand?post=29344"},{"taxonomy":"product_cat","embeddable":true,"href":"https:\/\/www.ibagsbelts.com\/tienda\/wp-json\/wp\/v2\/product_cat?post=29344"},{"taxonomy":"product_tag","embeddable":true,"href":"https:\/\/www.ibagsbelts.com\/tienda\/wp-json\/wp\/v2\/product_tag?post=29344"}],"curies":[{"name":"wp","href":"https:\/\/api.w.org\/{rel}","templated":true}]}}

Porta móvil camel, mini bolso piel lavada Italia Abby

<p style="text-align: left;">Descubre la elegancia y la versatilidad en nuestro bolso mini de piel, un accesorio imprescindible para esta temporada. Su diseño cuidadosamente elaborado combina funcionalidad y estilo en un formato compacto y práctico.</p>
<p style="text-align: left;">El compartimento principal cierra de forma elegante con un pequeño doblado que actúa como solapa, asegurado con una correa con hebilla decorativa que añade un toque de sofisticación, gracias a su cierre de imán.</p>
<p style="text-align: left;">Este bolso presenta dos tipos de asas para mayor comodidad: una asa pequeña para llevarlo de mano y otra asa larga, desmontable y ajustable, para llevarlo como bandolera a la altura deseada.</p>
<p style="text-align: left;">Con unas medidas de 22 cm de alto, 15 cm de ancho y 5 cm de fondo, este bolso mini de piel es perfecto para llevar solo lo esencial de forma práctica y elegante. Disponible en varios colores para que puedas elegir el que mejor se adapte a tu estilo.</p>
<p style="text-align: left;">¡Hazte con el bolso mini de piel y completa tus looks con un toque de sofisticación y funcionalidad!</p>
<p style="text-align: left;"><strong style="color: #23232c;">Aviso importante</strong></p>
<p style="text-align: left;">Todos nuestros productos de cuero están hechos a mano y su nueva bolsa de cuero puede estar sujeta a una variación natural en tamaño y color.<br />
Para los tamaños, permita 1-2 cm difiere debido a la medida manual.<br />
Las imágenes son 100% reales.<br />
Debido al monitor del ordenador y el brillo real de la toma y otras razones, habrá una cierta diferencia de color.</p>
<!-- AddThis Advanced Settings generic via filter on the_content --><!-- AddThis Share Buttons generic via filter on the_content -->

<p>Con uno de los formatos más buscados de este año, el bolso mini de piel, es un bolso de tamaño pequeño, ideal para llevar las cosas justas, en poco espacio y de la forma mas cómoda posible. Lo tenemos en varios colores.</p>
<p>El compartimento principal cierra con un pequeño doblado haciendo de solapa para luego con una correa con hebilla decorativa dándole un toque elegante (cierre de imán). El bolso tiene dos tipos de asas. Una asa pequeña para llevarla de mano y otra asa larga  de quita y pon para llevarlo como bandolera ajustable a la altura deseada.</p>
<p>Medidas: 22 cm alto, 15 cm ancho y 5 cm fondo.</p>
<h5><strong>¿Alguna duda? Ponte en contacto con nosotros a través del botón del chat directo por whatsApp y te resolveremos las dudas al instante!</strong></h5>
<p><!-- AddThis Advanced Settings generic via filter on get_the_excerpt --><!-- AddThis Share Buttons generic via filter on get_the_excerpt --></p>
