{"id":29416,"date":"2024-05-15T19:29:22","date_gmt":"2024-05-15T17:29:22","guid":{"rendered":"https:\/\/www.ibagsbelts.com\/tienda\/?post_type=product&#038;p=29416"},"modified":"2026-03-12T23:19:05","modified_gmt":"2026-03-12T22:19:05","slug":"bolso-tote-unisex-camel-en-piel-lavada-nash","status":"publish","type":"product","link":"https:\/\/www.ibagsbelts.com\/tienda\/producto\/bolso-tote-unisex-camel-en-piel-lavada-nash\/","title":{"rendered":"Bolso tote unisex camel en piel lavada Nash"},"content":{"rendered":"<p style=\"text-align: left;\">Este vers\u00e1til bolso unisex, hecho a mano en suave piel italiana, combina funcionalidad y estilo de una manera \u00fanica. Aqu\u00ed tienes m\u00e1s detalles sobre sus caracter\u00edsticas:<\/p>\n<ul style=\"text-align: left;\">\n<li><strong>Hecho a mano en Italia:<\/strong> Cada bolso es una obra de arte hecha a mano con piel de becerro italiana te\u00f1ida y lavada, garantizando una calidad excepcional y durabilidad.<\/li>\n<li><strong>Dise\u00f1o vers\u00e1til:<\/strong> Este bolso ofrece una doble funci\u00f3n como bolso para port\u00e1til y tote. Puedes llevarlo c\u00f3modamente en la mano o sobre el hombro gracias a su pr\u00e1ctica asa doble.<\/li>\n<li><strong>Colores elegantes:<\/strong> Disponible en marr\u00f3n claro (co\u00f1ac), beige-topo, negro y verde (verde menta), permiti\u00e9ndote elegir el tono que mejor se adapte a tu estilo.<\/li>\n<li><strong>Espacio bien organizado:<\/strong> Cuenta con un amplio bolsillo principal con cremallera para proteger tu port\u00e1til y otros objetos importantes. Adem\u00e1s, tiene grandes bolsillos delanteros con solapa y cierre magn\u00e9tico para acceder f\u00e1cilmente a tus pertenencias.<\/li>\n<li><strong>Bolsillos adicionales:<\/strong> Incluye un bolsillo externo con cremallera trasera para objetos m\u00e1s peque\u00f1os, as\u00ed como un bolsillo interior con cremallera y un compartimento especial para el m\u00f3vil.<\/li>\n<li><strong>Correa ajustable y asas dobles:<\/strong> Viene equipado con una correa de hombro ajustable y extra\u00edble, junto con un par de asas dobles para mayor comodidad y versatilidad de transporte.<\/li>\n<li><strong>Detalles met\u00e1licos:<\/strong> Los accesorios met\u00e1licos a\u00f1aden un toque elegante y duradero al dise\u00f1o general del bolso.<\/li>\n<\/ul>\n<p style=\"text-align: left;\">Este bolso tote y para port\u00e1til es una elecci\u00f3n perfecta para cualquier ocasi\u00f3n, ya sea para el trabajo, la universidad o para tus actividades diarias, ofreciendo un equilibrio ideal entre funcionalidad y estilo moderno.<\/p>\n<!-- AddThis Advanced Settings generic via filter on the_content --><!-- AddThis Share Buttons generic via filter on the_content -->","protected":false},"excerpt":{"rendered":"<p style=\"text-align: left;\">Bolso para port\u00e1til y bolso tote unisex hechos a mano en suave piel italiana con una pr\u00e1ctica asa doble para llevar en la mano o al hombro. Gracias a su doble funci\u00f3n, el bolso ofrece una agradable combinaci\u00f3n de comodidad y dise\u00f1o para realzar su estilo..<\/p>\n<ul style=\"text-align: left;\">\n<li><span class=\"Apple-converted-space\">\u00a0 <\/span>Bolso para port\u00e1til hecho a mano en Italia.<\/li>\n<li><span class=\"Apple-converted-space\">\u00a0 <\/span>Material: piel de becerro italiana te\u00f1ida y\u00a0lavada<\/li>\n<li><span class=\"Apple-converted-space\">\u00a0 <\/span>Dimensiones Al x An x Pr: aproximadamente 32<\/li>\n<li>x 35 x 9 cm<\/li>\n<li><span class=\"Apple-converted-space\">\u00a0 <\/span>Bolsillo con cremallera principal.<\/li>\n<li><span class=\"Apple-converted-space\">\u00a0 <\/span>Grandes bolsillos delanteros con solapa con cierre magn\u00e9tico.<\/li>\n<li><span class=\"Apple-converted-space\">\u00a0 <\/span>Bolsillo externo con cremallera trasera<\/li>\n<li><span class=\"Apple-converted-space\">\u00a0 <\/span>Bolsillo interior con cremallera y compartimento para m\u00f3vil.<\/li>\n<li><span class=\"Apple-converted-space\">\u00a0 <\/span>Correa de hombro ajustable y extra\u00edble<\/li>\n<li><span class=\"Apple-converted-space\">\u00a0 <\/span>Doble asa para llevar en la mano.<\/li>\n<\/ul>\n<p style=\"text-align: left;\">Este 2 en 1: bolso shopper para port\u00e1til Ofrece una construcci\u00f3n robusta y duradera y un dise\u00f1o moderno. Esto te beneficia para el trabajo, la universidad y otras ocasiones.<\/p>\n<h5><strong>\u00bfAlguna duda? Ponte en contacto con nosotros a trav\u00e9s del bot\u00f3n del chat directo por whatsApp y te resolveremos las dudas al instante!<\/strong><\/h5>\n<p><!-- AddThis Advanced Settings generic via filter on get_the_excerpt --><!-- AddThis Share Buttons generic via filter on get_the_excerpt --><\/p>\n","protected":false},"featured_media":29421,"comment_status":"open","ping_status":"closed","template":"","meta":{"om_disable_all_campaigns":false,"_monsterinsights_skip_tracking":false,"_monsterinsights_sitenote_active":false,"_monsterinsights_sitenote_note":"","_monsterinsights_sitenote_category":0,"_uf_show_specific_survey":0,"_uf_disable_surveys":false},"product_brand":[1217],"product_cat":[240,1035,40,41],"product_tag":[301,877,915,266,299,315,777,313,1153,1140,823,1036,302,281,1102,1038,1023],"class_list":{"0":"post-29416","1":"product","2":"type-product","3":"status-publish","4":"has-post-thumbnail","6":"product_brand-ibags-belts","7":"product_cat-bolsos-bandoleras-de-cuero-artesanal","8":"product_cat-bolso-de-cuero-italiano","9":"product_cat-bolsos-de-hombro","10":"product_cat-shoppers","11":"product_tag-bandolera","12":"product_tag-bandoleras","13":"product_tag-bohemio","14":"product_tag-bolso-bohemian-bolso-cuero-repujado-bolsos-cuero-retro-bolso-shopper-cuero-bolso-cuero-trenzado-bolso-cuero-troquelado","15":"product_tag-bolso-cuero","16":"product_tag-bolso-cuero-artesano","17":"product_tag-bolso-cuero-bandoleras","18":"product_tag-bolso-cuero-hecho-a-mano","19":"product_tag-bolso-de-mano","20":"product_tag-bolso-hombro","21":"product_tag-bolso-piel","22":"product_tag-bolso-piel-italiano","23":"product_tag-bolsos-de-cuero","24":"product_tag-bolso-bohemian-bolso-cuero-para-hombre-bolso-cuero-repujado-bolsos-cuero-retro-bolso-shopper-cuero-bolso-cuero-trenzado-bolso-cuero-troquelado-bolso-cuero-vaca-bolso-cuero-viaje-hombre","25":"product_tag-piel","26":"product_tag-piel-lavada","27":"product_tag-tote","29":"first","30":"instock","31":"shipping-taxable","32":"purchasable","33":"product-type-simple","34":"add-to-wishlist-after_add_to_cart","35":"layout-style-1","36":"col-md-4 col-sm-4 col-xs-6","37":"col-lg-3","38":"product-has-gallery","39":"product-style-default"},"aioseo_notices":[],"_links":{"self":[{"href":"https:\/\/www.ibagsbelts.com\/tienda\/wp-json\/wp\/v2\/product\/29416","targetHints":{"allow":["GET"]}}],"collection":[{"href":"https:\/\/www.ibagsbelts.com\/tienda\/wp-json\/wp\/v2\/product"}],"about":[{"href":"https:\/\/www.ibagsbelts.com\/tienda\/wp-json\/wp\/v2\/types\/product"}],"replies":[{"embeddable":true,"href":"https:\/\/www.ibagsbelts.com\/tienda\/wp-json\/wp\/v2\/comments?post=29416"}],"wp:featuredmedia":[{"embeddable":true,"href":"https:\/\/www.ibagsbelts.com\/tienda\/wp-json\/wp\/v2\/media\/29421"}],"wp:attachment":[{"href":"https:\/\/www.ibagsbelts.com\/tienda\/wp-json\/wp\/v2\/media?parent=29416"}],"wp:term":[{"taxonomy":"product_brand","embeddable":true,"href":"https:\/\/www.ibagsbelts.com\/tienda\/wp-json\/wp\/v2\/product_brand?post=29416"},{"taxonomy":"product_cat","embeddable":true,"href":"https:\/\/www.ibagsbelts.com\/tienda\/wp-json\/wp\/v2\/product_cat?post=29416"},{"taxonomy":"product_tag","embeddable":true,"href":"https:\/\/www.ibagsbelts.com\/tienda\/wp-json\/wp\/v2\/product_tag?post=29416"}],"curies":[{"name":"wp","href":"https:\/\/api.w.org\/{rel}","templated":true}]}}