{"id":29583,"date":"2024-05-22T22:31:13","date_gmt":"2024-05-22T20:31:13","guid":{"rendered":"https:\/\/www.ibagsbelts.com\/tienda\/?post_type=product&#038;p=29583"},"modified":"2026-03-12T22:53:59","modified_gmt":"2026-03-12T21:53:59","slug":"bolso-bandolera-de-piel-verde-vintage-estilo-hippie-chic-hecho-a-mano-en-italia-dalila","status":"publish","type":"product","link":"https:\/\/www.ibagsbelts.com\/tienda\/producto\/bolso-bandolera-de-piel-verde-vintage-estilo-hippie-chic-hecho-a-mano-en-italia-dalila\/","title":{"rendered":"Bolso bandolera de piel verde vintage estilo hippie chic hecho a mano en Italia Dalila"},"content":{"rendered":"<p>M\u00e1s que un bolso de mano, nuestro bolso de marca italiana es una mezcla de moda y viajes a trav\u00e9s de una diversidad de estilos. Pasadores de metal y flecos en forma de V, todo el dise\u00f1o de este bolso bandolera de piel vintage ser\u00e1 suficiente para adentrarte en la tendencia hippie s\u00faper chic, muy actual. Este accesorio de moda seguramente traer\u00e1 alegr\u00eda a tu guardarropa. Adem\u00e1s, tiene un dise\u00f1o que le permite ser muy port\u00e1til en el d\u00eda a d\u00eda: perfecto para salidas, trabajo y clases.<\/p>\n<p><strong>Caracter\u00edsticas del Bolso:<\/strong><\/p>\n<ul>\n<li><strong>Exterior:<\/strong>\n<ul>\n<li><strong>Material:<\/strong> Cuero plena flor<\/li>\n<li><strong>Decoraci\u00f3n:<\/strong> Pasadores de metal y flecos en forma de V<\/li>\n<li><strong>Cierre:<\/strong> Cremallera<\/li>\n<li><strong>Bandolera:<\/strong> Piel ajustable<\/li>\n<\/ul>\n<\/li>\n<li><strong>Interior:<\/strong>\n<ul>\n<li><strong>Forro:<\/strong> Tela<\/li>\n<li><strong>Compartimentos:<\/strong> Un compartimento principal<\/li>\n<li><strong>Bolsillos:<\/strong> Dos bolsillos interiores, uno con cremallera<\/li>\n<li><strong>Bolsillo adicional:<\/strong> Bolsillo de solapa con cremallera<\/li>\n<\/ul>\n<\/li>\n<\/ul>\n<p><strong>Dimensiones:<\/strong><\/p>\n<ul>\n<li><strong>Tama\u00f1o:<\/strong> Mediano<\/li>\n<li><strong>Bandolera:<\/strong> Ajustable seg\u00fan tus preferencias<\/li>\n<\/ul>\n<p>En las finas tiras de piel que constituyen los flecos y en el conjunto del bolso, encontramos f\u00e1cilmente la encantadora flexibilidad del aut\u00e9ntico cuero italiano con el que est\u00e1 elaborado este bolso vintage. Lo que garantiza toda su calidad. Y eso sin tener en cuenta que est\u00e1 elaborado en Italia de forma artesanal.<\/p>\n<p>Las caracter\u00edsticas del estilo &#8220;vintage&#8221; obtenido sobre piel plena flor destacan por la flexibilidad y suavidad incomparable que el proceso de lavado confiere a la piel. Las marcas naturales y las variaciones de color confieren el encanto de la marroquiner\u00eda y dan testimonio de la calidad de la piel y de la autenticidad del proceso artesanal.<\/p>\n<p>Este bolso, con su estilo \u00fanico y su elaboraci\u00f3n artesanal, es ideal para quienes buscan un accesorio de moda que combine funcionalidad y dise\u00f1o atractivo.<\/p>\n<!-- AddThis Advanced Settings generic via filter on the_content --><!-- AddThis Share Buttons generic via filter on the_content -->","protected":false},"excerpt":{"rendered":"<p style=\"text-align: left;\">M\u00e1s que un bolso de mano, nuestro bolso de marca italiana es una mezcla de moda y viajes a trav\u00e9s de una diversidad de estilos. Pasadores de metal y flecos en forma de V, todo el dise\u00f1o de este bolso bandolera de piel vintage ser\u00e1 suficiente para adentrarte en la tendencia hippie s\u00faper chic, muy actual. Este accesorio de moda seguramente traer\u00e1 alegr\u00eda a tu guardarropa. Adem\u00e1s, tiene un dise\u00f1o que le permite ser muy port\u00e1til en el d\u00eda a d\u00eda: perfecto para salidas, trabajo y clases.<\/p>\n<p style=\"text-align: left;\">Medidas: 21 cm alto\u00a0 x 30 cm largo\u00a0 x 3 cm.\u00a0Correa completa extendida de aprox. 130 cm. de largo.<\/p>\n<p style=\"text-align: left;\">Este bolso, con su estilo \u00fanico y su elaboraci\u00f3n artesanal, es ideal para quienes buscan un accesorio de moda que combine funcionalidad y dise\u00f1o atractivo.<\/p>\n<h5><strong>\u00bfAlguna duda? Ponte en contacto con nosotros a trav\u00e9s del bot\u00f3n del chat directo por whatsApp y te resolveremos las dudas al instante!<\/strong><\/h5>\n<p><!-- AddThis Advanced Settings generic via filter on get_the_excerpt --><!-- AddThis Share Buttons generic via filter on get_the_excerpt --><\/p>\n","protected":false},"featured_media":29586,"comment_status":"open","ping_status":"closed","template":"","meta":{"om_disable_all_campaigns":false,"_monsterinsights_skip_tracking":false,"_monsterinsights_sitenote_active":false,"_monsterinsights_sitenote_note":"","_monsterinsights_sitenote_category":0,"_uf_show_specific_survey":0,"_uf_disable_surveys":false},"product_brand":[1217],"product_cat":[240,757,1035],"product_tag":[301,877,266,1020,777,316,312,823,1036,743,744,1038],"class_list":{"0":"post-29583","1":"product","2":"type-product","3":"status-publish","4":"has-post-thumbnail","6":"product_brand-ibags-belts","7":"product_cat-bolsos-bandoleras-de-cuero-artesanal","8":"product_cat-bolso-clutch","9":"product_cat-bolso-de-cuero-italiano","10":"product_tag-bandolera","11":"product_tag-bandoleras","12":"product_tag-bolso-bohemian-bolso-cuero-repujado-bolsos-cuero-retro-bolso-shopper-cuero-bolso-cuero-trenzado-bolso-cuero-troquelado","13":"product_tag-bolso-boho","14":"product_tag-bolso-cuero-bandoleras","15":"product_tag-bolso-cuero-con-tachuelas","16":"product_tag-bolso-cuero-flecos","17":"product_tag-bolso-piel","18":"product_tag-bolso-piel-italiano","19":"product_tag-estilo-boho","20":"product_tag-estilo-bohochic","21":"product_tag-piel-lavada","23":"first","24":"outofstock","25":"shipping-taxable","26":"purchasable","27":"product-type-simple","28":"add-to-wishlist-after_add_to_cart","29":"layout-style-1","30":"col-md-4 col-sm-4 col-xs-6","31":"col-lg-3","32":"product-has-gallery","33":"product-style-default"},"aioseo_notices":[],"_links":{"self":[{"href":"https:\/\/www.ibagsbelts.com\/tienda\/wp-json\/wp\/v2\/product\/29583","targetHints":{"allow":["GET"]}}],"collection":[{"href":"https:\/\/www.ibagsbelts.com\/tienda\/wp-json\/wp\/v2\/product"}],"about":[{"href":"https:\/\/www.ibagsbelts.com\/tienda\/wp-json\/wp\/v2\/types\/product"}],"replies":[{"embeddable":true,"href":"https:\/\/www.ibagsbelts.com\/tienda\/wp-json\/wp\/v2\/comments?post=29583"}],"wp:featuredmedia":[{"embeddable":true,"href":"https:\/\/www.ibagsbelts.com\/tienda\/wp-json\/wp\/v2\/media\/29586"}],"wp:attachment":[{"href":"https:\/\/www.ibagsbelts.com\/tienda\/wp-json\/wp\/v2\/media?parent=29583"}],"wp:term":[{"taxonomy":"product_brand","embeddable":true,"href":"https:\/\/www.ibagsbelts.com\/tienda\/wp-json\/wp\/v2\/product_brand?post=29583"},{"taxonomy":"product_cat","embeddable":true,"href":"https:\/\/www.ibagsbelts.com\/tienda\/wp-json\/wp\/v2\/product_cat?post=29583"},{"taxonomy":"product_tag","embeddable":true,"href":"https:\/\/www.ibagsbelts.com\/tienda\/wp-json\/wp\/v2\/product_tag?post=29583"}],"curies":[{"name":"wp","href":"https:\/\/api.w.org\/{rel}","templated":true}]}}