{"id":29951,"date":"2024-07-04T09:50:12","date_gmt":"2024-07-04T07:50:12","guid":{"rendered":"https:\/\/www.ibagsbelts.com\/tienda\/?post_type=product&#038;p=29951"},"modified":"2026-03-12T22:19:06","modified_gmt":"2026-03-12T21:19:06","slug":"bolso-bandolera-minimalista-de-piel-y-rafia","status":"publish","type":"product","link":"https:\/\/www.ibagsbelts.com\/tienda\/producto\/bolso-bandolera-minimalista-de-piel-y-rafia\/","title":{"rendered":"Bolso bandolera minimalista de piel y rafia-palma"},"content":{"rendered":"<p style=\"text-align: left;\">Este elegante y compacto bolso de rafia y piel italiana agregar\u00e1 un toque de brillo y elegancia a tus d\u00edas de verano.\u00a0Su estilo minimalista pero elegante la convierte en una pieza adaptable que combina con cualquier conjunto.<\/p>\n<p style=\"text-align: left;\">Hecho a mano en Italia.<\/p>\n<p style=\"text-align: left;\">Es una colecci\u00f3n de bolsos semir\u00edgidos muy atractivos. Como una caja, el bolso tiene una forma cuadrada. Junto con la asa curva dan una belleza m\u00e1gica. Hecho de piel vacuna genuina de primera calidad. Le damos un toque de verano combin\u00e1ndolo con rafia natural.<\/p>\n<p style=\"text-align: left;\">Es de tama\u00f1o mediano. Ideal para salir, trabajar, y realizar actividades diarias.\u00a0Un modelo pega perfectamente con cualquier look.<span class=\"Apple-converted-space\">\u00a0<\/span><\/p>\n<p style=\"text-align: left;\">Con su bandolera larga lo puedes llevar cruzado o simplemente a mano.<span class=\"Apple-converted-space\">\u00a0<\/span><\/p>\n<p style=\"text-align: left;\"><strong>Estructura<\/strong>: Cierre con cremallera met\u00e1lica.<\/p>\n<p style=\"text-align: left;\"><b>Materiales:<\/b>\u00a0Palma trenzada + cuero 100%<\/p>\n<p style=\"text-align: left;\">Un bolsillo abierto interior. Una bandolera adicional.<\/p>\n<p style=\"text-align: left;\"><strong>Medidas sin contar asa<\/strong>: Alto 17 x Largo 21 x Ancho (de base) 10 cm x Ancho (de cierre) 6 cm<\/p>\n<p style=\"text-align: center;\"><strong>Aviso importante<\/strong><\/p>\n<p>Todos nuestros productos de cuero puede estar sujeta a una variaci\u00f3n natural en tama\u00f1o y color.<\/p>\n<p>Las pieles utilizadas han sido procesadas y curtidas en una de las curtidoras m\u00e1s antiguas utilizando t\u00e9cnicas centenarias para dar al cuero acabado un aspecto antiguo \/ vintage.<br \/>\nPara los tama\u00f1os, permita 1-2 cm diferencia debido a la medida manual.<br \/>\nLas im\u00e1genes son 100% reales.<br \/>\nDebido al monitor del ordenador y el brillo real de la toma y otras razones, habr\u00e1 una cierta diferencia de color<\/p>\n<!-- AddThis Advanced Settings generic via filter on the_content --><!-- AddThis Share Buttons generic via filter on the_content -->","protected":false},"excerpt":{"rendered":"<p style=\"text-align: left;\">Este elegante y compacto bolso de rafia y piel italiana agregar\u00e1 un toque de brillo y elegancia a tus d\u00edas de verano.\u00a0Su estilo minimalista pero elegante la convierte en una pieza adaptable que combina con cualquier conjunto.<\/p>\n<p style=\"text-align: left;\">Es una colecci\u00f3n de bolsos semir\u00edgidos muy atractivos. Como una caja, el bolso tiene una forma cuadrada. Junto con la asa curva dan una belleza m\u00e1gica. Hecho de piel vacuna genuina de primera calidad. Le damos un toque de verano combin\u00e1ndolo con rafia natural.<\/p>\n<p style=\"text-align: left;\">Con su bandolera larga lo puedes llevar cruzado o simplemente a mano.<\/p>\n<p style=\"text-align: left;\"><strong>Estructura<\/strong>: Cierre con cremallera met\u00e1lica.<\/p>\n<p style=\"text-align: left;\"><b>Materiales:<\/b>\u00a0Palma trenzada + cuero 100%<\/p>\n<p style=\"text-align: left;\">Un bolsillo abierto interior. Una bandolera adicional.<\/p>\n<p style=\"text-align: left;\"><strong>Medidas sin contar asa<\/strong>: Alto 17 x Largo 21 x Ancho (de base) 10 cm x Ancho (de cierre) 6 cm<\/p>\n<div class=\"woocommerce-product-details__short-description\">\n<h5 style=\"text-align: center;\"><strong>\u00bfAlguna duda? Ponte en contacto con nosotros a trav\u00e9s del bot\u00f3n del chat directo por whatsApp y te resolveremos las dudas al instante!<\/strong><\/h5>\n<\/div>\n<p><!-- AddThis Advanced Settings generic via filter on get_the_excerpt --><!-- AddThis Share Buttons generic via filter on get_the_excerpt --><\/p>\n","protected":false},"featured_media":29961,"comment_status":"open","ping_status":"closed","template":"","meta":{"om_disable_all_campaigns":false,"_monsterinsights_skip_tracking":false,"_monsterinsights_sitenote_active":false,"_monsterinsights_sitenote_note":"","_monsterinsights_sitenote_category":0,"_uf_show_specific_survey":0,"_uf_disable_surveys":false},"product_brand":[1217],"product_cat":[400],"product_tag":[1135,1096,301,877,915,266,303,305,268,784,281,1069,753,743,744,745,746,738,1212,1221],"class_list":{"0":"post-29951","1":"product","2":"type-product","3":"status-publish","4":"has-post-thumbnail","6":"product_brand-ibags-belts","7":"product_cat-mochilas-medianas","8":"product_tag-accesorios-y-complementos","9":"product_tag-artesania","10":"product_tag-bandolera","11":"product_tag-bandoleras","12":"product_tag-bohemio","13":"product_tag-bolso-bohemian-bolso-cuero-repujado-bolsos-cuero-retro-bolso-shopper-cuero-bolso-cuero-trenzado-bolso-cuero-troquelado","14":"product_tag-bolso-bohemian","15":"product_tag-bolso-cuero-artesanal","16":"product_tag-bolso-cuero-boho-bolso-cuero-con-tachuelas-bolsos-cuero-caballero-bolso-cuero-de-hombre-bolso-cuero-de-viaje-bolso-cuero-de-vaca-bolso-de-cuero-artesanal-bolso-de-cuero","17":"product_tag-bolso-trenzados","18":"product_tag-bolso-bohemian-bolso-cuero-para-hombre-bolso-cuero-repujado-bolsos-cuero-retro-bolso-shopper-cuero-bolso-cuero-trenzado-bolso-cuero-troquelado-bolso-cuero-vaca-bolso-cuero-viaje-hombre","19":"product_tag-capazo","20":"product_tag-complementos-de-cuero","21":"product_tag-estilo-boho","22":"product_tag-estilo-bohochic","23":"product_tag-estilo-hippie","24":"product_tag-estilo-hippiechic","25":"product_tag-hippie","26":"product_tag-mimbre","27":"product_tag-rafia","29":"first","30":"instock","31":"featured","32":"shipping-taxable","33":"purchasable","34":"product-type-variable","35":"add-to-wishlist-after_add_to_cart","36":"layout-style-1","37":"col-md-4 col-sm-4 col-xs-6","38":"col-lg-3","39":"product-has-gallery","40":"product-style-default"},"aioseo_notices":[],"_links":{"self":[{"href":"https:\/\/www.ibagsbelts.com\/tienda\/wp-json\/wp\/v2\/product\/29951","targetHints":{"allow":["GET"]}}],"collection":[{"href":"https:\/\/www.ibagsbelts.com\/tienda\/wp-json\/wp\/v2\/product"}],"about":[{"href":"https:\/\/www.ibagsbelts.com\/tienda\/wp-json\/wp\/v2\/types\/product"}],"replies":[{"embeddable":true,"href":"https:\/\/www.ibagsbelts.com\/tienda\/wp-json\/wp\/v2\/comments?post=29951"}],"wp:featuredmedia":[{"embeddable":true,"href":"https:\/\/www.ibagsbelts.com\/tienda\/wp-json\/wp\/v2\/media\/29961"}],"wp:attachment":[{"href":"https:\/\/www.ibagsbelts.com\/tienda\/wp-json\/wp\/v2\/media?parent=29951"}],"wp:term":[{"taxonomy":"product_brand","embeddable":true,"href":"https:\/\/www.ibagsbelts.com\/tienda\/wp-json\/wp\/v2\/product_brand?post=29951"},{"taxonomy":"product_cat","embeddable":true,"href":"https:\/\/www.ibagsbelts.com\/tienda\/wp-json\/wp\/v2\/product_cat?post=29951"},{"taxonomy":"product_tag","embeddable":true,"href":"https:\/\/www.ibagsbelts.com\/tienda\/wp-json\/wp\/v2\/product_tag?post=29951"}],"curies":[{"name":"wp","href":"https:\/\/api.w.org\/{rel}","templated":true}]}}