{"id":30385,"date":"2024-07-19T15:22:31","date_gmt":"2024-07-19T13:22:31","guid":{"rendered":"https:\/\/www.ibagsbelts.com\/tienda\/?post_type=product&#038;p=30385"},"modified":"2026-05-09T10:39:39","modified_gmt":"2026-05-09T08:39:39","slug":"cinturon-trenzado-blanco-con-hebilla-artesanal-redonda","status":"publish","type":"product","link":"https:\/\/www.ibagsbelts.com\/tienda\/producto\/cinturon-trenzado-blanco-con-hebilla-artesanal-redonda\/","title":{"rendered":"Cintur\u00f3n trenzado blanco con hebilla artesanal redonda Coachella"},"content":{"rendered":"<p style=\"text-align: left;\">Este cintur\u00f3n es el accesorio perfecto para aquellas que les gusta ser pr\u00e1cticas e ir con estilo al mismo tiempo.<\/p>\n<p style=\"text-align: left;\">El cintur\u00f3n est\u00e1 hecho de cuero trenzado a mano de forma artesanal , el material es muy fuerte y promete una larga vida del producto, por su curtido tradicional. Puedes ajustarlo a distintas medidas al gusto de cada una, sus 14 tiras de cuero se entrelazan de una manera \u00fanica y dan un patr\u00f3n individual que halaga tu cintura. Blusa, vestido, pantal\u00f3n o falda.<\/p>\n<p style=\"text-align: left;\">El encanto natural y el dise\u00f1o lo convierten en un complemento de moda. Una chapa hebilla de color plata con detalle en el mismo color del cinto y sirve como un cierre para darte un toque original.<\/p>\n<div class=\"woocommerce-tabs wc-tabs-wrapper\">\n<div id=\"tab-description\" class=\"woocommerce-Tabs-panel woocommerce-Tabs-panel--description panel entry-content wc-tab\" role=\"tabpanel\" aria-labelledby=\"tab-title-description\">\n<div class=\"container\">\n<p style=\"text-align: left;\"><strong>Aviso importante<\/strong><\/p>\n<p style=\"text-align: left;\">Todos nuestros productos de cuero est\u00e1n hechos a mano y su nuevo bolso o cintur\u00f3n de cuero puede estar sujeta a una variaci\u00f3n natural en tama\u00f1o y color.<\/p>\n<p style=\"text-align: left;\">Las pieles utilizadas han sido procesadas y curtidas en una de las curtidur\u00edas m\u00e1s antiguas utilizando t\u00e9cnicas centenarias para dar al cuero acabado un aspecto antiguo \/ vintage.<br \/>\nPara los tama\u00f1os, permita 1-2 cm diferencia debido a la medida manual.<br \/>\nLas im\u00e1genes son 100% reales.<br \/>\nDebido al monitor del ordenador y el brillo real de la toma y otras razones, habr\u00e1 una cierta diferencia de color.<\/p>\n<div class=\"at-below-post addthis_tool\" data-url=\"https:\/\/www.ibagsbelts.com\/tienda\/producto\/cinturon-asta-trenzado-marron\/\"><\/div>\n<\/div>\n<\/div>\n<\/div>\n<!-- AddThis Advanced Settings generic via filter on the_content --><!-- AddThis Share Buttons generic via filter on the_content -->","protected":false},"excerpt":{"rendered":"<p style=\"text-align: left;\">Este cintur\u00f3n es el accesorio perfecto para aquellas que les gusta ser pr\u00e1cticas e ir con estilo al mismo tiempo.<\/p>\n<p style=\"text-align: left;\">El cintur\u00f3n est\u00e1 hecho de cuero trenzado a mano de forma artesanal , el material es muy fuerte y promete una larga vida del producto, por su curtido tradicional. Puedes ajustarlo a distintas medidas al gusto de cada una, sus 14 tiras de cuero se entrelazan de una manera \u00fanica y dan un patr\u00f3n individual que halaga tu cintura. Blusa, vestido, pantal\u00f3n o falda.<\/p>\n<p style=\"text-align: left;\">El encanto natural y el dise\u00f1o lo convierten en un complemento de moda. Una chapa hebilla de color plata con detalle en el mismo color del cinto y sirve como un cierre para darte un toque original.<\/p>\n<div class=\"woocommerce-tabs wc-tabs-wrapper\">\n<div id=\"tab-description\" class=\"woocommerce-Tabs-panel woocommerce-Tabs-panel--description panel entry-content wc-tab\" role=\"tabpanel\" aria-labelledby=\"tab-title-description\">\n<div class=\"container\">\n<h5 style=\"text-align: center;\"><strong>\u00bfAlguna duda? Ponte en contacto con nosotros a trav\u00e9s del bot\u00f3n del chat directo por whatsApp y te resolveremos las dudas al instante!<\/strong><\/h5>\n<div class=\"at-below-post addthis_tool\" data-url=\"https:\/\/www.ibagsbelts.com\/tienda\/producto\/cinturon-asta-trenzado-marron\/\"><\/div>\n<\/div>\n<\/div>\n<\/div>\n<p><!-- AddThis Advanced Settings generic via filter on get_the_excerpt --><!-- AddThis Share Buttons generic via filter on get_the_excerpt --><\/p>\n","protected":false},"featured_media":30375,"comment_status":"open","ping_status":"closed","template":"","meta":{"om_disable_all_campaigns":false,"_monsterinsights_skip_tracking":false,"_monsterinsights_sitenote_active":false,"_monsterinsights_sitenote_note":"","_monsterinsights_sitenote_category":0,"_uf_show_specific_survey":0,"_uf_disable_surveys":false},"product_brand":[1217],"product_cat":[396,951,1017],"product_tag":[1135,1096,290,332,340,341,264,335,333,1034,31,753],"class_list":{"0":"post-30385","1":"product","2":"type-product","3":"status-publish","4":"has-post-thumbnail","6":"product_brand-ibags-belts","7":"product_cat-trenzados-cinturon","8":"product_cat-fajin","9":"product_cat-mas-vendidos","10":"product_tag-accesorios-y-complementos","11":"product_tag-artesania","12":"product_tag-cinturon","13":"product_tag-cinturon-cuero","14":"product_tag-cinturon-cuero-ancho-bohemian","15":"product_tag-cinturon-cuero-boho-chic","16":"product_tag-cinturon-cuero-de-vaca-cuero-de-cuero-cinturon-de-cuero-chapa","17":"product_tag-cinturon-cuero-natural","18":"product_tag-cinturon-cuero-vaca","19":"product_tag-cinturones","20":"product_tag-cinturon-trenzado-de-cuero","21":"product_tag-complementos-de-cuero","23":"first","24":"instock","25":"featured","26":"shipping-taxable","27":"purchasable","28":"product-type-simple","29":"add-to-wishlist-after_add_to_cart","30":"layout-style-1","31":"col-md-4 col-sm-4 col-xs-6","32":"col-lg-3","33":"product-has-gallery","34":"product-style-default"},"aioseo_notices":[],"_links":{"self":[{"href":"https:\/\/www.ibagsbelts.com\/tienda\/wp-json\/wp\/v2\/product\/30385","targetHints":{"allow":["GET"]}}],"collection":[{"href":"https:\/\/www.ibagsbelts.com\/tienda\/wp-json\/wp\/v2\/product"}],"about":[{"href":"https:\/\/www.ibagsbelts.com\/tienda\/wp-json\/wp\/v2\/types\/product"}],"replies":[{"embeddable":true,"href":"https:\/\/www.ibagsbelts.com\/tienda\/wp-json\/wp\/v2\/comments?post=30385"}],"wp:featuredmedia":[{"embeddable":true,"href":"https:\/\/www.ibagsbelts.com\/tienda\/wp-json\/wp\/v2\/media\/30375"}],"wp:attachment":[{"href":"https:\/\/www.ibagsbelts.com\/tienda\/wp-json\/wp\/v2\/media?parent=30385"}],"wp:term":[{"taxonomy":"product_brand","embeddable":true,"href":"https:\/\/www.ibagsbelts.com\/tienda\/wp-json\/wp\/v2\/product_brand?post=30385"},{"taxonomy":"product_cat","embeddable":true,"href":"https:\/\/www.ibagsbelts.com\/tienda\/wp-json\/wp\/v2\/product_cat?post=30385"},{"taxonomy":"product_tag","embeddable":true,"href":"https:\/\/www.ibagsbelts.com\/tienda\/wp-json\/wp\/v2\/product_tag?post=30385"}],"curies":[{"name":"wp","href":"https:\/\/api.w.org\/{rel}","templated":true}]}}