{"id":30605,"date":"2024-07-23T19:40:33","date_gmt":"2024-07-23T17:40:33","guid":{"rendered":"https:\/\/www.ibagsbelts.com\/tienda\/?post_type=product&#038;p=30605"},"modified":"2026-03-12T20:25:32","modified_gmt":"2026-03-12T19:25:32","slug":"bolso-tipo-caja-de-piel-amarillo-con-doble-cremallera-y-correa-taylor","status":"publish","type":"product","link":"https:\/\/www.ibagsbelts.com\/tienda\/producto\/bolso-tipo-caja-de-piel-amarillo-con-doble-cremallera-y-correa-taylor\/","title":{"rendered":"Bolso tipo caja de piel amarillo con doble cremallera y correa Taylor"},"content":{"rendered":"<p style=\"text-align: left;\">Un bolso de piel italiana en grano suave y bonito con una correa de piel estrecha a juego que se puede ajustar. Este bolso es similar a nuestro otro bolso tipo caja estampado de serpiente. Sus compartimentos son ideales para ayudar a mantener organizado el contenido del bolso. El bolso tiene dos compartimentos con cierres de cremallera en la parte superior del bolso. Dentro de uno de los compartimentos tambi\u00e9n hay un bolsillo interior con cremallera.<\/p>\n<p style=\"text-align: left;\">Un bolso fabuloso para usar a diario, tanto de d\u00eda como de noche. Tambi\u00e9n es un accesorio de viaje fant\u00e1stico, lo suficientemente grande como para guardar los art\u00edculos esenciales, pero tambi\u00e9n es un bolso bandolera compacto y elegante para llevar de un lado a otro.<\/p>\n<p style=\"text-align: left;\">Correa desmontable y ajustable de 125 cm. Medidas: 21 cm de largo, 14 cm alto, \u00a07 cm de base.<\/p>\n<p style=\"text-align: left;\">La correa que viene con el bolso es desmontable, por lo que tambi\u00e9n te da la opci\u00f3n de cambiar el aspecto a\u00f1adiendo una correa de bolso diferente (se vende por separado).<\/p>\n<p style=\"text-align: left;\">No pierdas la oportunidad de tener este elegante y pr\u00e1ctico accesorio.<\/p>\n<p style=\"text-align: left;\">Hecho a mano en Italia.<\/p>\n<p style=\"text-align: left;\"><strong>Aviso importante<\/strong><\/p>\n<p style=\"text-align: left;\">Todos nuestros productos de cuero puede estar sujeta a una variaci\u00f3n natural en tama\u00f1o y color.<\/p>\n<p style=\"text-align: left;\">Las pieles utilizadas han sido procesadas y curtidas en una de las curtidoras m\u00e1s antiguas utilizando t\u00e9cnicas centenarias para dar al cuero acabado un aspecto antiguo \/ vintage.<br \/>\nPara los tama\u00f1os, permita 1-2 cm diferencia debido a la medida manual.<br \/>\nLas im\u00e1genes son 100% reales.<br \/>\nDebido al monitor del ordenador y el brillo real de la toma y otras razones, habr\u00e1 una cierta diferencia de color<\/p>\n<!-- AddThis Advanced Settings generic via filter on the_content --><!-- AddThis Share Buttons generic via filter on the_content -->","protected":false},"excerpt":{"rendered":"<p style=\"text-align: left;\">Un bolso de piel italiana en grano suave y bonito con una correa de piel estrecha a juego que se puede ajustar. Sus compartimentos son ideales para ayudar a mantener organizado el contenido del bolso. El bolso tiene dos compartimentos con cierres de cremallera en la parte superior del bolso. Dentro de uno de los compartimentos tambi\u00e9n hay un bolsillo interior con cremallera.<\/p>\n<p style=\"text-align: left;\">Un bolso fabuloso para usar a diario, tanto de d\u00eda como de noche. Tambi\u00e9n es un accesorio de viaje fant\u00e1stico, lo suficientemente grande como para guardar los art\u00edculos esenciales, pero tambi\u00e9n es un bolso bandolera compacto y elegante para llevar de un lado a otro.<\/p>\n<p>La correa que viene con el bolso es desmontable, por lo que tambi\u00e9n te da la opci\u00f3n de cambiar el aspecto a\u00f1adiendo una correa de bolso diferente (se vende por separado).<\/p>\n<p style=\"text-align: left;\">Correa desmontable y ajustable de 125 cm.<\/p>\n<p style=\"text-align: left;\">Medidas: 21 cm de largo, 14 cm alto, \u00a07 cm de base.<\/p>\n<div class=\"woocommerce-product-details__short-description\">\n<h5 style=\"text-align: center;\"><strong>\u00bfAlguna duda? Ponte en contacto con nosotros a trav\u00e9s del bot\u00f3n del chat directo por whatsApp y te resolveremos las dudas al instante!<\/strong><\/h5>\n<\/div>\n<p><!-- AddThis Advanced Settings generic via filter on get_the_excerpt --><!-- AddThis Share Buttons generic via filter on get_the_excerpt --><\/p>\n","protected":false},"featured_media":30607,"comment_status":"open","ping_status":"closed","template":"","meta":{"om_disable_all_campaigns":false,"_monsterinsights_skip_tracking":false,"_monsterinsights_sitenote_active":false,"_monsterinsights_sitenote_note":"","_monsterinsights_sitenote_category":0,"_uf_show_specific_survey":0,"_uf_disable_surveys":false},"product_brand":[1217],"product_cat":[240],"product_tag":[1135,1096,877,266,303,305,315,313,255,823,1036,727,281,753,743,744,1102],"class_list":{"0":"post-30605","1":"product","2":"type-product","3":"status-publish","4":"has-post-thumbnail","6":"product_brand-ibags-belts","7":"product_cat-bolsos-bandoleras-de-cuero-artesanal","8":"product_tag-accesorios-y-complementos","9":"product_tag-artesania","10":"product_tag-bandoleras","11":"product_tag-bolso-bohemian-bolso-cuero-repujado-bolsos-cuero-retro-bolso-shopper-cuero-bolso-cuero-trenzado-bolso-cuero-troquelado","12":"product_tag-bolso-bohemian","13":"product_tag-bolso-cuero-artesanal","14":"product_tag-bolso-cuero-artesano","15":"product_tag-bolso-cuero-hecho-a-mano","16":"product_tag-bolso-cuero-mujer","17":"product_tag-bolso-piel","18":"product_tag-bolso-piel-italiano","19":"product_tag-bolsos-bandoleras-cuero","20":"product_tag-bolso-bohemian-bolso-cuero-para-hombre-bolso-cuero-repujado-bolsos-cuero-retro-bolso-shopper-cuero-bolso-cuero-trenzado-bolso-cuero-troquelado-bolso-cuero-vaca-bolso-cuero-viaje-hombre","21":"product_tag-complementos-de-cuero","22":"product_tag-estilo-boho","23":"product_tag-estilo-bohochic","24":"product_tag-piel","26":"first","27":"instock","28":"shipping-taxable","29":"purchasable","30":"product-type-simple","31":"add-to-wishlist-after_add_to_cart","32":"layout-style-1","33":"col-md-4 col-sm-4 col-xs-6","34":"col-lg-3","35":"product-has-gallery","36":"product-style-default"},"aioseo_notices":[],"_links":{"self":[{"href":"https:\/\/www.ibagsbelts.com\/tienda\/wp-json\/wp\/v2\/product\/30605","targetHints":{"allow":["GET"]}}],"collection":[{"href":"https:\/\/www.ibagsbelts.com\/tienda\/wp-json\/wp\/v2\/product"}],"about":[{"href":"https:\/\/www.ibagsbelts.com\/tienda\/wp-json\/wp\/v2\/types\/product"}],"replies":[{"embeddable":true,"href":"https:\/\/www.ibagsbelts.com\/tienda\/wp-json\/wp\/v2\/comments?post=30605"}],"wp:featuredmedia":[{"embeddable":true,"href":"https:\/\/www.ibagsbelts.com\/tienda\/wp-json\/wp\/v2\/media\/30607"}],"wp:attachment":[{"href":"https:\/\/www.ibagsbelts.com\/tienda\/wp-json\/wp\/v2\/media?parent=30605"}],"wp:term":[{"taxonomy":"product_brand","embeddable":true,"href":"https:\/\/www.ibagsbelts.com\/tienda\/wp-json\/wp\/v2\/product_brand?post=30605"},{"taxonomy":"product_cat","embeddable":true,"href":"https:\/\/www.ibagsbelts.com\/tienda\/wp-json\/wp\/v2\/product_cat?post=30605"},{"taxonomy":"product_tag","embeddable":true,"href":"https:\/\/www.ibagsbelts.com\/tienda\/wp-json\/wp\/v2\/product_tag?post=30605"}],"curies":[{"name":"wp","href":"https:\/\/api.w.org\/{rel}","templated":true}]}}