{"id":31170,"date":"2024-08-04T14:40:28","date_gmt":"2024-08-04T12:40:28","guid":{"rendered":"https:\/\/www.ibagsbelts.com\/tienda\/?post_type=product&#038;p=31170"},"modified":"2026-03-11T22:59:38","modified_gmt":"2026-03-11T21:59:38","slug":"rinonera-animal-print-leopardo-morado-de-piel-italiana-carla","status":"publish","type":"product","link":"https:\/\/www.ibagsbelts.com\/tienda\/producto\/rinonera-animal-print-leopardo-morado-de-piel-italiana-carla\/","title":{"rendered":"Ri\u00f1onera animal print Leopardo morado de piel Italiana Carla"},"content":{"rendered":"<p style=\"text-align: left;\">Este bolso es ideal para una excursi\u00f3n de un d\u00eda, no un bolso que se resbale del hombro o estorbe, por ejemplo. Este moderno bolso de la colecci\u00f3n ANIMAL PRINT es realmente un bolso que todo el mundo necesita, pr\u00e1ctico y moderno.<\/p>\n<p style=\"text-align: left;\">Este bolso se puede llevar al hombro o alrededor de la cadera. El compartimento principal se puede cerrar f\u00e1cilmente con una cremallera para que puedas guardar todo de forma segura. Tambi\u00e9n hay un compartimento m\u00e1s peque\u00f1o en el compartimento principal donde puedes guardar varios objetos peque\u00f1os. Este genial bolso est\u00e1 disponible en diferentes colores y con diferentes estampados, \u00a1as\u00ed que hay mucho para elegir! \u00bfQui\u00e9n no querr\u00eda este adorno?<\/p>\n<p style=\"text-align: left;\">Medidas: 22 cm X 14 cm<br \/>\nTama\u00f1o m\u00e1ximo de longitud (bolsa incluida) 120 cm\/ MIN 90 cm<br \/>\nInterior: algod\u00f3n lavado suave con 1 bolsillo interior con cremallera.<\/p>\n<p style=\"text-align: left;\"><strong>Aviso importante<\/strong><\/p>\n<h5 style=\"text-align: left;\">Todos nuestros productos de cuero est\u00e1n hechos a mano y su nueva bolsa de cuero puede estar sujeta a una variaci\u00f3n natural en tama\u00f1o y color.<br \/>\nPara los tama\u00f1os, permita 1-2 cm difiere debido a la medida manual.<br \/>\nLas im\u00e1genes son 100% reales.<br \/>\nDebido al monitor del ordenador y el brillo real de la toma y otras razones, habr\u00e1 una cierta diferencia de color.<\/h5>\n<!-- AddThis Advanced Settings generic via filter on the_content --><!-- AddThis Share Buttons generic via filter on the_content -->","protected":false},"excerpt":{"rendered":"<p style=\"text-align: left;\">Este bolso es ideal para una excursi\u00f3n de un d\u00eda, no un bolso que se resbale del hombro o estorbe, por ejemplo. Este moderno bolso de la colecci\u00f3n ANIMAL PRINT es realmente un bolso que todo el mundo necesita, pr\u00e1ctico y moderno.<\/p>\n<p style=\"text-align: left;\">Este bolso se puede llevar al hombro o alrededor de la cadera. El compartimento principal se puede cerrar f\u00e1cilmente con una cremallera para que puedas guardar todo de forma segura. Tambi\u00e9n hay un compartimento m\u00e1s peque\u00f1o en el compartimento principal donde puedes guardar varios objetos peque\u00f1os. Este genial bolso est\u00e1 disponible en diferentes colores y con diferentes estampados, \u00a1as\u00ed que hay mucho para elegir! \u00bfQui\u00e9n no querr\u00eda este adorno?<\/p>\n<p style=\"text-align: left;\">Medidas: 22 cm X 14 cm X 5 cm<br \/>\nTama\u00f1o m\u00e1ximo de longitud (bolsa incluida) 120 cm\/ MIN 90 cm<\/p>\n<h5 style=\"text-align: center;\"><strong>\u00bfAlguna duda? Ponte en contacto con nosotros a trav\u00e9s del bot\u00f3n del chat directo por whatsApp y te resolveremos las dudas al instante!<\/strong><\/h5>\n<p><!-- AddThis Advanced Settings generic via filter on get_the_excerpt --><!-- AddThis Share Buttons generic via filter on get_the_excerpt --><\/p>\n","protected":false},"featured_media":31150,"comment_status":"open","ping_status":"closed","template":"","meta":{"om_disable_all_campaigns":false,"_monsterinsights_skip_tracking":false,"_monsterinsights_sitenote_active":false,"_monsterinsights_sitenote_note":"","_monsterinsights_sitenote_category":0,"_uf_show_specific_survey":0,"_uf_disable_surveys":false},"product_brand":[1217],"product_cat":[950],"product_tag":[1135,1042,1033,301,877,266,823,1036,905,1102,1038,795,793],"class_list":{"0":"post-31170","1":"product","2":"type-product","3":"status-publish","4":"has-post-thumbnail","6":"product_brand-ibags-belts","7":"product_cat-rinoneras","8":"product_tag-accesorios-y-complementos","9":"product_tag-banana","10":"product_tag-bananas","11":"product_tag-bandolera","12":"product_tag-bandoleras","13":"product_tag-bolso-bohemian-bolso-cuero-repujado-bolsos-cuero-retro-bolso-shopper-cuero-bolso-cuero-trenzado-bolso-cuero-troquelado","14":"product_tag-bolso-piel","15":"product_tag-bolso-piel-italiano","16":"product_tag-casual","17":"product_tag-piel","18":"product_tag-piel-lavada","19":"product_tag-rinonera-cuero","20":"product_tag-rinoneras","22":"first","23":"instock","24":"shipping-taxable","25":"purchasable","26":"product-type-simple","27":"add-to-wishlist-after_add_to_cart","28":"layout-style-1","29":"col-md-4 col-sm-4 col-xs-6","30":"col-lg-3","31":"product-has-gallery","32":"product-style-default"},"aioseo_notices":[],"_links":{"self":[{"href":"https:\/\/www.ibagsbelts.com\/tienda\/wp-json\/wp\/v2\/product\/31170","targetHints":{"allow":["GET"]}}],"collection":[{"href":"https:\/\/www.ibagsbelts.com\/tienda\/wp-json\/wp\/v2\/product"}],"about":[{"href":"https:\/\/www.ibagsbelts.com\/tienda\/wp-json\/wp\/v2\/types\/product"}],"replies":[{"embeddable":true,"href":"https:\/\/www.ibagsbelts.com\/tienda\/wp-json\/wp\/v2\/comments?post=31170"}],"wp:featuredmedia":[{"embeddable":true,"href":"https:\/\/www.ibagsbelts.com\/tienda\/wp-json\/wp\/v2\/media\/31150"}],"wp:attachment":[{"href":"https:\/\/www.ibagsbelts.com\/tienda\/wp-json\/wp\/v2\/media?parent=31170"}],"wp:term":[{"taxonomy":"product_brand","embeddable":true,"href":"https:\/\/www.ibagsbelts.com\/tienda\/wp-json\/wp\/v2\/product_brand?post=31170"},{"taxonomy":"product_cat","embeddable":true,"href":"https:\/\/www.ibagsbelts.com\/tienda\/wp-json\/wp\/v2\/product_cat?post=31170"},{"taxonomy":"product_tag","embeddable":true,"href":"https:\/\/www.ibagsbelts.com\/tienda\/wp-json\/wp\/v2\/product_tag?post=31170"}],"curies":[{"name":"wp","href":"https:\/\/api.w.org\/{rel}","templated":true}]}}