{"id":31312,"date":"2024-08-11T13:10:57","date_gmt":"2024-08-11T11:10:57","guid":{"rendered":"https:\/\/www.ibagsbelts.com\/tienda\/?post_type=product&#038;p=31312"},"modified":"2026-03-15T23:22:58","modified_gmt":"2026-03-15T22:22:58","slug":"bolso-bandolera-de-piel-con-flecos-en-color-negro-emily","status":"publish","type":"product","link":"https:\/\/www.ibagsbelts.com\/tienda\/producto\/bolso-bandolera-de-piel-con-flecos-en-color-negro-emily\/","title":{"rendered":"Bolso bandolera de piel con flecos en color negro Emily"},"content":{"rendered":"<p>\u00a1Hazte con esta bandolera de tres chapas con flecos en color negro y remaches para lucir un estilo boho chic inigualable!<\/p>\n<p>Con un dise\u00f1o ligero y el tama\u00f1o perfecto, esta bandolera es ideal para acompa\u00f1arte durante todo el d\u00eda, manteniendo tus manos libres para que puedas disfrutar al m\u00e1ximo. Adem\u00e1s, su correa desmontable te permite convertirla f\u00e1cilmente en un bolso de mano, adapt\u00e1ndose a cualquier ocasi\u00f3n y estilo.<\/p>\n<p>En su interior encontrar\u00e1s un pr\u00e1ctico bolsillo con cremallera bajo la solapa, perfecto para guardar tus objetos m\u00e1s peque\u00f1os de forma segura. As\u00ed, tendr\u00e1s todo lo que necesitas al alcance de tu mano, sin renunciar a la comodidad ni al estilo.<\/p>\n<p>Con unas medidas de 25 cm de alto por 32 cm de largo, esta bandolera tiene el tama\u00f1o perfecto para llevar todo lo que necesitas sin sobrecargar tu look. As\u00ed que no esperes m\u00e1s y a\u00f1ade este bolso a tu colecci\u00f3n para destacar con estilo en cualquier ocasi\u00f3n.<\/p>\n<p style=\"text-align: left;\"><strong>Aviso importante<\/strong><\/p>\n<p>Todos nuestros productos de cuero est\u00e1n hechos a mano y su nueva bolsa de cuero puede estar sujeta a una variaci\u00f3n natural en tama\u00f1o y color.<br \/>\nPara los tama\u00f1os, permita 1-2 cm difiere debido a la medida manual.<br \/>\nLas im\u00e1genes son 100% reales.<br \/>\nDebido al monitor del ordenador y el brillo real de la toma y otras razones, habr\u00e1 una cierta diferencia de color.<\/p>\n<!-- AddThis Advanced Settings generic via filter on the_content --><!-- AddThis Share Buttons generic via filter on the_content -->","protected":false},"excerpt":{"rendered":"<p>Bandolera tres chapas con flecos en color negro y remaches \u00a0para darle un toque boho chic.<\/p>\n<p>Forro y bolsillo bajo la solapa con cremallera<\/p>\n<p>Medidas 25 cm de alto x 32 cm largo<\/p>\n<p>\u00a1Conoce la bolsa perfecta y ag\u00e1rrala! Con un dise\u00f1o ligero y el tama\u00f1o adecuado para ser usado c\u00f3modamente todo el d\u00eda como bandolera o tambi\u00e9n para bailar toda la noche con las manos libres, este bolso seguramente se convertir\u00e1 en un favorito personal.<\/p>\n<p>Retire la correa desmontable para convertirla en un bolso de mano. No importa cu\u00e1l sea tu estilo, \u00a1este bolso seguro que te encantara!<\/p>\n<div class=\"woocommerce-product-details__short-description\">\n<h5><strong>\u00bfAlguna duda? Ponte en contacto con nosotros a trav\u00e9s del bot\u00f3n del chat directo por whatsApp y te resolveremos las dudas al instante<\/strong><\/h5>\n<\/div>\n<p><!-- AddThis Advanced Settings generic via filter on get_the_excerpt --><!-- AddThis Share Buttons generic via filter on get_the_excerpt --><\/p>\n","protected":false},"featured_media":31313,"comment_status":"open","ping_status":"closed","template":"","meta":{"om_disable_all_campaigns":false,"_monsterinsights_skip_tracking":false,"_monsterinsights_sitenote_active":false,"_monsterinsights_sitenote_note":"","_monsterinsights_sitenote_category":0,"_uf_show_specific_survey":0,"_uf_disable_surveys":false},"product_brand":[1217],"product_cat":[240,757,1017],"product_tag":[301,877,737,266,327,299,305,315,268,316,255,823,727,281],"class_list":{"0":"post-31312","1":"product","2":"type-product","3":"status-publish","4":"has-post-thumbnail","6":"product_brand-ibags-belts","7":"product_cat-bolsos-bandoleras-de-cuero-artesanal","8":"product_cat-bolso-clutch","9":"product_cat-mas-vendidos","10":"product_tag-bandolera","11":"product_tag-bandoleras","12":"product_tag-bohochic","13":"product_tag-bolso-bohemian-bolso-cuero-repujado-bolsos-cuero-retro-bolso-shopper-cuero-bolso-cuero-trenzado-bolso-cuero-troquelado","14":"product_tag-bolso-bandolera-cuero-bicolor","15":"product_tag-bolso-cuero","16":"product_tag-bolso-cuero-artesanal","17":"product_tag-bolso-cuero-artesano","18":"product_tag-bolso-cuero-boho-bolso-cuero-con-tachuelas-bolsos-cuero-caballero-bolso-cuero-de-hombre-bolso-cuero-de-viaje-bolso-cuero-de-vaca-bolso-de-cuero-artesanal-bolso-de-cuero","19":"product_tag-bolso-cuero-con-tachuelas","20":"product_tag-bolso-cuero-mujer","21":"product_tag-bolso-piel","22":"product_tag-bolsos-bandoleras-cuero","23":"product_tag-bolso-bohemian-bolso-cuero-para-hombre-bolso-cuero-repujado-bolsos-cuero-retro-bolso-shopper-cuero-bolso-cuero-trenzado-bolso-cuero-troquelado-bolso-cuero-vaca-bolso-cuero-viaje-hombre","25":"first","26":"instock","27":"shipping-taxable","28":"purchasable","29":"product-type-simple","30":"add-to-wishlist-after_add_to_cart","31":"layout-style-1","32":"col-md-4 col-sm-4 col-xs-6","33":"col-lg-3","34":"product-has-gallery","35":"product-style-default"},"aioseo_notices":[],"_links":{"self":[{"href":"https:\/\/www.ibagsbelts.com\/tienda\/wp-json\/wp\/v2\/product\/31312","targetHints":{"allow":["GET"]}}],"collection":[{"href":"https:\/\/www.ibagsbelts.com\/tienda\/wp-json\/wp\/v2\/product"}],"about":[{"href":"https:\/\/www.ibagsbelts.com\/tienda\/wp-json\/wp\/v2\/types\/product"}],"replies":[{"embeddable":true,"href":"https:\/\/www.ibagsbelts.com\/tienda\/wp-json\/wp\/v2\/comments?post=31312"}],"wp:featuredmedia":[{"embeddable":true,"href":"https:\/\/www.ibagsbelts.com\/tienda\/wp-json\/wp\/v2\/media\/31313"}],"wp:attachment":[{"href":"https:\/\/www.ibagsbelts.com\/tienda\/wp-json\/wp\/v2\/media?parent=31312"}],"wp:term":[{"taxonomy":"product_brand","embeddable":true,"href":"https:\/\/www.ibagsbelts.com\/tienda\/wp-json\/wp\/v2\/product_brand?post=31312"},{"taxonomy":"product_cat","embeddable":true,"href":"https:\/\/www.ibagsbelts.com\/tienda\/wp-json\/wp\/v2\/product_cat?post=31312"},{"taxonomy":"product_tag","embeddable":true,"href":"https:\/\/www.ibagsbelts.com\/tienda\/wp-json\/wp\/v2\/product_tag?post=31312"}],"curies":[{"name":"wp","href":"https:\/\/api.w.org\/{rel}","templated":true}]}}