{"id":32122,"date":"2024-10-25T20:20:08","date_gmt":"2024-10-25T18:20:08","guid":{"rendered":"https:\/\/www.ibagsbelts.com\/tienda\/?post_type=product&#038;p=32122"},"modified":"2026-03-11T20:00:23","modified_gmt":"2026-03-11T19:00:23","slug":"bolso-blanco-roto-en-piel-acolchado-clara","status":"publish","type":"product","link":"https:\/\/www.ibagsbelts.com\/tienda\/producto\/bolso-blanco-roto-en-piel-acolchado-clara\/","title":{"rendered":"Bolso blanco roto en piel acolchado Clara"},"content":{"rendered":"<p class=\"p1\" style=\"text-align: left;\">Bolso de mano de tama\u00f1o mediano confeccionado en piel aut\u00e9ntica y en colores exclusivos<\/p>\n<p class=\"p1\" style=\"text-align: left;\">Tres compartimentos, el del medio tiene cremallera. Bolsillo interior con cremallera y uno para tel\u00e9fono.<\/p>\n<p class=\"p1\" style=\"text-align: left;\">Tiene un bolsillo con cremallera y un bolsillo de dise\u00f1o acolchado. Asa larga ajustable (cadena entrelazada con cuero natural).<\/p>\n<p class=\"p1\" style=\"text-align: left;\">Herrajes dorados.<\/p>\n<p class=\"p1\" style=\"text-align: left;\">Material &#8211; 100% cuero genuino de alta calidad<\/p>\n<p class=\"p1\" style=\"text-align: left;\">Dimensiones:<\/p>\n<p class=\"p1\" style=\"text-align: left;\">Longitud<span class=\"Apple-converted-space\">\u00a0 <\/span>29 cm Altura<span class=\"Apple-converted-space\">\u00a0 <\/span>17 cm Profundidad<span class=\"Apple-converted-space\">\u00a0 <\/span>10 cm<\/p>\n<p class=\"p1\" style=\"text-align: left;\">Estilo de transporte: bolso, bolso cruzado, bolso de hombro<\/p>\n<p class=\"p1\" style=\"text-align: left;\">Caracter\u00edsticas adicionales: cadena longitud ajustable.<\/p>\n<div class=\"woocommerce-tabs wc-tabs-wrapper\">\n<div id=\"tab-description\" class=\"woocommerce-Tabs-panel woocommerce-Tabs-panel--description panel entry-content wc-tab\" role=\"tabpanel\" aria-labelledby=\"tab-title-description\">\n<div class=\"container\">\n<p style=\"text-align: left;\"><strong>Aviso importante<\/strong><\/p>\n<p style=\"text-align: left;\">Todos nuestros productos de cuero est\u00e1n hechos a mano y su nueva bolsa de cuero puede estar sujeta a una variaci\u00f3n natural en tama\u00f1o y color.<br \/>\nPara los tama\u00f1os, permita 1-2 cm difiere debido a la medida manual.<br \/>\nLas im\u00e1genes son 100% reales.<br \/>\nDebido al monitor del ordenador y el brillo real de la toma y otras razones, habr\u00e1 una cierta diferencia de color.<\/p>\n<\/div>\n<\/div>\n<\/div>\n<!-- AddThis Advanced Settings generic via filter on the_content --><!-- AddThis Share Buttons generic via filter on the_content -->","protected":false},"excerpt":{"rendered":"<p class=\"p1\">Descubre el bolso de mano perfecto para cualquier ocasi\u00f3n. Confeccionado en piel aut\u00e9ntica de alta calidad, este bolso de tama\u00f1o mediano ofrece un dise\u00f1o exclusivo en colores elegantes. Su funcionalidad es inigualable gracias a sus tres compartimentos, uno de ellos con cremallera, y bolsillos interiores para mayor organizaci\u00f3n. El bolsillo exterior acolchado y los herrajes dorados a\u00f1aden un toque de sofisticaci\u00f3n. Adem\u00e1s, su asa larga ajustable, con cadena entrelazada en cuero natural, lo hace tan c\u00f3modo como estiloso.<\/p>\n<p class=\"p1\"><b>Dimensiones:<\/b> 29 cm de largo, 17 cm de alto y 10 cm de profundidad.<\/p>\n<h5 style=\"text-align: center;\"><strong>\u00bfAlguna duda? Ponte en contacto con nosotros a trav\u00e9s del bot\u00f3n del chat directo por whatsApp y te resolveremos las dudas al instante!<\/strong><\/h5>\n<p><!-- AddThis Advanced Settings generic via filter on get_the_excerpt --><!-- AddThis Share Buttons generic via filter on get_the_excerpt --><\/p>\n","protected":false},"featured_media":32123,"comment_status":"open","ping_status":"closed","template":"","meta":{"om_disable_all_campaigns":false,"_monsterinsights_skip_tracking":false,"_monsterinsights_sitenote_active":false,"_monsterinsights_sitenote_note":"","_monsterinsights_sitenote_category":0,"_uf_show_specific_survey":0,"_uf_disable_surveys":false},"product_brand":[1217],"product_cat":[240,40],"product_tag":[1135,301,877,266,255,823,1036,727,281,905,753,1102],"class_list":{"0":"post-32122","1":"product","2":"type-product","3":"status-publish","4":"has-post-thumbnail","6":"product_brand-ibags-belts","7":"product_cat-bolsos-bandoleras-de-cuero-artesanal","8":"product_cat-bolsos-de-hombro","9":"product_tag-accesorios-y-complementos","10":"product_tag-bandolera","11":"product_tag-bandoleras","12":"product_tag-bolso-bohemian-bolso-cuero-repujado-bolsos-cuero-retro-bolso-shopper-cuero-bolso-cuero-trenzado-bolso-cuero-troquelado","13":"product_tag-bolso-cuero-mujer","14":"product_tag-bolso-piel","15":"product_tag-bolso-piel-italiano","16":"product_tag-bolsos-bandoleras-cuero","17":"product_tag-bolso-bohemian-bolso-cuero-para-hombre-bolso-cuero-repujado-bolsos-cuero-retro-bolso-shopper-cuero-bolso-cuero-trenzado-bolso-cuero-troquelado-bolso-cuero-vaca-bolso-cuero-viaje-hombre","18":"product_tag-casual","19":"product_tag-complementos-de-cuero","20":"product_tag-piel","22":"first","23":"instock","24":"shipping-taxable","25":"purchasable","26":"product-type-simple","27":"add-to-wishlist-after_add_to_cart","28":"layout-style-1","29":"col-md-4 col-sm-4 col-xs-6","30":"col-lg-3","31":"product-has-gallery","32":"product-style-default"},"aioseo_notices":[],"_links":{"self":[{"href":"https:\/\/www.ibagsbelts.com\/tienda\/wp-json\/wp\/v2\/product\/32122","targetHints":{"allow":["GET"]}}],"collection":[{"href":"https:\/\/www.ibagsbelts.com\/tienda\/wp-json\/wp\/v2\/product"}],"about":[{"href":"https:\/\/www.ibagsbelts.com\/tienda\/wp-json\/wp\/v2\/types\/product"}],"replies":[{"embeddable":true,"href":"https:\/\/www.ibagsbelts.com\/tienda\/wp-json\/wp\/v2\/comments?post=32122"}],"wp:featuredmedia":[{"embeddable":true,"href":"https:\/\/www.ibagsbelts.com\/tienda\/wp-json\/wp\/v2\/media\/32123"}],"wp:attachment":[{"href":"https:\/\/www.ibagsbelts.com\/tienda\/wp-json\/wp\/v2\/media?parent=32122"}],"wp:term":[{"taxonomy":"product_brand","embeddable":true,"href":"https:\/\/www.ibagsbelts.com\/tienda\/wp-json\/wp\/v2\/product_brand?post=32122"},{"taxonomy":"product_cat","embeddable":true,"href":"https:\/\/www.ibagsbelts.com\/tienda\/wp-json\/wp\/v2\/product_cat?post=32122"},{"taxonomy":"product_tag","embeddable":true,"href":"https:\/\/www.ibagsbelts.com\/tienda\/wp-json\/wp\/v2\/product_tag?post=32122"}],"curies":[{"name":"wp","href":"https:\/\/api.w.org\/{rel}","templated":true}]}}