{"id":32528,"date":"2024-12-21T22:29:36","date_gmt":"2024-12-21T21:29:36","guid":{"rendered":"https:\/\/www.ibagsbelts.com\/tienda\/?post_type=product&#038;p=32528"},"modified":"2026-03-10T23:22:01","modified_gmt":"2026-03-10T22:22:01","slug":"bolso-camel-multisposicion-de-mano-y-como-bandolera","status":"publish","type":"product","link":"https:\/\/www.ibagsbelts.com\/tienda\/producto\/bolso-camel-multisposicion-de-mano-y-como-bandolera\/","title":{"rendered":"Bolso camel multisposic\u00edon de mano y como bandolera"},"content":{"rendered":"<p style=\"text-align: left;\">Este bolso en cuero liso, elegante y vers\u00e1til. Aqu\u00ed hay algunas caracter\u00edsticas clave basadas en la descripci\u00f3n:<\/p>\n<ol style=\"text-align: left;\">\n<li><strong>Piel Liso:<\/strong>\u00a0El bolso podr\u00eda tener un toque \u00fanico y estar bien confeccionado para garantizar durabilidad.<\/li>\n<li><strong>Color Co\u00f1ac:<\/strong> El co\u00f1ac es un color que se adapta f\u00e1cilmente a diferentes estilos y ocasiones, a\u00f1adiendo elegancia al bolso.<\/li>\n<li><strong>Asas de Mano Integradas:<\/strong>\u00a0Las asas de mano integradas sugieren un dise\u00f1o limpio y funcional.<\/li>\n<li><strong>Bandolera con Detalle en los laterales:<\/strong> La inclusi\u00f3n de una bandolera con detalles de tiras ajustables en los dos laterales agrega un toque boho y un elemento de estilo al bolso.<\/li>\n<li><strong>Asa Larga Extra\u00edble:<\/strong>\u00a0La presencia de una asa larga extra\u00edble proporciona opciones de uso vers\u00e1tiles, ya sea como bolso de hombro o bandolera.<\/li>\n<li><strong>Cierre\u00a0Cremallera:<\/strong>\u00a0Un cierre metalico puede ser pr\u00e1ctico y seguro para mantener los contenidos del bolso protegidos.<\/li>\n<li><strong>Forro y Bolsillo Interior:<\/strong>\u00a0La presencia de forro y bolsillo interior indica atenci\u00f3n a la funcionalidad y organizaci\u00f3n.<\/li>\n<\/ol>\n<p style=\"text-align: left;\">En general, este bolso parece ser una elecci\u00f3n elegante con detalles que podr\u00edan hacerlo destacar. \u00bfHay algo m\u00e1s espec\u00edfico que te gustar\u00eda saber sobre este bolso?<\/p>\n<p style=\"text-align: left;\"><strong>Aviso importante<\/strong><\/p>\n<p style=\"text-align: left;\">Todos nuestros productos de cuero est\u00e1n hechos a mano y su nueva bolsa de cuero puede estar sujeta a una variaci\u00f3n natural en tama\u00f1o y color.<br \/>\nPara los tama\u00f1os, permita 1-2 cm difiere debido a la medida manual.<br \/>\nLas im\u00e1genes son 100% reales.<br \/>\nDebido al monitor del ordenador y el brillo real de la toma y otras razones, habr\u00e1 una cierta diferencia de color.<\/p>\n<!-- AddThis Advanced Settings generic via filter on the_content --><!-- AddThis Share Buttons generic via filter on the_content -->","protected":false},"excerpt":{"rendered":"<p style=\"text-align: left;\">En general, este bolso parece ser una elecci\u00f3n elegante con detalles que podr\u00edan hacerlo destacar. \u00bfHay algo m\u00e1s espec\u00edfico que te gustar\u00eda saber sobre este bolso?<\/p>\n<p style=\"text-align: left;\">Este bolso en cuero, elegante y vers\u00e1til. Aqu\u00ed hay algunas caracter\u00edsticas clave basadas en la descripci\u00f3n:<\/p>\n<p style=\"text-align: left;\"><strong>Piel Liso,\u00a0<\/strong><strong>Asas de Mano Integradas, <\/strong><strong>Bandolera con Detalle en los laterales, <\/strong><strong>Asa Larga Extra\u00edble, <\/strong><strong>Cierre Cremallera, <\/strong><strong>Forro y Bolsillo Interior<\/strong><\/p>\n<p style=\"text-align: left;\">Medidas 24 cm de alto x\u00a0 30cm largo x\u00a0 10cm ancho<\/p>\n<h4 style=\"text-align: center;\"><strong>\u00bfAlguna duda? Ponte en contacto con nosotros a trav\u00e9s del bot\u00f3n del chat directo por whatsApp y te resolveremos las dudas al instante!<\/strong><\/h4>\n<p><!-- AddThis Advanced Settings generic via filter on get_the_excerpt --><!-- AddThis Share Buttons generic via filter on get_the_excerpt --><\/p>\n","protected":false},"featured_media":32529,"comment_status":"open","ping_status":"closed","template":"","meta":{"om_disable_all_campaigns":false,"_monsterinsights_skip_tracking":false,"_monsterinsights_sitenote_active":false,"_monsterinsights_sitenote_note":"","_monsterinsights_sitenote_category":0,"_uf_show_specific_survey":0,"_uf_disable_surveys":false},"product_brand":[1217],"product_cat":[240,757],"product_tag":[266,327,305,778,313,781,281],"class_list":{"0":"post-32528","1":"product","2":"type-product","3":"status-publish","4":"has-post-thumbnail","6":"product_brand-ibags-belts","7":"product_cat-bolsos-bandoleras-de-cuero-artesanal","8":"product_cat-bolso-clutch","9":"product_tag-bolso-bohemian-bolso-cuero-repujado-bolsos-cuero-retro-bolso-shopper-cuero-bolso-cuero-trenzado-bolso-cuero-troquelado","10":"product_tag-bolso-bandolera-cuero-bicolor","11":"product_tag-bolso-cuero-artesanal","12":"product_tag-bolso-cuero-de-vaca","13":"product_tag-bolso-cuero-hecho-a-mano","14":"product_tag-bolso-de-cuero-para-mujer","15":"product_tag-bolso-bohemian-bolso-cuero-para-hombre-bolso-cuero-repujado-bolsos-cuero-retro-bolso-shopper-cuero-bolso-cuero-trenzado-bolso-cuero-troquelado-bolso-cuero-vaca-bolso-cuero-viaje-hombre","17":"first","18":"instock","19":"shipping-taxable","20":"purchasable","21":"product-type-simple","22":"add-to-wishlist-after_add_to_cart","23":"layout-style-1","24":"col-md-4 col-sm-4 col-xs-6","25":"col-lg-3","26":"product-has-gallery","27":"product-style-default"},"aioseo_notices":[],"_links":{"self":[{"href":"https:\/\/www.ibagsbelts.com\/tienda\/wp-json\/wp\/v2\/product\/32528","targetHints":{"allow":["GET"]}}],"collection":[{"href":"https:\/\/www.ibagsbelts.com\/tienda\/wp-json\/wp\/v2\/product"}],"about":[{"href":"https:\/\/www.ibagsbelts.com\/tienda\/wp-json\/wp\/v2\/types\/product"}],"replies":[{"embeddable":true,"href":"https:\/\/www.ibagsbelts.com\/tienda\/wp-json\/wp\/v2\/comments?post=32528"}],"wp:featuredmedia":[{"embeddable":true,"href":"https:\/\/www.ibagsbelts.com\/tienda\/wp-json\/wp\/v2\/media\/32529"}],"wp:attachment":[{"href":"https:\/\/www.ibagsbelts.com\/tienda\/wp-json\/wp\/v2\/media?parent=32528"}],"wp:term":[{"taxonomy":"product_brand","embeddable":true,"href":"https:\/\/www.ibagsbelts.com\/tienda\/wp-json\/wp\/v2\/product_brand?post=32528"},{"taxonomy":"product_cat","embeddable":true,"href":"https:\/\/www.ibagsbelts.com\/tienda\/wp-json\/wp\/v2\/product_cat?post=32528"},{"taxonomy":"product_tag","embeddable":true,"href":"https:\/\/www.ibagsbelts.com\/tienda\/wp-json\/wp\/v2\/product_tag?post=32528"}],"curies":[{"name":"wp","href":"https:\/\/api.w.org\/{rel}","templated":true}]}}