{"id":32766,"date":"2024-12-29T17:39:00","date_gmt":"2024-12-29T16:39:00","guid":{"rendered":"https:\/\/www.ibagsbelts.com\/tienda\/?post_type=product&#038;p=32766"},"modified":"2026-03-10T23:01:06","modified_gmt":"2026-03-10T22:01:06","slug":"bolso-saco-marron-de-piel-lavada-trenzada-paula","status":"publish","type":"product","link":"https:\/\/www.ibagsbelts.com\/tienda\/producto\/bolso-saco-marron-de-piel-lavada-trenzada-paula\/","title":{"rendered":"Bolso saco marr\u00f3n de piel lavada trenzada Paula"},"content":{"rendered":"<p style=\"text-align: left;\">Este bolso bandolera tipo saco es una verdadera joya del estilo de vida italiano, directamente desde Italia. Es pr\u00e1ctico, de alta calidad y extremadamente atractivo, ideal para el d\u00eda a d\u00eda, salidas o incluso para asuntos de negocios. \u00a1Con este elegante bolso, seguramente captar\u00e1s la atenci\u00f3n de todos!<\/p>\n<p style=\"text-align: left;\">Est\u00e1 confeccionado con cuero s\u00faper hermoso y suave que ofrece una sensaci\u00f3n de lujo al tacto. El forro interior de algod\u00f3n garantiza comodidad y durabilidad, y se cierra de manera segura con un cord\u00f3n.<\/p>\n<p style=\"text-align: left;\">Puedes llevarlo c\u00f3modamente sobre el hombro gracias a la correa larga, extra\u00edble y ajustable que tiene una longitud aproximada de 90-120 cm, lo que te brinda versatilidad en el uso y te permite adaptarlo a tu estilo personal.<\/p>\n<p style=\"text-align: left;\">Este bolso es la combinaci\u00f3n perfecta de funcionalidad y estilo italiano, asegurando que te acompa\u00f1e con elegancia en todas tus actividades diarias.<\/p>\n<p style=\"text-align: left;\"><strong>Aviso importante<\/strong><\/p>\n<p style=\"text-align: left;\">Todos nuestros productos de cuero puede estar sujeta a una variaci\u00f3n natural en tama\u00f1o y color.<\/p>\n<p style=\"text-align: left;\">Las pieles utilizadas han sido procesadas y curtidas en una de las curtidoras m\u00e1s antiguas utilizando t\u00e9cnicas centenarias para dar al cuero acabado un aspecto antiguo \/ vintage.<br \/>\nLas im\u00e1genes son 100% reales.<br \/>\nDebido al monitor del ordenador y el brillo real de la toma y otras razones, habr\u00e1 una cierta diferencia de color.<\/p>\n<!-- AddThis Advanced Settings generic via filter on the_content --><!-- AddThis Share Buttons generic via filter on the_content -->","protected":false},"excerpt":{"rendered":"<p style=\"text-align: left;\">Este bolso bandolera tipo saco es una verdadera joya del estilo de vida italiano, directamente desde Italia. Es pr\u00e1ctico, de alta calidad y extremadamente atractivo, ideal para el d\u00eda a d\u00eda, salidas o incluso para asuntos de negocios. \u00a1Con este elegante bolso, seguramente captar\u00e1s la atenci\u00f3n de todos!<\/p>\n<p style=\"text-align: left;\">Est\u00e1 confeccionado con cuero s\u00faper hermoso y suave que ofrece una sensaci\u00f3n de lujo al tacto. El forro interior de algod\u00f3n garantiza comodidad y durabilidad, y se cierra de manera segura con un cord\u00f3n.<\/p>\n<p style=\"text-align: left;\">Puedes llevarlo c\u00f3modamente sobre el hombro gracias a la correa larga, extra\u00edble y ajustable que tiene una longitud aproximada de 90-120 cm, lo que te brinda versatilidad en el uso y te permite adaptarlo a tu estilo personal.<\/p>\n<h5 style=\"text-align: center;\"><strong>\u00bfAlguna duda? Ponte en contacto con nosotros a trav\u00e9s del bot\u00f3n del chat directo por whatsApp y te resolveremos las dudas al instante!<\/strong><\/h5>\n<p><!-- AddThis Advanced Settings generic via filter on get_the_excerpt --><!-- AddThis Share Buttons generic via filter on get_the_excerpt --><\/p>\n","protected":false},"featured_media":32767,"comment_status":"open","ping_status":"closed","template":"","meta":{"om_disable_all_campaigns":false,"_monsterinsights_skip_tracking":false,"_monsterinsights_sitenote_active":false,"_monsterinsights_sitenote_note":"","_monsterinsights_sitenote_category":0,"_uf_show_specific_survey":0,"_uf_disable_surveys":false},"product_brand":[1217],"product_cat":[240,757,1035,40,381],"product_tag":[1135,301,877,777,313,823,1036,1041,784,727,281,293,307,746,1102,1038],"class_list":{"0":"post-32766","1":"product","2":"type-product","3":"status-publish","4":"has-post-thumbnail","6":"product_brand-ibags-belts","7":"product_cat-bolsos-bandoleras-de-cuero-artesanal","8":"product_cat-bolso-clutch","9":"product_cat-bolso-de-cuero-italiano","10":"product_cat-bolsos-de-hombro","11":"product_cat-bomboneras","12":"product_tag-accesorios-y-complementos","13":"product_tag-bandolera","14":"product_tag-bandoleras","15":"product_tag-bolso-cuero-bandoleras","16":"product_tag-bolso-cuero-hecho-a-mano","17":"product_tag-bolso-piel","18":"product_tag-bolso-piel-italiano","19":"product_tag-bolso-saco","20":"product_tag-bolso-trenzados","21":"product_tag-bolsos-bandoleras-cuero","22":"product_tag-bolso-bohemian-bolso-cuero-para-hombre-bolso-cuero-repujado-bolsos-cuero-retro-bolso-shopper-cuero-bolso-cuero-trenzado-bolso-cuero-troquelado-bolso-cuero-vaca-bolso-cuero-viaje-hombre","23":"product_tag-bombonera-cuero","24":"product_tag-cuero-trenzado","25":"product_tag-estilo-hippiechic","26":"product_tag-piel","27":"product_tag-piel-lavada","29":"first","30":"instock","31":"shipping-taxable","32":"purchasable","33":"product-type-simple","34":"add-to-wishlist-after_add_to_cart","35":"layout-style-1","36":"col-md-4 col-sm-4 col-xs-6","37":"col-lg-3","38":"product-has-gallery","39":"product-style-default"},"aioseo_notices":[],"_links":{"self":[{"href":"https:\/\/www.ibagsbelts.com\/tienda\/wp-json\/wp\/v2\/product\/32766","targetHints":{"allow":["GET"]}}],"collection":[{"href":"https:\/\/www.ibagsbelts.com\/tienda\/wp-json\/wp\/v2\/product"}],"about":[{"href":"https:\/\/www.ibagsbelts.com\/tienda\/wp-json\/wp\/v2\/types\/product"}],"replies":[{"embeddable":true,"href":"https:\/\/www.ibagsbelts.com\/tienda\/wp-json\/wp\/v2\/comments?post=32766"}],"wp:featuredmedia":[{"embeddable":true,"href":"https:\/\/www.ibagsbelts.com\/tienda\/wp-json\/wp\/v2\/media\/32767"}],"wp:attachment":[{"href":"https:\/\/www.ibagsbelts.com\/tienda\/wp-json\/wp\/v2\/media?parent=32766"}],"wp:term":[{"taxonomy":"product_brand","embeddable":true,"href":"https:\/\/www.ibagsbelts.com\/tienda\/wp-json\/wp\/v2\/product_brand?post=32766"},{"taxonomy":"product_cat","embeddable":true,"href":"https:\/\/www.ibagsbelts.com\/tienda\/wp-json\/wp\/v2\/product_cat?post=32766"},{"taxonomy":"product_tag","embeddable":true,"href":"https:\/\/www.ibagsbelts.com\/tienda\/wp-json\/wp\/v2\/product_tag?post=32766"}],"curies":[{"name":"wp","href":"https:\/\/api.w.org\/{rel}","templated":true}]}}