{"id":33037,"date":"2025-01-04T16:36:47","date_gmt":"2025-01-04T15:36:47","guid":{"rendered":"https:\/\/www.ibagsbelts.com\/tienda\/?post_type=product&#038;p=33037"},"modified":"2026-03-10T21:09:40","modified_gmt":"2026-03-10T20:09:40","slug":"bolso-bandolera-estribo-en-piel-negro-elegancia-artesanal-italiana","status":"publish","type":"product","link":"https:\/\/www.ibagsbelts.com\/tienda\/producto\/bolso-bandolera-estribo-en-piel-negro-elegancia-artesanal-italiana\/","title":{"rendered":"Bolso bandolera estribo en piel negro elegancia artesanal Italiana"},"content":{"rendered":"<p class=\"p1\" style=\"text-align: left;\">La sofisticaci\u00f3n del <b>Bolso Bandolera Estribo<\/b>, elaborado a mano con aut\u00e9ntica piel de becerro de acabado liso. Su dise\u00f1o estructurado y elegante combina funcionalidad y estilo, convirti\u00e9ndolo en el accesorio perfecto para cualquier ocasi\u00f3n.<\/p>\n<p class=\"p1\" style=\"text-align: left;\">Detalles en <b>oro antiguo<\/b> y una correa de piel no ajustable aportan un toque cl\u00e1sico y refinado, mientras que su cierre de solapa entrelazada y cremallera garantizan seguridad y practicidad. El interior, forrado en tela, incluye un bolsillo con cremallera para organizar tus esenciales.<\/p>\n<p class=\"p1\" style=\"text-align: left;\">Con dimensiones compactas (25 x 6 x 17 cm) y una correa de 115 cm, este bolso es ideal para llevar al hombro con comodidad y estilo.<\/p>\n<p class=\"p1\" style=\"text-align: left;\"><b>100% Made in Italy<\/b> \u2013 calidad artesanal que destaca. <span class=\"Apple-converted-space\">\u00a0 <\/span>\u00a1A\u00f1\u00e1delo a tu colecci\u00f3n y eleva tus looks!<\/p>\n<div class=\"woocommerce-tabs wc-tabs-wrapper\">\n<div id=\"tab-description\" class=\"woocommerce-Tabs-panel woocommerce-Tabs-panel--description panel entry-content wc-tab\" role=\"tabpanel\" aria-labelledby=\"tab-title-description\">\n<div class=\"container\">\n<p style=\"text-align: left;\"><strong>Aviso importante<\/strong><\/p>\n<p style=\"text-align: left;\">Todos nuestros productos de cuero est\u00e1n hechos a mano y su nueva bolsa de cuero puede estar sujeta a una variaci\u00f3n natural en tama\u00f1o y color.<br \/>\nPara los tama\u00f1os, permita 1-2 cm difiere debido a la medida manual.<br \/>\nLas im\u00e1genes son 100% reales.<br \/>\nDebido al monitor del ordenador y el brillo real de la toma y otras razones, habr\u00e1 una cierta diferencia de color.<\/p>\n<\/div>\n<\/div>\n<\/div>\n<!-- AddThis Advanced Settings generic via filter on the_content --><!-- AddThis Share Buttons generic via filter on the_content -->","protected":false},"excerpt":{"rendered":"<p class=\"p1\" style=\"text-align: left;\">La sofisticaci\u00f3n del <b>Bolso Bandolera Estribo<\/b>, elaborado a mano con aut\u00e9ntica piel de becerro de acabado liso. Su dise\u00f1o estructurado y elegante combina funcionalidad y estilo, convirti\u00e9ndolo en el accesorio perfecto para cualquier ocasi\u00f3n.<\/p>\n<p class=\"p1\" style=\"text-align: left;\">Detalles en <b>oro antiguo<\/b> y una correa de piel no ajustable aportan un toque cl\u00e1sico y refinado, mientras que su cierre de solapa entrelazada y cremallera garantizan seguridad y practicidad. El interior, forrado en tela, incluye un bolsillo con cremallera para organizar tus esenciales.<\/p>\n<p class=\"p1\" style=\"text-align: left;\">Con dimensiones compactas (25 x 6 x 17 cm) y una correa de 115 cm, este bolso es ideal para llevar al hombro con comodidad y estilo.<\/p>\n<p class=\"p1\" style=\"text-align: left;\"><b>100% Made in Italy<\/b> \u2013 calidad artesanal que destaca. <span class=\"Apple-converted-space\">\u00a0 <\/span>\u00a1A\u00f1\u00e1delo a tu colecci\u00f3n y eleva tus looks!<\/p>\n<h5 style=\"text-align: center;\"><strong>\u00bfAlguna duda? Ponte en contacto con nosotros a trav\u00e9s del bot\u00f3n del chat directo por whatsApp y te resolveremos las dudas al instante!<\/strong><\/h5>\n<p><!-- AddThis Advanced Settings generic via filter on get_the_excerpt --><!-- AddThis Share Buttons generic via filter on get_the_excerpt --><\/p>\n","protected":false},"featured_media":33038,"comment_status":"open","ping_status":"closed","template":"","meta":{"om_disable_all_campaigns":false,"_monsterinsights_skip_tracking":false,"_monsterinsights_sitenote_active":false,"_monsterinsights_sitenote_note":"","_monsterinsights_sitenote_category":0,"_uf_show_specific_survey":0,"_uf_disable_surveys":false},"product_brand":[1217],"product_cat":[240],"product_tag":[1135,301,877,266,255,823,1036,727,281,905,753,1102],"class_list":{"0":"post-33037","1":"product","2":"type-product","3":"status-publish","4":"has-post-thumbnail","6":"product_brand-ibags-belts","7":"product_cat-bolsos-bandoleras-de-cuero-artesanal","8":"product_tag-accesorios-y-complementos","9":"product_tag-bandolera","10":"product_tag-bandoleras","11":"product_tag-bolso-bohemian-bolso-cuero-repujado-bolsos-cuero-retro-bolso-shopper-cuero-bolso-cuero-trenzado-bolso-cuero-troquelado","12":"product_tag-bolso-cuero-mujer","13":"product_tag-bolso-piel","14":"product_tag-bolso-piel-italiano","15":"product_tag-bolsos-bandoleras-cuero","16":"product_tag-bolso-bohemian-bolso-cuero-para-hombre-bolso-cuero-repujado-bolsos-cuero-retro-bolso-shopper-cuero-bolso-cuero-trenzado-bolso-cuero-troquelado-bolso-cuero-vaca-bolso-cuero-viaje-hombre","17":"product_tag-casual","18":"product_tag-complementos-de-cuero","19":"product_tag-piel","21":"first","22":"instock","23":"shipping-taxable","24":"purchasable","25":"product-type-simple","26":"add-to-wishlist-after_add_to_cart","27":"layout-style-1","28":"col-md-4 col-sm-4 col-xs-6","29":"col-lg-3","30":"product-has-gallery","31":"product-style-default"},"aioseo_notices":[],"_links":{"self":[{"href":"https:\/\/www.ibagsbelts.com\/tienda\/wp-json\/wp\/v2\/product\/33037","targetHints":{"allow":["GET"]}}],"collection":[{"href":"https:\/\/www.ibagsbelts.com\/tienda\/wp-json\/wp\/v2\/product"}],"about":[{"href":"https:\/\/www.ibagsbelts.com\/tienda\/wp-json\/wp\/v2\/types\/product"}],"replies":[{"embeddable":true,"href":"https:\/\/www.ibagsbelts.com\/tienda\/wp-json\/wp\/v2\/comments?post=33037"}],"wp:featuredmedia":[{"embeddable":true,"href":"https:\/\/www.ibagsbelts.com\/tienda\/wp-json\/wp\/v2\/media\/33038"}],"wp:attachment":[{"href":"https:\/\/www.ibagsbelts.com\/tienda\/wp-json\/wp\/v2\/media?parent=33037"}],"wp:term":[{"taxonomy":"product_brand","embeddable":true,"href":"https:\/\/www.ibagsbelts.com\/tienda\/wp-json\/wp\/v2\/product_brand?post=33037"},{"taxonomy":"product_cat","embeddable":true,"href":"https:\/\/www.ibagsbelts.com\/tienda\/wp-json\/wp\/v2\/product_cat?post=33037"},{"taxonomy":"product_tag","embeddable":true,"href":"https:\/\/www.ibagsbelts.com\/tienda\/wp-json\/wp\/v2\/product_tag?post=33037"}],"curies":[{"name":"wp","href":"https:\/\/api.w.org\/{rel}","templated":true}]}}