{"id":33076,"date":"2025-01-04T17:48:00","date_gmt":"2025-01-04T16:48:00","guid":{"rendered":"https:\/\/www.ibagsbelts.com\/tienda\/?post_type=product&#038;p=33076"},"modified":"2026-03-10T21:06:35","modified_gmt":"2026-03-10T20:06:35","slug":"bolso-bandolera-en-piel-beige-gloria","status":"publish","type":"product","link":"https:\/\/www.ibagsbelts.com\/tienda\/producto\/bolso-bandolera-en-piel-beige-gloria\/","title":{"rendered":"Bolso bandolera en piel beige Gloria"},"content":{"rendered":"<p class=\"p1\"><b>Bolso de Piel beige \u2013 Elegancia y Versatilidad para Cualquier Ocasi\u00f3n<\/b><\/p>\n<p class=\"p1\">Te presentamos un <b>bolso de piel natural de primera calidad<\/b>, dise\u00f1ado para mujeres que valoran la <b>elegancia<\/b> sin renunciar a la <b>comodidad<\/b>. Ideal tanto para eventos especiales como para el uso diario, este bolso combina funcionalidad y estilo en un dise\u00f1o compacto y sofisticado.<\/p>\n<p class=\"p1\">Cuenta con un <b>compartimento principal<\/b> y <b>dos bolsillos internos<\/b>, uno de ellos con cremallera, para mantener tus objetos organizados y seguros. Su <b>correa ajustable<\/b> permite llevarlo de dos formas: <b>al hombro<\/b> o <b>en bandolera<\/b>, adapt\u00e1ndose perfectamente a tu figura y estilo.<\/p>\n<p class=\"p1\">Destaca por su <b>cierre de hebilla decorada<\/b>, que a\u00f1ade un toque refinado y femenino. Con unas dimensiones compactas de <b>22 x 15 x 5 cm<\/b> y una <b>correa de 115 cm<\/b>, es el accesorio perfecto para completar cualquier look.<\/p>\n<p class=\"p1\"><b>Ligero, elegante y vers\u00e1til<\/b>. \u00a1Hazlo tuyo y eleva tus outfits!<\/p>\n<div class=\"woocommerce-tabs wc-tabs-wrapper\">\n<div id=\"tab-description\" class=\"woocommerce-Tabs-panel woocommerce-Tabs-panel--description panel entry-content wc-tab\" role=\"tabpanel\" aria-labelledby=\"tab-title-description\">\n<div class=\"container\">\n<p style=\"text-align: left;\"><strong>Aviso importante<\/strong><\/p>\n<p style=\"text-align: left;\">Todos nuestros productos de cuero est\u00e1n hechos a mano y su nueva bolsa de cuero puede estar sujeta a una variaci\u00f3n natural en tama\u00f1o y color.<br \/>\nPara los tama\u00f1os, permita 1-2 cm difiere debido a la medida manual.<br \/>\nLas im\u00e1genes son 100% reales.<br \/>\nDebido al monitor del ordenador y el brillo real de la toma y otras razones, habr\u00e1 una cierta diferencia de color.<\/p>\n<\/div>\n<\/div>\n<\/div>\n<!-- AddThis Advanced Settings generic via filter on the_content --><!-- AddThis Share Buttons generic via filter on the_content -->","protected":false},"excerpt":{"rendered":"<p class=\"p1\"><b>Bolso de Piel Natural \u2013 Elegancia y Versatilidad para Cualquier Ocasi\u00f3n<\/b><\/p>\n<p class=\"p1\">Te presentamos un <b>bolso de piel natural de primera calidad<\/b>, dise\u00f1ado para mujeres que valoran la <b>elegancia<\/b> sin renunciar a la <b>comodidad<\/b>. Ideal tanto para eventos especiales como para el uso diario, este bolso combina funcionalidad y estilo en un dise\u00f1o compacto y sofisticado.<\/p>\n<p class=\"p1\">Cuenta con un <b>compartimento principal<\/b> y <b>dos bolsillos internos<\/b>, uno de ellos con cremallera, para mantener tus objetos organizados y seguros. Su <b>correa ajustable<\/b> permite llevarlo de dos formas: <b>al hombro<\/b> o <b>en bandolera<\/b>, adapt\u00e1ndose perfectamente a tu figura y estilo.<\/p>\n<p class=\"p1\">Destaca por su <b>cierre de hebilla decorada<\/b>, que a\u00f1ade un toque refinado y femenino. Con unas dimensiones compactas de <b>22 x 15 x 5 cm<\/b> y una <b>correa de 115 cm<\/b>, es el accesorio perfecto para completar cualquier look.<\/p>\n<p class=\"p1\"><b>Ligero, elegante y vers\u00e1til<\/b>. \u00a1Hazlo tuyo y eleva tus outfits!<\/p>\n<h5 style=\"text-align: center;\"><strong>\u00bfAlguna duda? Ponte en contacto con nosotros a trav\u00e9s del bot\u00f3n del chat directo por whatsApp y te resolveremos las dudas al instante!<\/strong><\/h5>\n<p><!-- AddThis Advanced Settings generic via filter on get_the_excerpt --><!-- AddThis Share Buttons generic via filter on get_the_excerpt --><\/p>\n","protected":false},"featured_media":33077,"comment_status":"open","ping_status":"closed","template":"","meta":{"om_disable_all_campaigns":false,"_monsterinsights_skip_tracking":false,"_monsterinsights_sitenote_active":false,"_monsterinsights_sitenote_note":"","_monsterinsights_sitenote_category":0,"_uf_show_specific_survey":0,"_uf_disable_surveys":false},"product_brand":[1217],"product_cat":[240],"product_tag":[1135,301,877,266,255,823,1036,727,281,905,753,1102],"class_list":{"0":"post-33076","1":"product","2":"type-product","3":"status-publish","4":"has-post-thumbnail","6":"product_brand-ibags-belts","7":"product_cat-bolsos-bandoleras-de-cuero-artesanal","8":"product_tag-accesorios-y-complementos","9":"product_tag-bandolera","10":"product_tag-bandoleras","11":"product_tag-bolso-bohemian-bolso-cuero-repujado-bolsos-cuero-retro-bolso-shopper-cuero-bolso-cuero-trenzado-bolso-cuero-troquelado","12":"product_tag-bolso-cuero-mujer","13":"product_tag-bolso-piel","14":"product_tag-bolso-piel-italiano","15":"product_tag-bolsos-bandoleras-cuero","16":"product_tag-bolso-bohemian-bolso-cuero-para-hombre-bolso-cuero-repujado-bolsos-cuero-retro-bolso-shopper-cuero-bolso-cuero-trenzado-bolso-cuero-troquelado-bolso-cuero-vaca-bolso-cuero-viaje-hombre","17":"product_tag-casual","18":"product_tag-complementos-de-cuero","19":"product_tag-piel","21":"first","22":"instock","23":"shipping-taxable","24":"purchasable","25":"product-type-simple","26":"add-to-wishlist-after_add_to_cart","27":"layout-style-1","28":"col-md-4 col-sm-4 col-xs-6","29":"col-lg-3","30":"product-has-gallery","31":"product-style-default"},"aioseo_notices":[],"_links":{"self":[{"href":"https:\/\/www.ibagsbelts.com\/tienda\/wp-json\/wp\/v2\/product\/33076","targetHints":{"allow":["GET"]}}],"collection":[{"href":"https:\/\/www.ibagsbelts.com\/tienda\/wp-json\/wp\/v2\/product"}],"about":[{"href":"https:\/\/www.ibagsbelts.com\/tienda\/wp-json\/wp\/v2\/types\/product"}],"replies":[{"embeddable":true,"href":"https:\/\/www.ibagsbelts.com\/tienda\/wp-json\/wp\/v2\/comments?post=33076"}],"wp:featuredmedia":[{"embeddable":true,"href":"https:\/\/www.ibagsbelts.com\/tienda\/wp-json\/wp\/v2\/media\/33077"}],"wp:attachment":[{"href":"https:\/\/www.ibagsbelts.com\/tienda\/wp-json\/wp\/v2\/media?parent=33076"}],"wp:term":[{"taxonomy":"product_brand","embeddable":true,"href":"https:\/\/www.ibagsbelts.com\/tienda\/wp-json\/wp\/v2\/product_brand?post=33076"},{"taxonomy":"product_cat","embeddable":true,"href":"https:\/\/www.ibagsbelts.com\/tienda\/wp-json\/wp\/v2\/product_cat?post=33076"},{"taxonomy":"product_tag","embeddable":true,"href":"https:\/\/www.ibagsbelts.com\/tienda\/wp-json\/wp\/v2\/product_tag?post=33076"}],"curies":[{"name":"wp","href":"https:\/\/api.w.org\/{rel}","templated":true}]}}