{"id":33134,"date":"2025-01-06T17:58:10","date_gmt":"2025-01-06T16:58:10","guid":{"rendered":"https:\/\/www.ibagsbelts.com\/tienda\/?post_type=product&#038;p=33134"},"modified":"2026-03-10T21:00:22","modified_gmt":"2026-03-10T20:00:22","slug":"bandolera-rectangular-con-tachas-y-flecos-camel-blanca","status":"publish","type":"product","link":"https:\/\/www.ibagsbelts.com\/tienda\/producto\/bandolera-rectangular-con-tachas-y-flecos-camel-blanca\/","title":{"rendered":"Bandolera rectangular con tachas y flecos camel Blanca"},"content":{"rendered":"<p style=\"text-align: left;\">\u00a1Hazte con este incre\u00edble bolso bandolera de cuero con flecos y remaches, un verdadero tesoro artesanal!<\/p>\n<p style=\"text-align: left;\">Sus detalles \u00fanicos hacen que este bolso sea una verdadera joya. Los flecos de cuero de 20 cm que cuelgan en la parte frontal que le dan un toque bohemio y chic, mientras que el dibujo repujado y tachas plateadas en la solapa a\u00f1aden un encanto extra.<\/p>\n<p style=\"text-align: left;\">Disponible en dos tonos diferentes, este vers\u00e1til bolso puede ser usado como bolso de mano o colgado con la correa ajustable. Ya sea que lo lleves cruzado sobre el hombro o colgado elegantemente en la mano, este bolso seguramente destacar\u00e1 en cualquier ocasi\u00f3n.<\/p>\n<p style=\"text-align: left;\">En su interior, encontrar\u00e1s un pr\u00e1ctico bolsillo con cremallera y un forro de tela de algod\u00f3n que te ayudar\u00e1 a mantener tus pertenencias organizadas y protegidas. No te pierdas la oportunidad de a\u00f1adir este exquisito bolso a tu colecci\u00f3n de accesorios. \u00a1Haz una declaraci\u00f3n de estilo con este bolso \u00fanico y artesanal!<\/p>\n<p style=\"text-align: left;\"><strong>Aviso importante<\/strong><\/p>\n<p style=\"text-align: left;\">Todos nuestros productos de cuero est\u00e1n hechos a mano y su nueva bolsa de cuero puede estar sujeta a una variaci\u00f3n natural en tama\u00f1o y color.<br \/>\nPara los tama\u00f1os, permita 1-2 cm difiere debido a la medida manual.<br \/>\nLas im\u00e1genes son 100% reales.<br \/>\nDebido al monitor del ordenador y el brillo real de la toma y otras razones, habr\u00e1 una cierta diferencia de color.<\/p>\n<!-- AddThis Advanced Settings generic via filter on the_content --><!-- AddThis Share Buttons generic via filter on the_content -->","protected":false},"excerpt":{"rendered":"<p style=\"text-align: left;\">\u00a1Hazte con este incre\u00edble bolso bandolera de cuero con flecos y remaches, un verdadero tesoro artesanal!<\/p>\n<p style=\"text-align: left;\">Sus detalles \u00fanicos hacen que este bolso sea una verdadera joya. Los flecos de cuero de 20 cm que cuelgan en la parte frontal que le dan un toque bohemio y chic, mientras que el dibujo repujado y tachas plateadas en la solapa a\u00f1aden un encanto extra.<\/p>\n<p style=\"text-align: left;\">Disponible en dos tonos diferentes, este vers\u00e1til bolso puede ser usado como bolso de mano o colgado con la correa ajustable. Ya sea que lo lleves cruzado sobre el hombro o colgado elegantemente en la mano, este bolso seguramente destacar\u00e1 en cualquier ocasi\u00f3n.<\/p>\n<p style=\"text-align: left;\">En su interior, encontrar\u00e1s un pr\u00e1ctico bolsillo con cremallera y un forro de tela de algod\u00f3n que te ayudar\u00e1 a mantener tus pertenencias organizadas y protegidas. No te pierdas la oportunidad de a\u00f1adir este exquisito bolso a tu colecci\u00f3n de accesorios. \u00a1Haz una declaraci\u00f3n de estilo con este bolso \u00fanico y artesanal!<\/p>\n<p class=\"_788468\">Medidas del bolso 40cm de largo x 40cm alto x 5cm.<\/p>\n<h5 style=\"text-align: center;\"><strong>\u00bfAlguna duda? Ponte en contacto con nosotros a trav\u00e9s del bot\u00f3n del chat directo por whatsApp y te resolveremos las dudas al instante!<\/strong><\/h5>\n<p><!-- AddThis Advanced Settings generic via filter on get_the_excerpt --><!-- AddThis Share Buttons generic via filter on get_the_excerpt --><\/p>\n","protected":false},"featured_media":33135,"comment_status":"open","ping_status":"closed","template":"","meta":{"om_disable_all_campaigns":false,"_monsterinsights_skip_tracking":false,"_monsterinsights_sitenote_active":false,"_monsterinsights_sitenote_note":"","_monsterinsights_sitenote_category":0,"_uf_show_specific_survey":0,"_uf_disable_surveys":false},"product_brand":[1217],"product_cat":[40,41],"product_tag":[1135,266,303,299,305,315,316,312,313,255,1153,824,1140,823,1050,727,337,744,746,1118],"class_list":{"0":"post-33134","1":"product","2":"type-product","3":"status-publish","4":"has-post-thumbnail","6":"product_brand-ibags-belts","7":"product_cat-bolsos-de-hombro","8":"product_cat-shoppers","9":"product_tag-accesorios-y-complementos","10":"product_tag-bolso-bohemian-bolso-cuero-repujado-bolsos-cuero-retro-bolso-shopper-cuero-bolso-cuero-trenzado-bolso-cuero-troquelado","11":"product_tag-bolso-bohemian","12":"product_tag-bolso-cuero","13":"product_tag-bolso-cuero-artesanal","14":"product_tag-bolso-cuero-artesano","15":"product_tag-bolso-cuero-con-tachuelas","16":"product_tag-bolso-cuero-flecos","17":"product_tag-bolso-cuero-hecho-a-mano","18":"product_tag-bolso-cuero-mujer","19":"product_tag-bolso-de-mano","20":"product_tag-bolso-flecos","21":"product_tag-bolso-hombro","22":"product_tag-bolso-piel","23":"product_tag-bolso-remaches","24":"product_tag-bolsos-bandoleras-cuero","25":"product_tag-cinturon-cuero-tachas","26":"product_tag-estilo-bohochic","27":"product_tag-estilo-hippiechic","28":"product_tag-remaches","30":"first","31":"outofstock","32":"shipping-taxable","33":"purchasable","34":"product-type-simple","35":"add-to-wishlist-after_add_to_cart","36":"layout-style-1","37":"col-md-4 col-sm-4 col-xs-6","38":"col-lg-3","39":"product-has-gallery","40":"product-style-default"},"aioseo_notices":[],"_links":{"self":[{"href":"https:\/\/www.ibagsbelts.com\/tienda\/wp-json\/wp\/v2\/product\/33134","targetHints":{"allow":["GET"]}}],"collection":[{"href":"https:\/\/www.ibagsbelts.com\/tienda\/wp-json\/wp\/v2\/product"}],"about":[{"href":"https:\/\/www.ibagsbelts.com\/tienda\/wp-json\/wp\/v2\/types\/product"}],"replies":[{"embeddable":true,"href":"https:\/\/www.ibagsbelts.com\/tienda\/wp-json\/wp\/v2\/comments?post=33134"}],"wp:featuredmedia":[{"embeddable":true,"href":"https:\/\/www.ibagsbelts.com\/tienda\/wp-json\/wp\/v2\/media\/33135"}],"wp:attachment":[{"href":"https:\/\/www.ibagsbelts.com\/tienda\/wp-json\/wp\/v2\/media?parent=33134"}],"wp:term":[{"taxonomy":"product_brand","embeddable":true,"href":"https:\/\/www.ibagsbelts.com\/tienda\/wp-json\/wp\/v2\/product_brand?post=33134"},{"taxonomy":"product_cat","embeddable":true,"href":"https:\/\/www.ibagsbelts.com\/tienda\/wp-json\/wp\/v2\/product_cat?post=33134"},{"taxonomy":"product_tag","embeddable":true,"href":"https:\/\/www.ibagsbelts.com\/tienda\/wp-json\/wp\/v2\/product_tag?post=33134"}],"curies":[{"name":"wp","href":"https:\/\/api.w.org\/{rel}","templated":true}]}}