{"id":33175,"date":"2025-01-06T19:37:37","date_gmt":"2025-01-06T18:37:37","guid":{"rendered":"https:\/\/www.ibagsbelts.com\/tienda\/?post_type=product&#038;p=33175"},"modified":"2026-03-10T20:53:04","modified_gmt":"2026-03-10T19:53:04","slug":"fajin-de-cuero-negro-con-tachas-y-hebilla-agata","status":"publish","type":"product","link":"https:\/\/www.ibagsbelts.com\/tienda\/producto\/fajin-de-cuero-negro-con-tachas-y-hebilla-agata\/","title":{"rendered":"Faj\u00edn de cuero negro con tachas y hebilla \u00c1gata"},"content":{"rendered":"<p style=\"text-align: left;\">Faj\u00edn de cuero con remaches en la correa en color plata, hebilla con incrustaci\u00f3n de piedra \u00e1gata.<\/p>\n<p style=\"text-align: left;\">El cierre de hebilla artesanal que puedes ajustar a tu medida, por lo que sirve para todas las tallas.<\/p>\n<p class=\"Standard\" style=\"text-align: left;\">\u00a0Mide 5 cm de ancho y un largo m\u00e1ximo de 110 cm lo puedes usar en la cintura o en las caderas<\/p>\n<p class=\"Standard\" style=\"text-align: left;\">Es la mejor opci\u00f3n para llevarlo con tus pantalones, preferidos ya que le va a dar el toque que est\u00e1s buscando en tu outfits m\u00e1s original.<\/p>\n<p style=\"text-align: left;\">Composici\u00f3n: Correa 100% cuero, Hebilla artesanal. <span style=\"font-size: 1.4rem;\">Talla \u00fanica<\/span><\/p>\n<p style=\"text-align: left;\"><strong>Aviso importante<\/strong><\/p>\n<p style=\"text-align: left;\">Todos nuestros productos de cuero est\u00e1n hechos a mano y su nuevo bolso de cuero puede estar sujeta a una variaci\u00f3n natural en tama\u00f1o y color.<\/p>\n<p style=\"text-align: left;\">Las pieles utilizadas han sido procesadas y curtidas en una de las curtidur\u00edas m\u00e1s antiguas utilizando t\u00e9cnicas centenarias para dar al cuero acabado un aspecto antiguo \/ vintage.<br \/>\nPara los tama\u00f1os, permita 1-2 cm diferencia debido a la medida manual.<br \/>\nLas im\u00e1genes son 100% reales.<br \/>\nDebido al monitor del ordenador y el brillo real de la toma y otras razones, habr\u00e1 una cierta diferencia de color.<\/p>\n<!-- AddThis Advanced Settings generic via filter on the_content --><!-- AddThis Share Buttons generic via filter on the_content -->","protected":false},"excerpt":{"rendered":"<div id=\"featurebullets_feature_div\" class=\"celwidget\" data-feature-name=\"featurebullets\" data-csa-c-id=\"jy4ada-xcb2sb-7jg30r-mwh28s\" data-cel-widget=\"featurebullets_feature_div\">\n<div id=\"feature-bullets\" class=\"a-section a-spacing-medium a-spacing-top-small\">\n<p style=\"text-align: left;\">Faj\u00edn de cuero con remaches en la correa en color plata, hebilla con incrustaci\u00f3n de piedra \u00e1gata.<\/p>\n<p style=\"text-align: left;\">El cierre de hebilla artesanal que puedes ajustar a tu medida, por lo que sirve para todas las tallas.<\/p>\n<p class=\"Standard\" style=\"text-align: left;\">\u00a0Mide 5 cm de ancho y un largo m\u00e1ximo de 110 cm lo puedes usar en la cintura o en las caderas<\/p>\n<p class=\"Standard\" style=\"text-align: left;\">Es la mejor opci\u00f3n para llevarlo con tus pantalones, preferidos ya que le va a dar el toque que est\u00e1s buscando en tu outfits m\u00e1s original.<\/p>\n<p style=\"text-align: left;\">Composici\u00f3n: Correa 100% cuero, Hebilla artesanal. <span style=\"font-size: 1.4rem;\">Talla \u00fanica.<\/span><\/p>\n<\/div>\n<\/div>\n<h5 style=\"text-align: center;\"><strong>\u00bfAlguna duda? Ponte en contacto con nosotros a trav\u00e9s del bot\u00f3n del chat directo por whatsApp y te resolveremos las dudas al instante!<\/strong><\/h5>\n<p><!-- AddThis Advanced Settings generic via filter on get_the_excerpt --><!-- AddThis Share Buttons generic via filter on get_the_excerpt --><\/p>\n","protected":false},"featured_media":33180,"comment_status":"open","ping_status":"closed","template":"","meta":{"om_disable_all_campaigns":false,"_monsterinsights_skip_tracking":false,"_monsterinsights_sitenote_active":false,"_monsterinsights_sitenote_note":"","_monsterinsights_sitenote_category":0,"_uf_show_specific_survey":0,"_uf_disable_surveys":false},"product_brand":[1217],"product_cat":[393,951],"product_tag":[1087,290,258,332,340,341,337,1034,1088,744,1032,1207],"class_list":{"0":"post-33175","1":"product","2":"type-product","3":"status-publish","4":"has-post-thumbnail","6":"product_brand-ibags-belts","7":"product_cat-cinturon-con-tachas","8":"product_cat-fajin","9":"product_tag-cinto","10":"product_tag-cinturon","11":"product_tag-cinturon-cuero-cowboy-cinturon-cuero-de-vaca-cinturon-de-cuero-artesanal-bolso-de-cuero-cinturon-cuero-para-hombre-cinturon-para-mujer","12":"product_tag-cinturon-cuero","13":"product_tag-cinturon-cuero-ancho-bohemian","14":"product_tag-cinturon-cuero-boho-chic","15":"product_tag-cinturon-cuero-tachas","16":"product_tag-cinturones","17":"product_tag-correa","18":"product_tag-estilo-bohochic","19":"product_tag-fajin","20":"product_tag-fajines","22":"first","23":"instock","24":"shipping-taxable","25":"purchasable","26":"product-type-simple","27":"add-to-wishlist-after_add_to_cart","28":"layout-style-1","29":"col-md-4 col-sm-4 col-xs-6","30":"col-lg-3","31":"product-has-gallery","32":"product-style-default"},"aioseo_notices":[],"_links":{"self":[{"href":"https:\/\/www.ibagsbelts.com\/tienda\/wp-json\/wp\/v2\/product\/33175","targetHints":{"allow":["GET"]}}],"collection":[{"href":"https:\/\/www.ibagsbelts.com\/tienda\/wp-json\/wp\/v2\/product"}],"about":[{"href":"https:\/\/www.ibagsbelts.com\/tienda\/wp-json\/wp\/v2\/types\/product"}],"replies":[{"embeddable":true,"href":"https:\/\/www.ibagsbelts.com\/tienda\/wp-json\/wp\/v2\/comments?post=33175"}],"wp:featuredmedia":[{"embeddable":true,"href":"https:\/\/www.ibagsbelts.com\/tienda\/wp-json\/wp\/v2\/media\/33180"}],"wp:attachment":[{"href":"https:\/\/www.ibagsbelts.com\/tienda\/wp-json\/wp\/v2\/media?parent=33175"}],"wp:term":[{"taxonomy":"product_brand","embeddable":true,"href":"https:\/\/www.ibagsbelts.com\/tienda\/wp-json\/wp\/v2\/product_brand?post=33175"},{"taxonomy":"product_cat","embeddable":true,"href":"https:\/\/www.ibagsbelts.com\/tienda\/wp-json\/wp\/v2\/product_cat?post=33175"},{"taxonomy":"product_tag","embeddable":true,"href":"https:\/\/www.ibagsbelts.com\/tienda\/wp-json\/wp\/v2\/product_tag?post=33175"}],"curies":[{"name":"wp","href":"https:\/\/api.w.org\/{rel}","templated":true}]}}

Fajín de cuero negro con tachas y hebilla Ágata

<p style="text-align: left;">Fajín de cuero con remaches en la correa en color plata, hebilla con incrustación de piedra ágata.</p>
<p style="text-align: left;">El cierre de hebilla artesanal que puedes ajustar a tu medida, por lo que sirve para todas las tallas.</p>
<p class="Standard" style="text-align: left;"> Mide 5 cm de ancho y un largo máximo de 110 cm lo puedes usar en la cintura o en las caderas</p>
<p class="Standard" style="text-align: left;">Es la mejor opción para llevarlo con tus pantalones, preferidos ya que le va a dar el toque que estás buscando en tu outfits más original.</p>
<p style="text-align: left;">Composición: Correa 100% cuero, Hebilla artesanal. <span style="font-size: 1.4rem;">Talla única</span></p>
<p style="text-align: left;"><strong>Aviso importante</strong></p>
<p style="text-align: left;">Todos nuestros productos de cuero están hechos a mano y su nuevo bolso de cuero puede estar sujeta a una variación natural en tamaño y color.</p>
<p style="text-align: left;">Las pieles utilizadas han sido procesadas y curtidas en una de las curtidurías más antiguas utilizando técnicas centenarias para dar al cuero acabado un aspecto antiguo / vintage.<br />
Para los tamaños, permita 1-2 cm diferencia debido a la medida manual.<br />
Las imágenes son 100% reales.<br />
Debido al monitor del ordenador y el brillo real de la toma y otras razones, habrá una cierta diferencia de color.</p>
<!-- AddThis Advanced Settings generic via filter on the_content --><!-- AddThis Share Buttons generic via filter on the_content -->

<div id="featurebullets_feature_div" class="celwidget" data-feature-name="featurebullets" data-csa-c-id="jy4ada-xcb2sb-7jg30r-mwh28s" data-cel-widget="featurebullets_feature_div">
<div id="feature-bullets" class="a-section a-spacing-medium a-spacing-top-small">
<p style="text-align: left;">Fajín de cuero con remaches en la correa en color plata, hebilla con incrustación de piedra ágata.</p>
<p style="text-align: left;">El cierre de hebilla artesanal que puedes ajustar a tu medida, por lo que sirve para todas las tallas.</p>
<p class="Standard" style="text-align: left;"> Mide 5 cm de ancho y un largo máximo de 110 cm lo puedes usar en la cintura o en las caderas</p>
<p class="Standard" style="text-align: left;">Es la mejor opción para llevarlo con tus pantalones, preferidos ya que le va a dar el toque que estás buscando en tu outfits más original.</p>
<p style="text-align: left;">Composición: Correa 100% cuero, Hebilla artesanal. <span style="font-size: 1.4rem;">Talla única.</span></p>
</div>
</div>
<h5 style="text-align: center;"><strong>¿Alguna duda? Ponte en contacto con nosotros a través del botón del chat directo por whatsApp y te resolveremos las dudas al instante!</strong></h5>
<p><!-- AddThis Advanced Settings generic via filter on get_the_excerpt --><!-- AddThis Share Buttons generic via filter on get_the_excerpt --></p>
