{"id":33214,"date":"2025-01-08T19:55:03","date_gmt":"2025-01-08T18:55:03","guid":{"rendered":"https:\/\/www.ibagsbelts.com\/tienda\/?post_type=product&#038;p=33214"},"modified":"2026-03-10T20:51:32","modified_gmt":"2026-03-10T19:51:32","slug":"bolso-boho-con-flecos-en-piel-artesanal-eugenia","status":"publish","type":"product","link":"https:\/\/www.ibagsbelts.com\/tienda\/producto\/bolso-boho-con-flecos-en-piel-artesanal-eugenia\/","title":{"rendered":"Bolso boho con flecos en piel artesanal Eugenia"},"content":{"rendered":"<p style=\"text-align: left;\"><span class=\"a-list-item\">Bolso mujer Clutch en piel con flecos color teja con decoraci\u00f3n de tachas y chap\u00f3n central realizado artesanalmente.<\/span><\/p>\n<p style=\"text-align: left;\"><span class=\"a-list-item\">Bolso dise\u00f1ado en Espa\u00f1a y fabricado en Marruecos. <\/span><\/p>\n<p style=\"text-align: left;\"><span class=\"a-list-item\">Forro interior con bolsillo. <\/span><\/p>\n<p style=\"text-align: left;\"><span class=\"a-list-item\">Piel muy suave de excelente calidad y muy agradable al tacto<\/span><\/p>\n<p style=\"text-align: left;\"><span class=\"a-list-item\">Bolso de estilo Ibiza, boho chic.<\/span><\/p>\n<p style=\"text-align: left;\"><strong>Aviso importante<\/strong><\/p>\n<p style=\"text-align: left;\">Todos nuestros productos de cuero puede estar sujeta a una variaci\u00f3n natural en tama\u00f1o y color.<\/p>\n<p style=\"text-align: left;\">Las pieles utilizadas han sido procesadas y curtidas en una de las curtidur\u00edas m\u00e1s antiguas utilizando t\u00e9cnicas centenarias para dar al cuero acabado un aspecto antiguo \/ vintage.<br \/>\nPara los tama\u00f1os, permita 1-2 cm diferencia debido a la medida manual.<br \/>\nLas im\u00e1genes son 100% reales.<br \/>\nDebido al monitor del ordenador y el brillo real de la toma y otras razones, habr\u00e1 una cierta diferencia de color.<\/p>\n<!-- AddThis Advanced Settings generic via filter on the_content --><!-- AddThis Share Buttons generic via filter on the_content -->","protected":false},"excerpt":{"rendered":"<p><span class=\"a-list-item\">Bolso mujer Clutch en piel de vacuno con flecos color teja con decoraci\u00f3n de tachas y chap\u00f3n central realizado artesanalmente multicolor<\/span><\/p>\n<p><span class=\"a-list-item\">Bolso dise\u00f1ado en Espa\u00f1a y fabricado en Marruecos. <\/span><span class=\"a-list-item\">Forro interior con bolsillo. <\/span><span class=\"a-list-item\">Piel muy suave de excelente calidad y muy agradable al tacto<\/span><\/p>\n<p><span class=\"a-list-item\">Bolso de estilo Ibiza, boho chic<\/span><\/p>\n<p>Dimensiones 30cm x 22cm<\/p>\n<h5><strong>\u00bfAlguna duda? Ponte en contacto con nosotros a trav\u00e9s del bot\u00f3n del chat directo por whatsApp y te resolveremos las dudas al instante!<\/strong><\/h5>\n<p><!-- AddThis Advanced Settings generic via filter on get_the_excerpt --><!-- AddThis Share Buttons generic via filter on get_the_excerpt --><\/p>\n","protected":false},"featured_media":33215,"comment_status":"open","ping_status":"closed","template":"","meta":{"om_disable_all_campaigns":false,"_monsterinsights_skip_tracking":false,"_monsterinsights_sitenote_active":false,"_monsterinsights_sitenote_note":"","_monsterinsights_sitenote_category":0,"_uf_show_specific_survey":0,"_uf_disable_surveys":false},"product_brand":[1217],"product_cat":[240],"product_tag":[1135,301,877,736,737,266,1020,305,777,316,778,313,329,255,779,1153,1050,281,1049,749,744,746,1129],"class_list":{"0":"post-33214","1":"product","2":"type-product","3":"status-publish","4":"has-post-thumbnail","6":"product_brand-ibags-belts","7":"product_cat-bolsos-bandoleras-de-cuero-artesanal","8":"product_tag-accesorios-y-complementos","9":"product_tag-bandolera","10":"product_tag-bandoleras","11":"product_tag-boho","12":"product_tag-bohochic","13":"product_tag-bolso-bohemian-bolso-cuero-repujado-bolsos-cuero-retro-bolso-shopper-cuero-bolso-cuero-trenzado-bolso-cuero-troquelado","14":"product_tag-bolso-boho","15":"product_tag-bolso-cuero-artesanal","16":"product_tag-bolso-cuero-bandoleras","17":"product_tag-bolso-cuero-con-tachuelas","18":"product_tag-bolso-cuero-de-vaca","19":"product_tag-bolso-cuero-hecho-a-mano","20":"product_tag-bolso-cuero-hippie","21":"product_tag-bolso-cuero-mujer","22":"product_tag-bolso-de-cuero-artesanal","23":"product_tag-bolso-de-mano","24":"product_tag-bolso-remaches","25":"product_tag-bolso-bohemian-bolso-cuero-para-hombre-bolso-cuero-repujado-bolsos-cuero-retro-bolso-shopper-cuero-bolso-cuero-trenzado-bolso-cuero-troquelado-bolso-cuero-vaca-bolso-cuero-viaje-hombre","26":"product_tag-bolsos-remaches","27":"product_tag-clutch","28":"product_tag-estilo-bohochic","29":"product_tag-estilo-hippiechic","30":"product_tag-tachas","32":"first","33":"instock","34":"shipping-taxable","35":"purchasable","36":"product-type-simple","37":"add-to-wishlist-after_add_to_cart","38":"layout-style-1","39":"col-md-4 col-sm-4 col-xs-6","40":"col-lg-3","41":"product-has-gallery","42":"product-style-default"},"aioseo_notices":[],"_links":{"self":[{"href":"https:\/\/www.ibagsbelts.com\/tienda\/wp-json\/wp\/v2\/product\/33214","targetHints":{"allow":["GET"]}}],"collection":[{"href":"https:\/\/www.ibagsbelts.com\/tienda\/wp-json\/wp\/v2\/product"}],"about":[{"href":"https:\/\/www.ibagsbelts.com\/tienda\/wp-json\/wp\/v2\/types\/product"}],"replies":[{"embeddable":true,"href":"https:\/\/www.ibagsbelts.com\/tienda\/wp-json\/wp\/v2\/comments?post=33214"}],"wp:featuredmedia":[{"embeddable":true,"href":"https:\/\/www.ibagsbelts.com\/tienda\/wp-json\/wp\/v2\/media\/33215"}],"wp:attachment":[{"href":"https:\/\/www.ibagsbelts.com\/tienda\/wp-json\/wp\/v2\/media?parent=33214"}],"wp:term":[{"taxonomy":"product_brand","embeddable":true,"href":"https:\/\/www.ibagsbelts.com\/tienda\/wp-json\/wp\/v2\/product_brand?post=33214"},{"taxonomy":"product_cat","embeddable":true,"href":"https:\/\/www.ibagsbelts.com\/tienda\/wp-json\/wp\/v2\/product_cat?post=33214"},{"taxonomy":"product_tag","embeddable":true,"href":"https:\/\/www.ibagsbelts.com\/tienda\/wp-json\/wp\/v2\/product_tag?post=33214"}],"curies":[{"name":"wp","href":"https:\/\/api.w.org\/{rel}","templated":true}]}}