{"id":33731,"date":"2025-02-08T23:03:13","date_gmt":"2025-02-08T22:03:13","guid":{"rendered":"https:\/\/www.ibagsbelts.com\/tienda\/?post_type=product&#038;p=33731"},"modified":"2026-03-09T23:01:12","modified_gmt":"2026-03-09T22:01:12","slug":"rinonera-negra-de-cuero-luna","status":"publish","type":"product","link":"https:\/\/www.ibagsbelts.com\/tienda\/producto\/rinonera-negra-de-cuero-luna\/","title":{"rendered":"Ri\u00f1onera negra de cuero Luna"},"content":{"rendered":"<p style=\"text-align: left;\"><span class=\"a-list-item\">Bolso de cintura con bolsillo en la parte frontal, cierre con im\u00e1n, muy espacioso. Tiene un bolsillo adicional con cierres de cremallera en la parte de \u00e1tras.<\/span><\/p>\n<p style=\"text-align: left;\"><span class=\"a-list-item\">Gran capacidad para los art\u00edculos personales de uso diario: tel\u00e9fono m\u00f3vil, llaves, monedero, auriculares.<\/span><\/p>\n<p style=\"text-align: left;\"><span class=\"a-list-item\">Cintur\u00f3n ajustable, de cuero con hebilla cowboy. Su longitud m\u00e1xima (130 cm) permite m\u00faltiples posiciones: colocaci\u00f3n en cintura, de lado, en diagonal sobre el pecho, a modo de bandolera\u2026\u00a0 Cierre de hebilla.<\/span><\/p>\n<p style=\"text-align: left;\"><span class=\"a-list-item\">Multi funci\u00f3n: \u00fatil tanto para la vida urbanita como para practicar actividades al aire libre.<\/span><\/p>\n<p style=\"text-align: left;\"><strong>Aviso importante<\/strong><\/p>\n<p style=\"text-align: left;\">Todos nuestros productos de cuero est\u00e1n hechos a mano y su nueva bolsa de cuero puede estar sujeta a una variaci\u00f3n natural en tama\u00f1o y color.<br \/>\nPara los tama\u00f1os, permita 1-2 cm difiere debido a la medida manual.<br \/>\nLas im\u00e1genes son 100% reales.<br \/>\nDebido al monitor del ordenador y el brillo real de la toma y otras razones, habr\u00e1 una cierta diferencia de color.<\/p>\n<!-- AddThis Advanced Settings generic via filter on the_content --><!-- AddThis Share Buttons generic via filter on the_content -->","protected":false},"excerpt":{"rendered":"<p><span class=\"a-list-item\">Bolso de cintura con doble bolsillo en la parte frontal, decoraci\u00f3n con mostacillas de cristal y bordados hechos a mano e incrustaci\u00f3n en la parte central. Muy espacioso. Cierres de cremallera en todos sus bolsillos.<\/span><\/p>\n<p><span class=\"a-list-item\">Gran capacidad para los art\u00edculos personales de uso diario: tel\u00e9fono m\u00f3vil, llaves, monedero, auriculares.<\/span><\/p>\n<p><span class=\"a-list-item\">Cintur\u00f3n ajustable, de cuero con hebilla cowboy. Su longitud m\u00e1xima (130 cm) permite m\u00faltiples posiciones: colocaci\u00f3n en cintura, de lado, en diagonal sobre el pecho, a modo de bandolera\u2026 Cierre de hebilla.<\/span><\/p>\n<p><span class=\"a-list-item\">Multi funci\u00f3n: \u00fatil tanto para la vida urbanita como para practicar actividades al aire libre.<\/span><\/p>\n<h5><b>\u00bfAlguna duda? Ponte en contacto con nosotros a trav\u00e9s del bot\u00f3n del chat directo por WhatsApp y te resolveremos las dudas al instante!<\/b><\/h5>\n<p><!-- AddThis Advanced Settings generic via filter on get_the_excerpt --><!-- AddThis Share Buttons generic via filter on get_the_excerpt --><\/p>\n","protected":false},"featured_media":33732,"comment_status":"open","ping_status":"closed","template":"","meta":{"om_disable_all_campaigns":false,"_monsterinsights_skip_tracking":false,"_monsterinsights_sitenote_active":false,"_monsterinsights_sitenote_note":"","_monsterinsights_sitenote_category":0,"_uf_show_specific_survey":0,"_uf_disable_surveys":false},"product_brand":[1217],"product_cat":[950],"product_tag":[1135,1026,1138,299,305,315,329,314,317,1089,746,738,795,793],"class_list":{"0":"post-33731","1":"product","2":"type-product","3":"status-publish","4":"has-post-thumbnail","6":"product_brand-ibags-belts","7":"product_cat-rinoneras","8":"product_tag-accesorios-y-complementos","9":"product_tag-animal-print","10":"product_tag-bolso-cintura","11":"product_tag-bolso-cuero","12":"product_tag-bolso-cuero-artesanal","13":"product_tag-bolso-cuero-artesano","14":"product_tag-bolso-cuero-hippie","15":"product_tag-bolso-cuero-pelo-vaca","16":"product_tag-bolsos-cuero-potro","17":"product_tag-cinturon-piel","18":"product_tag-estilo-hippiechic","19":"product_tag-hippie","20":"product_tag-rinonera-cuero","21":"product_tag-rinoneras","23":"first","24":"instock","25":"shipping-taxable","26":"purchasable","27":"product-type-simple","28":"add-to-wishlist-after_add_to_cart","29":"layout-style-1","30":"col-md-4 col-sm-4 col-xs-6","31":"col-lg-3","32":"product-has-gallery","33":"product-style-default"},"aioseo_notices":[],"_links":{"self":[{"href":"https:\/\/www.ibagsbelts.com\/tienda\/wp-json\/wp\/v2\/product\/33731","targetHints":{"allow":["GET"]}}],"collection":[{"href":"https:\/\/www.ibagsbelts.com\/tienda\/wp-json\/wp\/v2\/product"}],"about":[{"href":"https:\/\/www.ibagsbelts.com\/tienda\/wp-json\/wp\/v2\/types\/product"}],"replies":[{"embeddable":true,"href":"https:\/\/www.ibagsbelts.com\/tienda\/wp-json\/wp\/v2\/comments?post=33731"}],"wp:featuredmedia":[{"embeddable":true,"href":"https:\/\/www.ibagsbelts.com\/tienda\/wp-json\/wp\/v2\/media\/33732"}],"wp:attachment":[{"href":"https:\/\/www.ibagsbelts.com\/tienda\/wp-json\/wp\/v2\/media?parent=33731"}],"wp:term":[{"taxonomy":"product_brand","embeddable":true,"href":"https:\/\/www.ibagsbelts.com\/tienda\/wp-json\/wp\/v2\/product_brand?post=33731"},{"taxonomy":"product_cat","embeddable":true,"href":"https:\/\/www.ibagsbelts.com\/tienda\/wp-json\/wp\/v2\/product_cat?post=33731"},{"taxonomy":"product_tag","embeddable":true,"href":"https:\/\/www.ibagsbelts.com\/tienda\/wp-json\/wp\/v2\/product_tag?post=33731"}],"curies":[{"name":"wp","href":"https:\/\/api.w.org\/{rel}","templated":true}]}}