{"id":34011,"date":"2025-02-23T16:36:17","date_gmt":"2025-02-23T15:36:17","guid":{"rendered":"https:\/\/www.ibagsbelts.com\/tienda\/?post_type=product&#038;p=34011"},"modified":"2026-03-09T22:27:55","modified_gmt":"2026-03-09T21:27:55","slug":"bolso-capazo-mimbre-mini-para-flores","status":"publish","type":"product","link":"https:\/\/www.ibagsbelts.com\/tienda\/producto\/bolso-capazo-mimbre-mini-para-flores\/","title":{"rendered":"Bolso capazo mimbre mini para flores"},"content":{"rendered":"<p style=\"text-align: left;\"><span class=\"a-list-item\">Bolso capazo mimbre mini para flores con asa fabricada con materiales de primera calidad\u00a0 y con acabados garantiza su exclusividad. Producto artesanal.<\/span><\/p>\n<p style=\"text-align: left;\"><span class=\"a-list-item\">Sus medidas aproximadas son 10x18x16 cm. A tener en cuenta: Cestas hechas a mano a partir de materiales vegetales naturales. Al ser un producto artesano las medidas pueden variar un poco. Cada canasta es \u00fanica en detalle. El mimbre y la cester\u00eda son tendencia todos los Veranos.<\/span><\/p>\n<p style=\"text-align: left;\"><span class=\"a-list-item\">Bolso tipo cesta de paja. Asas peque\u00f1as de yute para poder llevarla c\u00f3modamente de mano<\/span><\/p>\n<p style=\"text-align: left;\"><span class=\"a-list-item\">La cesta tipo r\u00fastica tejida con rafia. Es un capazo mini para decoraci\u00f3n. <\/span><\/p>\n<p style=\"text-align: left;\"><strong>Aviso importante<\/strong><\/p>\n<p style=\"text-align: left;\">Todos nuestros productos de cuero puede estar sujeta a una variaci\u00f3n natural en tama\u00f1o y color.<\/p>\n<p style=\"text-align: left;\">Las pieles utilizadas han sido procesadas y curtidas en una de las curtidoras m\u00e1s antiguas utilizando t\u00e9cnicas centenarias para dar al cuero acabado un aspecto antiguo \/ vintage.<br \/>\nPara los tama\u00f1os, permita 1-2 cm diferencia debido a la medida manual.<br \/>\nLas im\u00e1genes son 100% reales.<br \/>\nDebido al monitor del ordenador y el brillo real de la toma y otras razones, habr\u00e1 una cierta diferencia de color<\/p>\n<!-- AddThis Advanced Settings generic via filter on the_content --><!-- AddThis Share Buttons generic via filter on the_content -->","protected":false},"excerpt":{"rendered":"<p style=\"text-align: left;\"><span class=\"a-list-item\">Bolsa de Playa o decoraci\u00f3n con asa fabricada con materiales naturales\u00a0 y con acabados en piel garantiza su exclusividad. Producto artesanal.<\/span><\/p>\n<p style=\"text-align: left;\"><span class=\"a-list-item\">Sus medidas aproximadas son 10x18x16 cm. A tener en cuenta: Cestas hechas a mano a partir de materiales vegetales naturales. Al ser un producto artesano las medidas pueden variar un poco. Cada canasta es \u00fanica en detalle. El mimbre y la cester\u00eda son tendencia todos los Veranos.<\/span><\/p>\n<p style=\"text-align: left;\"><span class=\"a-list-item\">Capazo mimbre de mujer seguro, c\u00f3modo y pr\u00e1ctico. Bolso tipo cesta de paja. Asas peque\u00f1as de yute para poder llevarla c\u00f3modamente de mano<\/span><\/p>\n<p style=\"text-align: left;\"><span class=\"a-list-item\">La cesta tipo r\u00fastica tejida con rafia. Es un capazo mini para decoraci\u00f3n.<\/span><\/p>\n<div class=\"woocommerce-product-details__short-description\">\n<h5><strong>\u00bfAlguna duda? Ponte en contacto con nosotros a trav\u00e9s del bot\u00f3n del chat directo por whatsApp y te resolveremos las dudas al instante!<\/strong><\/h5>\n<\/div>\n<p><!-- AddThis Advanced Settings generic via filter on get_the_excerpt --><!-- AddThis Share Buttons generic via filter on get_the_excerpt --><\/p>\n","protected":false},"featured_media":34014,"comment_status":"open","ping_status":"closed","template":"","meta":{"om_disable_all_campaigns":false,"_monsterinsights_skip_tracking":false,"_monsterinsights_sitenote_active":false,"_monsterinsights_sitenote_note":"","_monsterinsights_sitenote_category":0,"_uf_show_specific_survey":0,"_uf_disable_surveys":false},"product_brand":[1217],"product_cat":[1297],"product_tag":[736,737,303,305,1069,743,744,745,746,1212,1216],"class_list":{"0":"post-34011","1":"product","2":"type-product","3":"status-publish","4":"has-post-thumbnail","6":"product_brand-ibags-belts","7":"product_cat-cestas-mimbre","8":"product_tag-boho","9":"product_tag-bohochic","10":"product_tag-bolso-bohemian","11":"product_tag-bolso-cuero-artesanal","12":"product_tag-capazo","13":"product_tag-estilo-boho","14":"product_tag-estilo-bohochic","15":"product_tag-estilo-hippie","16":"product_tag-estilo-hippiechic","17":"product_tag-mimbre","18":"product_tag-paja","19":"product_shipping_class-envio-mayor","21":"first","22":"instock","23":"shipping-taxable","24":"purchasable","25":"product-type-simple","26":"add-to-wishlist-after_add_to_cart","27":"layout-style-1","28":"col-md-4 col-sm-4 col-xs-6","29":"col-lg-3","30":"product-has-gallery","31":"product-style-default"},"aioseo_notices":[],"_links":{"self":[{"href":"https:\/\/www.ibagsbelts.com\/tienda\/wp-json\/wp\/v2\/product\/34011","targetHints":{"allow":["GET"]}}],"collection":[{"href":"https:\/\/www.ibagsbelts.com\/tienda\/wp-json\/wp\/v2\/product"}],"about":[{"href":"https:\/\/www.ibagsbelts.com\/tienda\/wp-json\/wp\/v2\/types\/product"}],"replies":[{"embeddable":true,"href":"https:\/\/www.ibagsbelts.com\/tienda\/wp-json\/wp\/v2\/comments?post=34011"}],"wp:featuredmedia":[{"embeddable":true,"href":"https:\/\/www.ibagsbelts.com\/tienda\/wp-json\/wp\/v2\/media\/34014"}],"wp:attachment":[{"href":"https:\/\/www.ibagsbelts.com\/tienda\/wp-json\/wp\/v2\/media?parent=34011"}],"wp:term":[{"taxonomy":"product_brand","embeddable":true,"href":"https:\/\/www.ibagsbelts.com\/tienda\/wp-json\/wp\/v2\/product_brand?post=34011"},{"taxonomy":"product_cat","embeddable":true,"href":"https:\/\/www.ibagsbelts.com\/tienda\/wp-json\/wp\/v2\/product_cat?post=34011"},{"taxonomy":"product_tag","embeddable":true,"href":"https:\/\/www.ibagsbelts.com\/tienda\/wp-json\/wp\/v2\/product_tag?post=34011"}],"curies":[{"name":"wp","href":"https:\/\/api.w.org\/{rel}","templated":true}]}}