{"id":34156,"date":"2025-03-14T20:16:58","date_gmt":"2025-03-14T19:16:58","guid":{"rendered":"https:\/\/www.ibagsbelts.com\/tienda\/?post_type=product&#038;p=34156"},"modified":"2026-03-09T22:08:52","modified_gmt":"2026-03-09T21:08:52","slug":"mochila-quequena-con-sol-de-cuero-laila","status":"publish","type":"product","link":"https:\/\/www.ibagsbelts.com\/tienda\/producto\/mochila-quequena-con-sol-de-cuero-laila\/","title":{"rendered":"Mochila peque\u00f1a con sol de cuero Laila"},"content":{"rendered":"<p style=\"text-align: left;\">La descripci\u00f3n de la mochila es encantadora. Aqu\u00ed tienes un resumen de las caracter\u00edsticas clave:<\/p>\n<ol style=\"text-align: left;\">\n<li><strong>Dise\u00f1o Atractivo:<\/strong>\n<ul>\n<li><strong>Sol en Cuero:<\/strong> Un detalle distintivo y atractivo.<\/li>\n<li><strong>Realizada a Mano:<\/strong> Enfatiza la artesan\u00eda y calidad.<\/li>\n<\/ul>\n<\/li>\n<li><strong>Cierre Seguro:<\/strong>\n<ul>\n<li><strong>Cierre con Cord\u00f3n de Cuero y Solapa con Hebilla:<\/strong> Ofrece seguridad y estilo.<\/li>\n<\/ul>\n<\/li>\n<li><strong>Bolsillos para Organizaci\u00f3n:<\/strong>\n<ul>\n<li><strong>Bolsillo con Cremallera en la Parte Posterior:<\/strong> Para art\u00edculos de acceso r\u00e1pido o seguridad adicional.<\/li>\n<li><strong>Dos Cierres Frontales:<\/strong> Agregan un toque original y pueden proporcionar acceso r\u00e1pido.<\/li>\n<\/ul>\n<\/li>\n<li><strong>Interior Pr\u00e1ctico:<\/strong>\n<ul>\n<li><strong>Forro Interior:<\/strong> A\u00f1ade durabilidad y un toque de calidad.<\/li>\n<\/ul>\n<\/li>\n<li><strong>Dimensiones Adecuadas:<\/strong>\n<ul>\n<li><strong>Medidas 25 cm x 24 cm x 10 cm:<\/strong> Un tama\u00f1o vers\u00e1til y pr\u00e1ctico.<\/li>\n<\/ul>\n<\/li>\n<\/ol>\n<p style=\"text-align: left;\">Esta mochila parece ser una opci\u00f3n elegante y funcional. Si tienes alguna pregunta adicional o si hay m\u00e1s detalles espec\u00edficos que te gustar\u00eda conocer, no dudes en preguntar. \u00a1Listo para llevar el sol contigo!<\/p>\n<p style=\"text-align: left;\"><strong>Aviso importante<\/strong><\/p>\n<p style=\"text-align: left;\">Todos nuestros productos de cuero est\u00e1n hechos a mano y su nueva bolsa de cuero puede estar sujeta a una variaci\u00f3n natural en tama\u00f1o y color.<br \/>\nPara los tama\u00f1os, permita 1-2 cm difiere debido a la medida manual.<br \/>\nLas im\u00e1genes son 100% reales.<br \/>\nDebido al monitor del ordenador y el brillo real de la toma y otras razones, habr\u00e1 una cierta diferencia de color.<\/p>\n<!-- AddThis Advanced Settings generic via filter on the_content --><!-- AddThis Share Buttons generic via filter on the_content -->","protected":false},"excerpt":{"rendered":"<p style=\"text-align: center;\">!QUE MOCHILA!<\/p>\n<p style=\"text-align: center;\">Por el dise\u00f1o del sol en cuero\u00a0 la hace mas atractiva ya que todos nuestros productos est\u00e1n realizados a mano,\u00a0cierre con cord\u00f3n de cuero y solapa con hebilla en la parte\u00a0 posterior tiene un bolsillo con cremallera. Sus dos cierre frontales le da un toque original.<\/p>\n<p style=\"text-align: center;\">Forro interior. Medidas 24 cm de alto x 25 cm largo 10 cm ancho<\/p>\n<h5 style=\"text-align: center;\"><strong>\u00bfAlguna duda? Ponte en contacto con nosotros a trav\u00e9s del bot\u00f3n del chat directo por whatsApp y te resolveremos las dudas al instante!<\/strong><\/h5>\n<p><!-- AddThis Advanced Settings generic via filter on get_the_excerpt --><!-- AddThis Share Buttons generic via filter on get_the_excerpt --><\/p>\n","protected":false},"featured_media":856,"comment_status":"open","ping_status":"closed","template":"","meta":{"om_disable_all_campaigns":false,"_monsterinsights_skip_tracking":false,"_monsterinsights_sitenote_active":false,"_monsterinsights_sitenote_note":"","_monsterinsights_sitenote_category":0,"_uf_show_specific_survey":0,"_uf_disable_surveys":false},"product_brand":[1217],"product_cat":[243,399],"product_tag":[1135,1096,744,745,746,275,322,310,269,347,325,1102],"class_list":{"0":"post-34156","1":"product","2":"type-product","3":"status-publish","4":"has-post-thumbnail","6":"product_brand-ibags-belts","7":"product_cat-mochilas","8":"product_cat-mochilas-pequenas","9":"product_tag-accesorios-y-complementos","10":"product_tag-artesania","11":"product_tag-estilo-bohochic","12":"product_tag-estilo-hippie","13":"product_tag-estilo-hippiechic","14":"product_tag-mochila-de-cuero-para-hombre-bolso-de-cuero-para-mujer-bolso-de-cuero-hecho-a-mano-bolso-cuero-grabado-bolso-cuero-hombre-artesanal-bolso-cuero-hecho-a-mano-bolsos-cuero-y-kilim","15":"product_tag-mochila-clasica-marroqui","16":"product_tag-mochila-cuero","17":"product_tag-bolso-de-cuero-para-hombre-bolso-de-cuero-para-mujer-bolso-de-cuero-hecho-a-mano-bolso-cuero-grabado-bolso-cuero-hombre-artesanal-bolso-cuero-hecho-a-mano-bolsos-cuero-y-kilim-bolso-cuero-mochila","18":"product_tag-mochila-hecho-a-mano","19":"product_tag-mochilas","20":"product_tag-piel","22":"first","23":"instock","24":"shipping-taxable","25":"purchasable","26":"product-type-variable","27":"add-to-wishlist-after_add_to_cart","28":"layout-style-1","29":"col-md-4 col-sm-4 col-xs-6","30":"col-lg-3","31":"product-has-gallery","32":"product-style-default"},"aioseo_notices":[],"_links":{"self":[{"href":"https:\/\/www.ibagsbelts.com\/tienda\/wp-json\/wp\/v2\/product\/34156","targetHints":{"allow":["GET"]}}],"collection":[{"href":"https:\/\/www.ibagsbelts.com\/tienda\/wp-json\/wp\/v2\/product"}],"about":[{"href":"https:\/\/www.ibagsbelts.com\/tienda\/wp-json\/wp\/v2\/types\/product"}],"replies":[{"embeddable":true,"href":"https:\/\/www.ibagsbelts.com\/tienda\/wp-json\/wp\/v2\/comments?post=34156"}],"wp:featuredmedia":[{"embeddable":true,"href":"https:\/\/www.ibagsbelts.com\/tienda\/wp-json\/wp\/v2\/media\/856"}],"wp:attachment":[{"href":"https:\/\/www.ibagsbelts.com\/tienda\/wp-json\/wp\/v2\/media?parent=34156"}],"wp:term":[{"taxonomy":"product_brand","embeddable":true,"href":"https:\/\/www.ibagsbelts.com\/tienda\/wp-json\/wp\/v2\/product_brand?post=34156"},{"taxonomy":"product_cat","embeddable":true,"href":"https:\/\/www.ibagsbelts.com\/tienda\/wp-json\/wp\/v2\/product_cat?post=34156"},{"taxonomy":"product_tag","embeddable":true,"href":"https:\/\/www.ibagsbelts.com\/tienda\/wp-json\/wp\/v2\/product_tag?post=34156"}],"curies":[{"name":"wp","href":"https:\/\/api.w.org\/{rel}","templated":true}]}}