{"id":34451,"date":"2025-04-18T21:31:06","date_gmt":"2025-04-18T19:31:06","guid":{"rendered":"https:\/\/www.ibagsbelts.com\/tienda\/?post_type=product&#038;p=34451"},"modified":"2026-04-15T20:21:27","modified_gmt":"2026-04-15T18:21:27","slug":"bolso-beige-de-cuero-con-herrajes-dorados-alisson","status":"publish","type":"product","link":"https:\/\/www.ibagsbelts.com\/tienda\/producto\/bolso-beige-de-cuero-con-herrajes-dorados-alisson\/","title":{"rendered":"Bolso beige de cuero con herrajes dorados Alisson"},"content":{"rendered":"<p class=\"p1\" style=\"text-align: left;\">Este elegante bolso bandolera<b>\u00a0<\/b>est\u00e1 fabricado con piel de alta calidad, lo que garantiza una larga durabilidad y un acabado lujoso. Su dise\u00f1o sofisticado incluye un lazo decorativo que le aporta un toque \u00fanico y estilizado, ideal para mujeres que buscan elegancia y funcionalidad en un solo accesorio.<\/p>\n<p class=\"p1\" style=\"text-align: left;\"><b>Elegancia y Versatilidad<\/b><\/p>\n<p class=\"p1\" style=\"text-align: left;\">Este bolso combina dise\u00f1o sofisticado con funcionalidad moderna. Confeccionado en 100% cuero genuino, es ideal para quienes buscan un accesorio elegante y duradero que se adapte a cualquier ocasi\u00f3n.<\/p>\n<p class=\"p1\" style=\"text-align: left;\"><b>Caracter\u00edsticas principales:<\/b><\/p>\n<p class=\"p1\" style=\"text-align: left;\">\u2022Material: 100% cuero genuino<\/p>\n<p class=\"p1\" style=\"text-align: left;\">\u2022Herrajes met\u00e1licos en color dorado<\/p>\n<p class=\"p1\" style=\"text-align: left;\">\u2022Forro interior de algod\u00f3n suave<\/p>\n<p class=\"p1\" style=\"text-align: left;\">\u2022Dimensiones: 38 cm (ancho) x 23 cm (alto) x 14 cm (profundidad)<\/p>\n<p class=\"p1\" style=\"text-align: left;\">\u2022Altura del asa: 18 cm<\/p>\n<p class=\"p1\" style=\"text-align: left;\">\u2022Cierre superior con cremallera<\/p>\n<p class=\"p1\" style=\"text-align: left;\">\u2022Interior con un compartimento amplio y un bolsillo con cremallera<\/p>\n<p class=\"p1\" style=\"text-align: left;\">\u2022Incluye correa de cuero extra\u00edble y ajustable (hasta 100 cm), para llevarlo al hombro o cruzado<\/p>\n<p class=\"p3\" style=\"text-align: left;\">Un bolso que destaca por su calidad, estilo y practicidad. Perfecto para el d\u00eda a d\u00eda o para elevar cualquier conjunto con un toque de distinci\u00f3n.<\/p>\n<div class=\"woocommerce-tabs wc-tabs-wrapper\">\n<div id=\"tab-description\" class=\"woocommerce-Tabs-panel woocommerce-Tabs-panel--description panel entry-content wc-tab\" role=\"tabpanel\" aria-labelledby=\"tab-title-description\">\n<div class=\"container\">\n<p style=\"text-align: left;\"><strong>Aviso importante<\/strong><\/p>\n<p style=\"text-align: left;\">Todos nuestros productos de cuero est\u00e1n hechos a mano y su nueva bolsa de cuero puede estar sujeta a una variaci\u00f3n natural en tama\u00f1o y color.<br \/>\nPara los tama\u00f1os, permita 1-2 cm difiere debido a la medida manual.<br \/>\nLas im\u00e1genes son 100% reales.<br \/>\nDebido al monitor del ordenador y el brillo real de la toma y otras razones, habr\u00e1 una cierta diferencia de color.<\/p>\n<\/div>\n<\/div>\n<\/div>\n<!-- AddThis Advanced Settings generic via filter on the_content --><!-- AddThis Share Buttons generic via filter on the_content -->","protected":false},"excerpt":{"rendered":"<p class=\"p1\" style=\"text-align: left;\"><b>\u2013 Elegancia y Versatilidad<\/b><\/p>\n<p class=\"p1\" style=\"text-align: left;\">Este bolso combina dise\u00f1o sofisticado con funcionalidad moderna. Confeccionado en 100% cuero genuino de textura flotada, es ideal para quienes buscan un accesorio elegante y duradero que se adapte a cualquier ocasi\u00f3n.<\/p>\n<p class=\"p1\" style=\"text-align: left;\"><b>Caracter\u00edsticas principales:<\/b><\/p>\n<p class=\"p1\" style=\"text-align: left;\">\u2022Material: 100% cuero genuino<\/p>\n<p class=\"p1\" style=\"text-align: left;\">\u2022Herrajes met\u00e1licos en color dorado<\/p>\n<p class=\"p1\" style=\"text-align: left;\">\u2022Forro interior de algod\u00f3n suave<\/p>\n<p class=\"p1\" style=\"text-align: left;\">\u2022Dimensiones: 38 cm (ancho) x 23 cm (alto) x 14 cm (profundidad)<\/p>\n<p class=\"p1\" style=\"text-align: left;\">\u2022Altura del asa: 18 cm<\/p>\n<p class=\"p1\" style=\"text-align: left;\">\u2022Cierre superior con cremallera<\/p>\n<p class=\"p1\" style=\"text-align: left;\">\u2022Interior con un compartimento amplio y un bolsillo con cremallera<\/p>\n<p class=\"p1\" style=\"text-align: left;\">\u2022Incluye correa de cuero extra\u00edble y ajustable (hasta 100 cm), para llevarlo al hombro o cruzado<\/p>\n<p class=\"p3\" style=\"text-align: left;\">Un bolso que destaca por su calidad, estilo y practicidad. Perfecto para el d\u00eda a d\u00eda o para elevar cualquier conjunto con un toque de distinci\u00f3n.<\/p>\n<h5 style=\"text-align: center;\"><strong>\u00bfAlguna duda? Ponte en contacto con nosotros a trav\u00e9s del bot\u00f3n del chat directo por whatsApp y te resolveremos las dudas al instante!<\/strong><\/h5>\n<p><!-- AddThis Advanced Settings generic via filter on get_the_excerpt --><!-- AddThis Share Buttons generic via filter on get_the_excerpt --><\/p>\n","protected":false},"featured_media":34452,"comment_status":"open","ping_status":"closed","template":"","meta":{"om_disable_all_campaigns":false,"_monsterinsights_skip_tracking":false,"_monsterinsights_sitenote_active":false,"_monsterinsights_sitenote_note":"","_monsterinsights_sitenote_category":0,"_uf_show_specific_survey":0,"_uf_disable_surveys":false},"product_brand":[1217],"product_cat":[240,757,40],"product_tag":[1135,301,877,266,299,255,823,1036,727,905,753,1102],"class_list":{"0":"post-34451","1":"product","2":"type-product","3":"status-publish","4":"has-post-thumbnail","6":"product_brand-ibags-belts","7":"product_cat-bolsos-bandoleras-de-cuero-artesanal","8":"product_cat-bolso-clutch","9":"product_cat-bolsos-de-hombro","10":"product_tag-accesorios-y-complementos","11":"product_tag-bandolera","12":"product_tag-bandoleras","13":"product_tag-bolso-bohemian-bolso-cuero-repujado-bolsos-cuero-retro-bolso-shopper-cuero-bolso-cuero-trenzado-bolso-cuero-troquelado","14":"product_tag-bolso-cuero","15":"product_tag-bolso-cuero-mujer","16":"product_tag-bolso-piel","17":"product_tag-bolso-piel-italiano","18":"product_tag-bolsos-bandoleras-cuero","19":"product_tag-casual","20":"product_tag-complementos-de-cuero","21":"product_tag-piel","23":"first","24":"instock","25":"shipping-taxable","26":"purchasable","27":"product-type-simple","28":"add-to-wishlist-after_add_to_cart","29":"layout-style-1","30":"col-md-4 col-sm-4 col-xs-6","31":"col-lg-3","32":"product-has-gallery","33":"product-style-default"},"aioseo_notices":[],"_links":{"self":[{"href":"https:\/\/www.ibagsbelts.com\/tienda\/wp-json\/wp\/v2\/product\/34451","targetHints":{"allow":["GET"]}}],"collection":[{"href":"https:\/\/www.ibagsbelts.com\/tienda\/wp-json\/wp\/v2\/product"}],"about":[{"href":"https:\/\/www.ibagsbelts.com\/tienda\/wp-json\/wp\/v2\/types\/product"}],"replies":[{"embeddable":true,"href":"https:\/\/www.ibagsbelts.com\/tienda\/wp-json\/wp\/v2\/comments?post=34451"}],"wp:featuredmedia":[{"embeddable":true,"href":"https:\/\/www.ibagsbelts.com\/tienda\/wp-json\/wp\/v2\/media\/34452"}],"wp:attachment":[{"href":"https:\/\/www.ibagsbelts.com\/tienda\/wp-json\/wp\/v2\/media?parent=34451"}],"wp:term":[{"taxonomy":"product_brand","embeddable":true,"href":"https:\/\/www.ibagsbelts.com\/tienda\/wp-json\/wp\/v2\/product_brand?post=34451"},{"taxonomy":"product_cat","embeddable":true,"href":"https:\/\/www.ibagsbelts.com\/tienda\/wp-json\/wp\/v2\/product_cat?post=34451"},{"taxonomy":"product_tag","embeddable":true,"href":"https:\/\/www.ibagsbelts.com\/tienda\/wp-json\/wp\/v2\/product_tag?post=34451"}],"curies":[{"name":"wp","href":"https:\/\/api.w.org\/{rel}","templated":true}]}}