{"id":34899,"date":"2025-05-21T23:37:38","date_gmt":"2025-05-21T21:37:38","guid":{"rendered":"https:\/\/www.ibagsbelts.com\/tienda\/?post_type=product&#038;p=34899"},"modified":"2026-03-09T20:05:52","modified_gmt":"2026-03-09T19:05:52","slug":"bolso-saco-de-palma-trenzada-y-cuero","status":"publish","type":"product","link":"https:\/\/www.ibagsbelts.com\/tienda\/producto\/bolso-saco-de-palma-trenzada-y-cuero\/","title":{"rendered":"Bolso saco de palma trenzada y cuero"},"content":{"rendered":"<p class=\"p1\" style=\"text-align: left;\">Este bolso de inspiraci\u00f3n vintage es el accesorio ideal para elevar tus looks m\u00e1s frescos. Su dise\u00f1o saco y atemporal, con cierre con cordones, aporta un aire sofisticado y natural.<\/p>\n<p class=\"p1\" style=\"text-align: left;\">Aunque compacto, ofrece el espacio justo para tus esenciales del d\u00eda a d\u00eda. El interior est\u00e1 completamente forrado e incluye un pr\u00e1ctico bolsillo con cremallera.<\/p>\n<p class=\"p1\" style=\"text-align: left;\">La asa larga e intercambiable permite llevarlo c\u00f3modamente al hombro o cruzado.<\/p>\n<p class=\"p1\" style=\"text-align: left;\"><b>Dimensiones:<\/b> Alto: 21 cm Largo 20 cm\u00a0 Fondo 13cm<\/p>\n<p class=\"p1\" style=\"text-align: left;\"><b>Materiales:<\/b> Palma trenzada + cuero 100%<\/p>\n<p class=\"p1\" style=\"text-align: left;\">Hecho con materiales naturales y un acabado artesanal, ideal para quienes valoran la moda sostenible y con car\u00e1cter.<\/p>\n<p style=\"text-align: left;\"><strong>Aviso importante<\/strong><\/p>\n<p style=\"text-align: left;\">Todos nuestros productos de cuero puede estar sujeta a una variaci\u00f3n natural en tama\u00f1o y color.<\/p>\n<p style=\"text-align: left;\">Las pieles utilizadas han sido procesadas y curtidas en una de las curtidoras m\u00e1s antiguas utilizando t\u00e9cnicas centenarias para dar al cuero acabado un aspecto antiguo \/ vintage.<br \/>\nPara los tama\u00f1os, permita 1-2 cm diferencia debido a la medida manual.<br \/>\nLas im\u00e1genes son 100% reales.<br \/>\nDebido al monitor del ordenador y el brillo real de la toma y otras razones, habr\u00e1 una cierta diferencia de color<\/p>\n<!-- AddThis Advanced Settings generic via filter on the_content --><!-- AddThis Share Buttons generic via filter on the_content -->","protected":false},"excerpt":{"rendered":"<p class=\"p1\" style=\"text-align: left;\">Este bolso de inspiraci\u00f3n vintage es el accesorio ideal para elevar tus looks m\u00e1s frescos. Su dise\u00f1o saco y atemporal, con cierre con cordones, aporta un aire sofisticado y natural.<\/p>\n<p class=\"p1\" style=\"text-align: left;\">Aunque compacto, ofrece el espacio justo para tus esenciales del d\u00eda a d\u00eda. El interior est\u00e1 completamente forrado e incluye un pr\u00e1ctico bolsillo con cremallera.<\/p>\n<p class=\"p1\" style=\"text-align: left;\">La asa larga e intercambiable permite llevarlo c\u00f3modamente al hombro o cruzado.<\/p>\n<p class=\"p1\" style=\"text-align: left;\"><b>Dimensiones:<\/b> Alto: 21 cm Largo 20 cm\u00a0 Fondo 13cm<\/p>\n<p class=\"p1\" style=\"text-align: left;\"><b>Materiales:<\/b> Palma trenzada + cuero 100%<\/p>\n<p class=\"p1\" style=\"text-align: left;\">Hecho con materiales naturales y un acabado artesanal, ideal para quienes valoran la moda sostenible y con car\u00e1cter.<\/p>\n<div class=\"woocommerce-product-details__short-description\">\n<h5 style=\"text-align: center;\"><strong>\u00bfAlguna duda? Ponte en contacto con nosotros a trav\u00e9s del bot\u00f3n del chat directo por whatsApp y te resolveremos las dudas al instante!<\/strong><\/h5>\n<\/div>\n<p><!-- AddThis Advanced Settings generic via filter on get_the_excerpt --><!-- AddThis Share Buttons generic via filter on get_the_excerpt --><\/p>\n","protected":false},"featured_media":34920,"comment_status":"open","ping_status":"closed","template":"","meta":{"om_disable_all_campaigns":false,"_monsterinsights_skip_tracking":false,"_monsterinsights_sitenote_active":false,"_monsterinsights_sitenote_note":"","_monsterinsights_sitenote_category":0,"_uf_show_specific_survey":0,"_uf_disable_surveys":false},"product_brand":[1217],"product_cat":[240,757,40,381,1297],"product_tag":[1135,1096,301,877,915,266,303,305,268,1041,784,1215,1069,753,743,744,745,746,738,1212,1221],"class_list":{"0":"post-34899","1":"product","2":"type-product","3":"status-publish","4":"has-post-thumbnail","6":"product_brand-ibags-belts","7":"product_cat-bolsos-bandoleras-de-cuero-artesanal","8":"product_cat-bolso-clutch","9":"product_cat-bolsos-de-hombro","10":"product_cat-bomboneras","11":"product_cat-cestas-mimbre","12":"product_tag-accesorios-y-complementos","13":"product_tag-artesania","14":"product_tag-bandolera","15":"product_tag-bandoleras","16":"product_tag-bohemio","17":"product_tag-bolso-bohemian-bolso-cuero-repujado-bolsos-cuero-retro-bolso-shopper-cuero-bolso-cuero-trenzado-bolso-cuero-troquelado","18":"product_tag-bolso-bohemian","19":"product_tag-bolso-cuero-artesanal","20":"product_tag-bolso-cuero-boho-bolso-cuero-con-tachuelas-bolsos-cuero-caballero-bolso-cuero-de-hombre-bolso-cuero-de-viaje-bolso-cuero-de-vaca-bolso-de-cuero-artesanal-bolso-de-cuero","21":"product_tag-bolso-saco","22":"product_tag-bolso-trenzados","23":"product_tag-bolsosaco","24":"product_tag-capazo","25":"product_tag-complementos-de-cuero","26":"product_tag-estilo-boho","27":"product_tag-estilo-bohochic","28":"product_tag-estilo-hippie","29":"product_tag-estilo-hippiechic","30":"product_tag-hippie","31":"product_tag-mimbre","32":"product_tag-rafia","34":"first","35":"instock","36":"featured","37":"shipping-taxable","38":"purchasable","39":"product-type-variable","40":"add-to-wishlist-after_add_to_cart","41":"layout-style-1","42":"col-md-4 col-sm-4 col-xs-6","43":"col-lg-3","44":"product-has-gallery","45":"product-style-default"},"aioseo_notices":[],"_links":{"self":[{"href":"https:\/\/www.ibagsbelts.com\/tienda\/wp-json\/wp\/v2\/product\/34899","targetHints":{"allow":["GET"]}}],"collection":[{"href":"https:\/\/www.ibagsbelts.com\/tienda\/wp-json\/wp\/v2\/product"}],"about":[{"href":"https:\/\/www.ibagsbelts.com\/tienda\/wp-json\/wp\/v2\/types\/product"}],"replies":[{"embeddable":true,"href":"https:\/\/www.ibagsbelts.com\/tienda\/wp-json\/wp\/v2\/comments?post=34899"}],"wp:featuredmedia":[{"embeddable":true,"href":"https:\/\/www.ibagsbelts.com\/tienda\/wp-json\/wp\/v2\/media\/34920"}],"wp:attachment":[{"href":"https:\/\/www.ibagsbelts.com\/tienda\/wp-json\/wp\/v2\/media?parent=34899"}],"wp:term":[{"taxonomy":"product_brand","embeddable":true,"href":"https:\/\/www.ibagsbelts.com\/tienda\/wp-json\/wp\/v2\/product_brand?post=34899"},{"taxonomy":"product_cat","embeddable":true,"href":"https:\/\/www.ibagsbelts.com\/tienda\/wp-json\/wp\/v2\/product_cat?post=34899"},{"taxonomy":"product_tag","embeddable":true,"href":"https:\/\/www.ibagsbelts.com\/tienda\/wp-json\/wp\/v2\/product_tag?post=34899"}],"curies":[{"name":"wp","href":"https:\/\/api.w.org\/{rel}","templated":true}]}}