{"id":35230,"date":"2025-06-01T12:27:28","date_gmt":"2025-06-01T10:27:28","guid":{"rendered":"https:\/\/www.ibagsbelts.com\/tienda\/?post_type=product&#038;p=35230"},"modified":"2026-03-09T19:09:57","modified_gmt":"2026-03-09T18:09:57","slug":"bolso-de-piel-negro-y-rafia-estilo-inconico-amanda","status":"publish","type":"product","link":"https:\/\/www.ibagsbelts.com\/tienda\/producto\/bolso-de-piel-negro-y-rafia-estilo-inconico-amanda\/","title":{"rendered":"Bolso de piel negro y rafia estilo inc\u00f3nico Amanda"},"content":{"rendered":"<p class=\"p1\"><b>El Bolso de Rafia y Piel Aut\u00e9ntica que Encantar\u00e1 tu Verano<\/b><\/p>\n<p class=\"p1\">\u00bfQu\u00e9 ser\u00eda del verano sin un bolso de rafia? es la fusi\u00f3n ideal entre estilo y frescura, confeccionado con piel aut\u00e9ntica Dollaro y rafia 100% italiana. Inspirado en el dise\u00f1o de nuestro bolso m\u00e1s vendido, su forma geom\u00e9trica r\u00edgida m\u00e1s ancha en la base y estrecha en la parte superior le aporta car\u00e1cter y sofisticaci\u00f3n.<\/p>\n<p class=\"p1\">Compacto pero con buena capacidad, es perfecto para acompa\u00f1arte tanto de d\u00eda como en noches de verano. Se puede llevar en la mano con su asa c\u00f3moda o cruzado gracias a la correa de piel ajustable incluida.<\/p>\n<p class=\"p1\">Su interior, forrado en algod\u00f3n, cuenta con un pr\u00e1ctico bolsillo central con cremallera y un compartimento adicional para peque\u00f1os objetos. El cierre met\u00e1lico giratorio en tono dorado completa este dise\u00f1o artesanal, que se entrega con su bolsa de tela protectora.<\/p>\n<p class=\"p1\">Una pieza vers\u00e1til y chic que no puede faltar en tu armario de temporada.<\/p>\n<p class=\"p1\"><b>Detalles:<\/b><\/p>\n<p class=\"p1\">\u2022<b>Material exterior:<\/b> Piel aut\u00e9ntica Dollaro + rafia italiana<\/p>\n<p class=\"p1\">\u2022<b>Interior:<\/b> Forro de algod\u00f3n<\/p>\n<p class=\"p1\">\u2022<b>Compartimentos:<\/b><\/p>\n<p class=\"p1\">\u20221 bolsillo central con cremallera<\/p>\n<p class=\"p1\">\u20221 bolsillo peque\u00f1o en la pared interior<\/p>\n<p class=\"p1\">\u2022<b>Accesorios:<\/b> Met\u00e1licos en dorado<\/p>\n<p class=\"p1\">\u2022<b>Cierre:<\/b> Sistema giratorio dorado<\/p>\n<p class=\"p3\">\u2022<b>Correa:<\/b> De piel, ajustable y desmontable.<\/p>\n<p class=\"p1\" style=\"text-align: left;\"><strong style=\"font-size: 1.4rem;\">Aviso importante<\/strong><\/p>\n<div class=\"woocommerce-tabs wc-tabs-wrapper\">\n<div id=\"tab-description\" class=\"woocommerce-Tabs-panel woocommerce-Tabs-panel--description panel entry-content wc-tab\" role=\"tabpanel\" aria-labelledby=\"tab-title-description\">\n<div class=\"container\">\n<p style=\"text-align: left;\">Todos nuestros productos de cuero est\u00e1n hechos a mano y su nueva bolsa de cuero puede estar sujeta a una variaci\u00f3n natural en tama\u00f1o y color.<br \/>\nPara los tama\u00f1os, permita 1-2 cm difiere debido a la medida manual.<br \/>\nLas im\u00e1genes son 100% reales.<br \/>\nDebido al monitor del ordenador y el brillo real de la toma y otras razones, habr\u00e1 una cierta diferencia de color.<\/p>\n<\/div>\n<\/div>\n<\/div>\n<!-- AddThis Advanced Settings generic via filter on the_content --><!-- AddThis Share Buttons generic via filter on the_content -->","protected":false},"excerpt":{"rendered":"<p class=\"p1\"><b>El Bolso de Rafia y Piel para tu estilo del Verano<\/b><\/p>\n<p class=\"p1\">\u00bfQu\u00e9 ser\u00eda del verano sin un bolso de rafia? Ibags Belts es nuestra propuesta estrella: un bolso que combina la frescura de la rafia natural con la elegancia atemporal de la piel aut\u00e9ntica Dollaro, fabricada en Italia.<\/p>\n<p class=\"p1\">Inspirado en el dise\u00f1o de las grandes marcas presenta una silueta estructurada y geom\u00e9trica, con base ancha y parte superior m\u00e1s estrecha, que le aporta personalidad y equilibrio visual. Compacto pero con buena capacidad interior, es ideal tanto para llevarlo en la mano como cruzado gracias a su correa de piel ajustable.<\/p>\n<p class=\"p1\">En su interior forrado de algod\u00f3n encontrar\u00e1s un bolsillo central con cremallera y un compartimento adicional para peque\u00f1os objetos. El cierre de giro en dorado a\u00f1ade un toque de sofisticaci\u00f3n.<\/p>\n<p class=\"p1\">Un bolso vers\u00e1til, con car\u00e1cter y con todo el encanto de un verano mediterr\u00e1neo.<\/p>\n<p class=\"p1\">Medidas: Alto: 21 cm, Largo base: 23 cm, Grosor base: 12 cm<\/p>\n<h5 style=\"text-align: center;\"><strong>\u00bfAlguna duda? Ponte en contacto con nosotros a trav\u00e9s del bot\u00f3n del chat directo por whatsApp y te resolveremos las dudas al instante!<\/strong><\/h5>\n<p><!-- AddThis Advanced Settings generic via filter on get_the_excerpt --><!-- AddThis Share Buttons generic via filter on get_the_excerpt --><\/p>\n","protected":false},"featured_media":35231,"comment_status":"open","ping_status":"closed","template":"","meta":{"om_disable_all_campaigns":false,"_monsterinsights_skip_tracking":false,"_monsterinsights_sitenote_active":false,"_monsterinsights_sitenote_note":"","_monsterinsights_sitenote_category":0,"_uf_show_specific_survey":0,"_uf_disable_surveys":false},"product_brand":[1217],"product_cat":[240,757,1297],"product_tag":[1135,1096,301,877,266,299,255,823,1036,727,281,905,753,743,744,746,738,1102],"class_list":{"0":"post-35230","1":"product","2":"type-product","3":"status-publish","4":"has-post-thumbnail","6":"product_brand-ibags-belts","7":"product_cat-bolsos-bandoleras-de-cuero-artesanal","8":"product_cat-bolso-clutch","9":"product_cat-cestas-mimbre","10":"product_tag-accesorios-y-complementos","11":"product_tag-artesania","12":"product_tag-bandolera","13":"product_tag-bandoleras","14":"product_tag-bolso-bohemian-bolso-cuero-repujado-bolsos-cuero-retro-bolso-shopper-cuero-bolso-cuero-trenzado-bolso-cuero-troquelado","15":"product_tag-bolso-cuero","16":"product_tag-bolso-cuero-mujer","17":"product_tag-bolso-piel","18":"product_tag-bolso-piel-italiano","19":"product_tag-bolsos-bandoleras-cuero","20":"product_tag-bolso-bohemian-bolso-cuero-para-hombre-bolso-cuero-repujado-bolsos-cuero-retro-bolso-shopper-cuero-bolso-cuero-trenzado-bolso-cuero-troquelado-bolso-cuero-vaca-bolso-cuero-viaje-hombre","21":"product_tag-casual","22":"product_tag-complementos-de-cuero","23":"product_tag-estilo-boho","24":"product_tag-estilo-bohochic","25":"product_tag-estilo-hippiechic","26":"product_tag-hippie","27":"product_tag-piel","29":"first","30":"instock","31":"shipping-taxable","32":"purchasable","33":"product-type-simple","34":"add-to-wishlist-after_add_to_cart","35":"layout-style-1","36":"col-md-4 col-sm-4 col-xs-6","37":"col-lg-3","38":"product-has-gallery","39":"product-style-default"},"aioseo_notices":[],"_links":{"self":[{"href":"https:\/\/www.ibagsbelts.com\/tienda\/wp-json\/wp\/v2\/product\/35230","targetHints":{"allow":["GET"]}}],"collection":[{"href":"https:\/\/www.ibagsbelts.com\/tienda\/wp-json\/wp\/v2\/product"}],"about":[{"href":"https:\/\/www.ibagsbelts.com\/tienda\/wp-json\/wp\/v2\/types\/product"}],"replies":[{"embeddable":true,"href":"https:\/\/www.ibagsbelts.com\/tienda\/wp-json\/wp\/v2\/comments?post=35230"}],"wp:featuredmedia":[{"embeddable":true,"href":"https:\/\/www.ibagsbelts.com\/tienda\/wp-json\/wp\/v2\/media\/35231"}],"wp:attachment":[{"href":"https:\/\/www.ibagsbelts.com\/tienda\/wp-json\/wp\/v2\/media?parent=35230"}],"wp:term":[{"taxonomy":"product_brand","embeddable":true,"href":"https:\/\/www.ibagsbelts.com\/tienda\/wp-json\/wp\/v2\/product_brand?post=35230"},{"taxonomy":"product_cat","embeddable":true,"href":"https:\/\/www.ibagsbelts.com\/tienda\/wp-json\/wp\/v2\/product_cat?post=35230"},{"taxonomy":"product_tag","embeddable":true,"href":"https:\/\/www.ibagsbelts.com\/tienda\/wp-json\/wp\/v2\/product_tag?post=35230"}],"curies":[{"name":"wp","href":"https:\/\/api.w.org\/{rel}","templated":true}]}}