{"id":35956,"date":"2025-07-22T22:39:52","date_gmt":"2025-07-22T20:39:52","guid":{"rendered":"https:\/\/www.ibagsbelts.com\/tienda\/?post_type=product&#038;p=35956"},"modified":"2026-03-08T22:42:28","modified_gmt":"2026-03-08T21:42:28","slug":"set-de-neceseres-negro-estampado-leopardo-elegancia-salvaje","status":"publish","type":"product","link":"https:\/\/www.ibagsbelts.com\/tienda\/producto\/set-de-neceseres-negro-estampado-leopardo-elegancia-salvaje\/","title":{"rendered":"Set de neceseres negro estampado Leopardo \u2013 Elegancia Salvaje"},"content":{"rendered":"<p class=\"p1\" style=\"text-align: left;\"><b>Set de Neceseres Estampado Leopardo \u2013 Elegancia Salvaje<\/b><\/p>\n<p class=\"p1\" style=\"text-align: left;\">Este set de neceseres es perfecto para quienes buscan organizaci\u00f3n con estilo. Confeccionados en tela acolchada de alta calidad, destacan por su original estampado de leopardos entre follaje verde sobre un fondo negro, que aporta un toque ex\u00f3tico y sofisticado.<\/p>\n<p class=\"p1\" style=\"text-align: left;\">Cada neceser incluye cierre con cremallera y detalle de borla decorativa, ideal para guardar maquillaje, productos de higiene o accesorios personales. Su dise\u00f1o ligero y funcional los convierte en el compa\u00f1ero ideal para viajes o el d\u00eda a d\u00eda.<\/p>\n<p class=\"p1\" style=\"text-align: left;\"><b>Caracter\u00edsticas:<\/b><\/p>\n<p class=\"p1\" style=\"text-align: left;\">\u2022Set de 3 tama\u00f1os diferentes<\/p>\n<p style=\"text-align: left;\"><strong>Peque\u00f1o<\/strong>: 7 cm X 21 cm, <strong>Mediano<\/strong>: 21cm X 11cm X 8cm, <strong>Grande<\/strong>: 25cm\u00a0 X 12,50cm X 10cm<\/p>\n<p class=\"p1\" style=\"text-align: left;\">\u2022Tela acolchada suave y resistente<\/p>\n<p class=\"p1\" style=\"text-align: left;\">\u2022Estampado exclusivo de leopardos<\/p>\n<p class=\"p1\" style=\"text-align: left;\">\u2022Cierre de cremallera con borla decorativa<\/p>\n<p class=\"p1\" style=\"text-align: left;\">\u2022Interior forrado<\/p>\n<p class=\"p1\" style=\"text-align: left;\">\u2022Lavable y duradero<\/p>\n<p class=\"p3\" style=\"text-align: left;\">\u00a1Haz que tu rutina tenga un toque salvaje y chic!<\/p>\n<!-- AddThis Advanced Settings generic via filter on the_content --><!-- AddThis Share Buttons generic via filter on the_content -->","protected":false},"excerpt":{"rendered":"<p class=\"p1\" style=\"text-align: left;\">Este set de neceseres es perfecto para quienes buscan organizaci\u00f3n con estilo. Confeccionados en tela acolchada de alta calidad, destacan por su original estampado de leopardos entre follaje verde sobre un fondo negro, que aporta un toque ex\u00f3tico y sofisticado.<\/p>\n<p class=\"p1\" style=\"text-align: left;\">Cada neceser incluye cierre con cremallera y detalle de borla decorativa, ideal para guardar maquillaje, productos de higiene o accesorios personales. Su dise\u00f1o ligero y funcional los convierte en el compa\u00f1ero ideal para viajes o el d\u00eda a d\u00eda.<\/p>\n<p class=\"p1\" style=\"text-align: left;\">\u2022Set de 3 tama\u00f1os diferentes<\/p>\n<p style=\"text-align: left;\"><strong>Peque\u00f1o<\/strong>: 7 cm X 21 cm, <strong>Mediano<\/strong>: 21cm X 11cm X 8cm, <strong>Grande<\/strong>: 25cm\u00a0 X 12,50cm X 10cm<\/p>\n<p class=\"p1\" style=\"text-align: left;\">Tela acolchada suave y resistente. Estampado exclusivo de leopardos. Cierre de cremallera con borla decorativa. Interior forrado, Lavable y duradero<\/p>\n<p class=\"p3\" style=\"text-align: left;\">\u00a1Haz que tu rutina tenga un toque salvaje y chic!<\/p>\n<p><!-- AddThis Advanced Settings generic via filter on get_the_excerpt --><!-- AddThis Share Buttons generic via filter on get_the_excerpt --><\/p>\n","protected":false},"featured_media":35959,"comment_status":"open","ping_status":"closed","template":"","meta":{"om_disable_all_campaigns":false,"_monsterinsights_skip_tracking":false,"_monsterinsights_sitenote_active":false,"_monsterinsights_sitenote_note":"","_monsterinsights_sitenote_category":0,"_uf_show_specific_survey":0,"_uf_disable_surveys":false},"product_brand":[1217],"product_cat":[1305],"product_tag":[1135,1096,1020,743,744,745,746,1227,738,1112],"class_list":{"0":"post-35956","1":"product","2":"type-product","3":"status-publish","4":"has-post-thumbnail","6":"product_brand-ibags-belts","7":"product_cat-estuches","8":"product_tag-accesorios-y-complementos","9":"product_tag-artesania","10":"product_tag-bolso-boho","11":"product_tag-estilo-boho","12":"product_tag-estilo-bohochic","13":"product_tag-estilo-hippie","14":"product_tag-estilo-hippiechic","15":"product_tag-estuche","16":"product_tag-hippie","17":"product_tag-neceser","19":"first","20":"instock","21":"shipping-taxable","22":"purchasable","23":"product-type-simple","24":"add-to-wishlist-after_add_to_cart","25":"layout-style-1","26":"col-md-4 col-sm-4 col-xs-6","27":"col-lg-3","28":"product-has-gallery","29":"product-style-default"},"aioseo_notices":[],"_links":{"self":[{"href":"https:\/\/www.ibagsbelts.com\/tienda\/wp-json\/wp\/v2\/product\/35956","targetHints":{"allow":["GET"]}}],"collection":[{"href":"https:\/\/www.ibagsbelts.com\/tienda\/wp-json\/wp\/v2\/product"}],"about":[{"href":"https:\/\/www.ibagsbelts.com\/tienda\/wp-json\/wp\/v2\/types\/product"}],"replies":[{"embeddable":true,"href":"https:\/\/www.ibagsbelts.com\/tienda\/wp-json\/wp\/v2\/comments?post=35956"}],"wp:featuredmedia":[{"embeddable":true,"href":"https:\/\/www.ibagsbelts.com\/tienda\/wp-json\/wp\/v2\/media\/35959"}],"wp:attachment":[{"href":"https:\/\/www.ibagsbelts.com\/tienda\/wp-json\/wp\/v2\/media?parent=35956"}],"wp:term":[{"taxonomy":"product_brand","embeddable":true,"href":"https:\/\/www.ibagsbelts.com\/tienda\/wp-json\/wp\/v2\/product_brand?post=35956"},{"taxonomy":"product_cat","embeddable":true,"href":"https:\/\/www.ibagsbelts.com\/tienda\/wp-json\/wp\/v2\/product_cat?post=35956"},{"taxonomy":"product_tag","embeddable":true,"href":"https:\/\/www.ibagsbelts.com\/tienda\/wp-json\/wp\/v2\/product_tag?post=35956"}],"curies":[{"name":"wp","href":"https:\/\/api.w.org\/{rel}","templated":true}]}}