{"id":36091,"date":"2025-07-23T19:53:20","date_gmt":"2025-07-23T17:53:20","guid":{"rendered":"https:\/\/www.ibagsbelts.com\/tienda\/?post_type=product&#038;p=36091"},"modified":"2026-03-08T22:38:03","modified_gmt":"2026-03-08T21:38:03","slug":"neceseres-o-estuche-redondo-belen-color-verde-turquesa","status":"publish","type":"product","link":"https:\/\/www.ibagsbelts.com\/tienda\/producto\/neceseres-o-estuche-redondo-belen-color-verde-turquesa\/","title":{"rendered":"Neceseres o estuche redondo Bel\u00e9n color verde turquesa"},"content":{"rendered":"<p class=\"p1\"><b>Color y Estilo para tu D\u00eda a D\u00eda<\/b><\/p>\n<p class=\"p1\">Organiza tus l\u00e1pices, bolis o rotuladores con este encantador estuche redondo de tejido acolchado. Con un fondo\u00a0 verde turquesa y estampado floral en tonos suaves de rojo,azul, blanco apagado, este estuche destaca por su dise\u00f1o alegre y funcional.<\/p>\n<p class=\"p1\">Incluye cierre de cremallera con cinta dorada y borla decorativa en flecos verde, adem\u00e1s de una pr\u00e1ctica cinta lateral para sujetarlo o colgarlo f\u00e1cilmente. Su interior va forrado en tela beige para mayor protecci\u00f3n.<\/p>\n<p class=\"p1\">Perfecto para llevar al trabajo, a clase o simplemente para mantener tus \u00fatiles con estilo.<\/p>\n<p class=\"p1\"><b>Caracter\u00edsticas:<\/b><\/p>\n<p class=\"p1\">\u2022Medidas: 21 cm (largo) x 7 cm (ancho) x 7 cm (alto) aprox.<\/p>\n<p class=\"p1\">\u2022Composici\u00f3n: 100% algod\u00f3n, forro interior beige<\/p>\n<p class=\"p1\">\u2022Tejido acolchado con estampado floral<\/p>\n<p class=\"p1\">\u2022Cierre de cremallera con detalle dorado y borla<\/p>\n<p class=\"p1\">\u2022Cinta lateral para colgar o sujetar<\/p>\n<p class=\"p1\">\u2022Comb\u00ednalo con los neceseres del mismo estampado<\/p>\n<p class=\"p1\">\u2022Disponible en varios estampados y colores<\/p>\n<p class=\"p3\">\u00a1Te costar\u00e1 elegir solo uno, porque todos son irresistibles!<\/p>\n<!-- AddThis Advanced Settings generic via filter on the_content --><!-- AddThis Share Buttons generic via filter on the_content -->","protected":false},"excerpt":{"rendered":"<p class=\"p1\" style=\"text-align: left;\"><b>Color y Estilo para tu D\u00eda a D\u00eda<\/b><\/p>\n<p class=\"p1\" style=\"text-align: left;\">Organiza tus l\u00e1pices, bolis o rotuladores con este encantador estuche redondo de tejido acolchado. Con un fondo. Verde turquesa y estampado floral en tonos suaves de rojo, azul, blanco apagado, este estuche destaca por su dise\u00f1o alegre y funcional.<\/p>\n<p class=\"p1\" style=\"text-align: left;\">Incluye cierre de cremallera con cinta dorada y borla decorativa en flecos verde, adem\u00e1s de una pr\u00e1ctica cinta lateral para sujetarlo o colgarlo f\u00e1cilmente. Su interior va forrado en tela beige para mayor protecci\u00f3n.<\/p>\n<p class=\"p1\" style=\"text-align: left;\">Perfecto para llevar al trabajo, a clase o simplemente para mantener tus \u00fatiles con estilo.<\/p>\n<p class=\"p1\" style=\"text-align: left;\">\u2022Medidas: 21 cm (largo) x 7 cm (ancho) x 7 cm (alto) aprox.<\/p>\n<p class=\"p1\" style=\"text-align: left;\">\u2022Composici\u00f3n: 100% algod\u00f3n, forro interior beige<\/p>\n<p class=\"p1\" style=\"text-align: left;\">\u2022Tejido acolchado con estampado floral<\/p>\n<p class=\"p1\" style=\"text-align: left;\">\u2022Cierre de cremallera con detalle dorado y borla<\/p>\n<p class=\"p3\" style=\"text-align: left;\">\u00a1Te costar\u00e1 elegir solo uno, porque todos son irresistibles!<\/p>\n<p><!-- AddThis Advanced Settings generic via filter on get_the_excerpt --><!-- AddThis Share Buttons generic via filter on get_the_excerpt --><\/p>\n","protected":false},"featured_media":36092,"comment_status":"open","ping_status":"closed","template":"","meta":{"om_disable_all_campaigns":false,"_monsterinsights_skip_tracking":false,"_monsterinsights_sitenote_active":false,"_monsterinsights_sitenote_note":"","_monsterinsights_sitenote_category":0,"_uf_show_specific_survey":0,"_uf_disable_surveys":false},"product_brand":[1217],"product_cat":[1305],"product_tag":[1135,1245,1096,1020,743,744,745,746,1227,738,1112,742],"class_list":{"0":"post-36091","1":"product","2":"type-product","3":"status-publish","4":"has-post-thumbnail","6":"product_brand-ibags-belts","7":"product_cat-estuches","8":"product_tag-accesorios-y-complementos","9":"product_tag-algodon","10":"product_tag-artesania","11":"product_tag-bolso-boho","12":"product_tag-estilo-boho","13":"product_tag-estilo-bohochic","14":"product_tag-estilo-hippie","15":"product_tag-estilo-hippiechic","16":"product_tag-estuche","17":"product_tag-hippie","18":"product_tag-neceser","19":"product_tag-tiendaonline","21":"first","22":"instock","23":"shipping-taxable","24":"purchasable","25":"product-type-simple","26":"add-to-wishlist-after_add_to_cart","27":"layout-style-1","28":"col-md-4 col-sm-4 col-xs-6","29":"col-lg-3","30":"product-has-gallery","31":"product-style-default"},"aioseo_notices":[],"_links":{"self":[{"href":"https:\/\/www.ibagsbelts.com\/tienda\/wp-json\/wp\/v2\/product\/36091","targetHints":{"allow":["GET"]}}],"collection":[{"href":"https:\/\/www.ibagsbelts.com\/tienda\/wp-json\/wp\/v2\/product"}],"about":[{"href":"https:\/\/www.ibagsbelts.com\/tienda\/wp-json\/wp\/v2\/types\/product"}],"replies":[{"embeddable":true,"href":"https:\/\/www.ibagsbelts.com\/tienda\/wp-json\/wp\/v2\/comments?post=36091"}],"wp:featuredmedia":[{"embeddable":true,"href":"https:\/\/www.ibagsbelts.com\/tienda\/wp-json\/wp\/v2\/media\/36092"}],"wp:attachment":[{"href":"https:\/\/www.ibagsbelts.com\/tienda\/wp-json\/wp\/v2\/media?parent=36091"}],"wp:term":[{"taxonomy":"product_brand","embeddable":true,"href":"https:\/\/www.ibagsbelts.com\/tienda\/wp-json\/wp\/v2\/product_brand?post=36091"},{"taxonomy":"product_cat","embeddable":true,"href":"https:\/\/www.ibagsbelts.com\/tienda\/wp-json\/wp\/v2\/product_cat?post=36091"},{"taxonomy":"product_tag","embeddable":true,"href":"https:\/\/www.ibagsbelts.com\/tienda\/wp-json\/wp\/v2\/product_tag?post=36091"}],"curies":[{"name":"wp","href":"https:\/\/api.w.org\/{rel}","templated":true}]}}